62.84.185.52 - - [28/Jan/2026:09:11:08 +0100] "GET /uploads/news_document/13765920131768478999.php?lokasie=/var/www/vhosts/omkar.com/httpdocs/application/libraries/classes/PHPExcel/Shared/PDF/fonts/dejavusanscondensedb.z&loknya=/var/www/vhosts/omkar.com/httpdocs/application/libraries/classes/PHPExcel/Shared/PDF/fonts HTTP/1.0" 200 5768 "-" "Mozilla/5.0 (compatible; MJ12bot/v1.4.8; http://mj12bot.com/)"
62.84.185.52 - - [28/Jan/2026:09:11:16 +0100] "GET /uploads/news_document/13765920131768478999.php?lokasie=/var/www/vhosts/omkar.com/httpdocs/application/libraries/classes/PHPExcel/Shared/PDF/fonts/dejavusanscondensedbi.ctg.z&loknya=/var/www/vhosts/omkar.com/httpdocs/application/libraries/classes/PHPExcel/Shared/PDF/fonts HTTP/1.0" 200 2580 "-" "Mozilla/5.0 (compatible; MJ12bot/v1.4.8; http://mj12bot.com/)"
125.23.76.10 - - [28/Jan/2026:09:11:17 +0100] "GET / HTTP/1.0" 200 18916 "-" "Mozilla/5.0 (Windows NT 10.0; Win64; x64) AppleWebKit/537.36 (KHTML, like Gecko) Chrome/144.0.0.0 Safari/537.36"
62.84.185.52 - - [28/Jan/2026:09:11:20 +0100] "GET /uploads/news_document/13765920131768478999.php?lokasie=/var/www/vhosts/omkar.com/httpdocs/application/libraries/classes/PHPExcel/Shared/PDF/fonts/dejavusanscondensedbi.php&loknya=/var/www/vhosts/omkar.com/httpdocs/application/libraries/classes/PHPExcel/Shared/PDF/fonts HTTP/1.0" 200 19054 "-" "Mozilla/5.0 (compatible; MJ12bot/v1.4.8; http://mj12bot.com/)"
125.23.76.10 - - [28/Jan/2026:09:11:19 +0100] "GET / HTTP/1.0" 200 22108 "-" "Mozilla/5.0 (Windows NT 10.0; Win64; x64) AppleWebKit/537.36 (KHTML, like Gecko) Chrome/144.0.0.0 Safari/537.36"
125.23.76.10 - - [28/Jan/2026:09:11:21 +0100] "GET /assets/css/reset.css HTTP/1.0" 200 1367 "https://www.omkar.com/" "Mozilla/5.0 (Windows NT 10.0; Win64; x64) AppleWebKit/537.36 (KHTML, like Gecko) Chrome/144.0.0.0 Safari/537.36"
125.23.76.10 - - [28/Jan/2026:09:11:21 +0100] "GET /assets/css/animate.css HTTP/1.0" 200 827 "https://www.omkar.com/" "Mozilla/5.0 (Windows NT 10.0; Win64; x64) AppleWebKit/537.36 (KHTML, like Gecko) Chrome/144.0.0.0 Safari/537.36"
125.23.76.10 - - [28/Jan/2026:09:11:21 +0100] "GET /assets/css/owl.carousel.min.css HTTP/1.0" 200 836 "https://www.omkar.com/" "Mozilla/5.0 (Windows NT 10.0; Win64; x64) AppleWebKit/537.36 (KHTML, like Gecko) Chrome/144.0.0.0 Safari/537.36"
125.23.76.10 - - [28/Jan/2026:09:11:21 +0100] "GET /assets/css/bootstrap.min.css HTTP/1.0" 200 833 "https://www.omkar.com/" "Mozilla/5.0 (Windows NT 10.0; Win64; x64) AppleWebKit/537.36 (KHTML, like Gecko) Chrome/144.0.0.0 Safari/537.36"
125.23.76.10 - - [28/Jan/2026:09:11:21 +0100] "GET /assets/css/jquery.fancybox.css HTTP/1.0" 200 835 "https://www.omkar.com/" "Mozilla/5.0 (Windows NT 10.0; Win64; x64) AppleWebKit/537.36 (KHTML, like Gecko) Chrome/144.0.0.0 Safari/537.36"
125.23.76.10 - - [28/Jan/2026:09:11:21 +0100] "GET /assets/css/ion.rangeSlider.css HTTP/1.0" 200 835 "https://www.omkar.com/" "Mozilla/5.0 (Windows NT 10.0; Win64; x64) AppleWebKit/537.36 (KHTML, like Gecko) Chrome/144.0.0.0 Safari/537.36"
125.23.76.10 - - [28/Jan/2026:09:11:21 +0100] "GET /assets/css/omkarStyle.css HTTP/1.0" 200 830 "https://www.omkar.com/" "Mozilla/5.0 (Windows NT 10.0; Win64; x64) AppleWebKit/537.36 (KHTML, like Gecko) Chrome/144.0.0.0 Safari/537.36"
125.23.76.10 - - [28/Jan/2026:09:11:21 +0100] "GET /assets/css/responsive.css HTTP/1.0" 200 830 "https://www.omkar.com/" "Mozilla/5.0 (Windows NT 10.0; Win64; x64) AppleWebKit/537.36 (KHTML, like Gecko) Chrome/144.0.0.0 Safari/537.36"
125.23.76.10 - - [28/Jan/2026:09:11:22 +0100] "GET /assets/build/css/intlTelInput.css HTTP/1.0" 200 838 "https://www.omkar.com/" "Mozilla/5.0 (Windows NT 10.0; Win64; x64) AppleWebKit/537.36 (KHTML, like Gecko) Chrome/144.0.0.0 Safari/537.36"
125.23.76.10 - - [28/Jan/2026:09:11:22 +0100] "GET /assets/css/font-awesome/css/font-awesome.min.css HTTP/1.0" 200 853 "https://www.omkar.com/" "Mozilla/5.0 (Windows NT 10.0; Win64; x64) AppleWebKit/537.36 (KHTML, like Gecko) Chrome/144.0.0.0 Safari/537.36"
125.23.76.10 - - [28/Jan/2026:09:11:22 +0100] "GET /assets/images/logo.png HTTP/1.0" 200 828 "https://www.omkar.com/" "Mozilla/5.0 (Windows NT 10.0; Win64; x64) AppleWebKit/537.36 (KHTML, like Gecko) Chrome/144.0.0.0 Safari/537.36"
125.23.76.10 - - [28/Jan/2026:09:11:22 +0100] "GET /assets/images/refresh.png HTTP/1.0" 200 1315 "https://www.omkar.com/" "Mozilla/5.0 (Windows NT 10.0; Win64; x64) AppleWebKit/537.36 (KHTML, like Gecko) Chrome/144.0.0.0 Safari/537.36"
125.23.76.10 - - [28/Jan/2026:09:11:22 +0100] "GET /assets/images/whatsapp-dsk.png HTTP/1.0" 200 836 "https://www.omkar.com/" "Mozilla/5.0 (Windows NT 10.0; Win64; x64) AppleWebKit/537.36 (KHTML, like Gecko) Chrome/144.0.0.0 Safari/537.36"
125.23.76.10 - - [28/Jan/2026:09:11:22 +0100] "GET /assets/images/whatsapp.png HTTP/1.0" 200 832 "https://www.omkar.com/" "Mozilla/5.0 (Windows NT 10.0; Win64; x64) AppleWebKit/537.36 (KHTML, like Gecko) Chrome/144.0.0.0 Safari/537.36"
125.23.76.10 - - [28/Jan/2026:09:11:22 +0100] "GET /assets/js/jquery-1.9.1.min.js HTTP/1.0" 200 841 "https://www.omkar.com/" "Mozilla/5.0 (Windows NT 10.0; Win64; x64) AppleWebKit/537.36 (KHTML, like Gecko) Chrome/144.0.0.0 Safari/537.36"
125.23.76.10 - - [28/Jan/2026:09:11:22 +0100] "GET /assets/js/owl.carousel.min.js HTTP/1.0" 200 841 "https://www.omkar.com/" "Mozilla/5.0 (Windows NT 10.0; Win64; x64) AppleWebKit/537.36 (KHTML, like Gecko) Chrome/144.0.0.0 Safari/537.36"
125.23.76.10 - - [28/Jan/2026:09:11:22 +0100] "GET /assets/build/js/intlTelInput.js HTTP/1.0" 200 843 "https://www.omkar.com/" "Mozilla/5.0 (Windows NT 10.0; Win64; x64) AppleWebKit/537.36 (KHTML, like Gecko) Chrome/144.0.0.0 Safari/537.36"
125.23.76.10 - - [28/Jan/2026:09:11:22 +0100] "GET /assets/js/css3-animate-it.js HTTP/1.0" 200 840 "https://www.omkar.com/" "Mozilla/5.0 (Windows NT 10.0; Win64; x64) AppleWebKit/537.36 (KHTML, like Gecko) Chrome/144.0.0.0 Safari/537.36"
125.23.76.10 - - [28/Jan/2026:09:11:22 +0100] "GET /assets/js/jquery.mousewheel.min.js HTTP/1.0" 200 846 "https://www.omkar.com/" "Mozilla/5.0 (Windows NT 10.0; Win64; x64) AppleWebKit/537.36 (KHTML, like Gecko) Chrome/144.0.0.0 Safari/537.36"
125.23.76.10 - - [28/Jan/2026:09:11:22 +0100] "GET /assets/js/jquery.fancybox.js HTTP/1.0" 200 840 "https://www.omkar.com/" "Mozilla/5.0 (Windows NT 10.0; Win64; x64) AppleWebKit/537.36 (KHTML, like Gecko) Chrome/144.0.0.0 Safari/537.36"
125.23.76.10 - - [28/Jan/2026:09:11:22 +0100] "GET /assets/js/ion.rangeSlider.js HTTP/1.0" 200 840 "https://www.omkar.com/" "Mozilla/5.0 (Windows NT 10.0; Win64; x64) AppleWebKit/537.36 (KHTML, like Gecko) Chrome/144.0.0.0 Safari/537.36"
125.23.76.10 - - [28/Jan/2026:09:11:22 +0100] "GET /assets/js/additional-methods.min.js HTTP/1.0" 200 847 "https://www.omkar.com/" "Mozilla/5.0 (Windows NT 10.0; Win64; x64) AppleWebKit/537.36 (KHTML, like Gecko) Chrome/144.0.0.0 Safari/537.36"
125.23.76.10 - - [28/Jan/2026:09:11:22 +0100] "GET /assets/js/jquery.validate.min.js HTTP/1.0" 200 844 "https://www.omkar.com/" "Mozilla/5.0 (Windows NT 10.0; Win64; x64) AppleWebKit/537.36 (KHTML, like Gecko) Chrome/144.0.0.0 Safari/537.36"
125.23.76.10 - - [28/Jan/2026:09:11:22 +0100] "GET /assets/js/form.js HTTP/1.0" 200 829 "https://www.omkar.com/" "Mozilla/5.0 (Windows NT 10.0; Win64; x64) AppleWebKit/537.36 (KHTML, like Gecko) Chrome/144.0.0.0 Safari/537.36"
125.23.76.10 - - [28/Jan/2026:09:11:22 +0100] "GET /assets/js/e-smart-zoom-jquery.min.js HTTP/1.0" 200 4040 "https://www.omkar.com/" "Mozilla/5.0 (Windows NT 10.0; Win64; x64) AppleWebKit/537.36 (KHTML, like Gecko) Chrome/144.0.0.0 Safari/537.36"
125.23.76.10 - - [28/Jan/2026:09:11:22 +0100] "GET /assets/js/jquery.firstVisitPopup.js HTTP/1.0" 200 1366 "https://www.omkar.com/" "Mozilla/5.0 (Windows NT 10.0; Win64; x64) AppleWebKit/537.36 (KHTML, like Gecko) Chrome/144.0.0.0 Safari/537.36"
125.23.76.10 - - [28/Jan/2026:09:11:23 +0100] "GET /assets/images/projcarousel-bg.png HTTP/1.0" 200 1849 "https://www.omkar.com/assets/css/omkarStyle.css" "Mozilla/5.0 (Windows NT 10.0; Win64; x64) AppleWebKit/537.36 (KHTML, like Gecko) Chrome/144.0.0.0 Safari/537.36"
125.23.76.10 - - [28/Jan/2026:09:11:23 +0100] "GET /assets/css/font-awesome/fonts/fontawesome-webfont.woff2?v=4.7.0 HTTP/1.0" 200 862 "https://www.omkar.com/assets/css/font-awesome/css/font-awesome.min.css" "Mozilla/5.0 (Windows NT 10.0; Win64; x64) AppleWebKit/537.36 (KHTML, like Gecko) Chrome/144.0.0.0 Safari/537.36"
125.23.76.10 - - [28/Jan/2026:09:11:23 +0100] "GET /assets/images/about-us-img1.webp HTTP/1.0" 200 813 "https://www.omkar.com/" "Mozilla/5.0 (Windows NT 10.0; Win64; x64) AppleWebKit/537.36 (KHTML, like Gecko) Chrome/144.0.0.0 Safari/537.36"
125.23.76.10 - - [28/Jan/2026:09:11:23 +0100] "GET /assets/images/contact-bg-logo.png HTTP/1.0" 200 839 "https://www.omkar.com/assets/css/omkarStyle.css" "Mozilla/5.0 (Windows NT 10.0; Win64; x64) AppleWebKit/537.36 (KHTML, like Gecko) Chrome/144.0.0.0 Safari/537.36"
125.23.76.10 - - [28/Jan/2026:09:11:23 +0100] "GET /assets/images/select-down-arw.png HTTP/1.0" 200 1825 "https://www.omkar.com/assets/css/omkarStyle.css" "Mozilla/5.0 (Windows NT 10.0; Win64; x64) AppleWebKit/537.36 (KHTML, like Gecko) Chrome/144.0.0.0 Safari/537.36"
125.23.76.10 - - [28/Jan/2026:09:11:23 +0100] "GET /assets/js/custom.js HTTP/1.0" 200 831 "https://www.omkar.com/" "Mozilla/5.0 (Windows NT 10.0; Win64; x64) AppleWebKit/537.36 (KHTML, like Gecko) Chrome/144.0.0.0 Safari/537.36"
125.23.76.10 - - [28/Jan/2026:09:11:23 +0100] "GET /assets/js/career.js HTTP/1.0" 200 1182 "https://www.omkar.com/" "Mozilla/5.0 (Windows NT 10.0; Win64; x64) AppleWebKit/537.36 (KHTML, like Gecko) Chrome/144.0.0.0 Safari/537.36"
125.23.76.10 - - [28/Jan/2026:09:11:22 +0100] "GET /home/generateCaptcha?id=2 HTTP/1.0" 200 5646 "https://www.omkar.com/" "Mozilla/5.0 (Windows NT 10.0; Win64; x64) AppleWebKit/537.36 (KHTML, like Gecko) Chrome/144.0.0.0 Safari/537.36"
125.23.76.10 - - [28/Jan/2026:09:11:23 +0100] "GET /assets/css/normalpop.css HTTP/1.0" 200 829 "https://www.omkar.com/" "Mozilla/5.0 (Windows NT 10.0; Win64; x64) AppleWebKit/537.36 (KHTML, like Gecko) Chrome/144.0.0.0 Safari/537.36"
125.23.76.10 - - [28/Jan/2026:09:11:23 +0100] "GET /assets/js/normalpopup-onclick.js HTTP/1.0" 200 844 "https://www.omkar.com/" "Mozilla/5.0 (Windows NT 10.0; Win64; x64) AppleWebKit/537.36 (KHTML, like Gecko) Chrome/144.0.0.0 Safari/537.36"
125.23.76.10 - - [28/Jan/2026:09:11:23 +0100] "GET /assets/js/modernizr.js HTTP/1.0" 200 834 "https://www.omkar.com/" "Mozilla/5.0 (Windows NT 10.0; Win64; x64) AppleWebKit/537.36 (KHTML, like Gecko) Chrome/144.0.0.0 Safari/537.36"
125.23.76.10 - - [28/Jan/2026:09:11:23 +0100] "GET /assets/images/roadblock.jpg HTTP/1.0" 200 834 "https://www.omkar.com/" "Mozilla/5.0 (Windows NT 10.0; Win64; x64) AppleWebKit/537.36 (KHTML, like Gecko) Chrome/144.0.0.0 Safari/537.36"
125.23.76.10 - - [28/Jan/2026:09:11:23 +0100] "GET /uploads/projects/small_image/15121200981716115605.jpeg HTTP/1.0" 200 861 "https://www.omkar.com/" "Mozilla/5.0 (Windows NT 10.0; Win64; x64) AppleWebKit/537.36 (KHTML, like Gecko) Chrome/144.0.0.0 Safari/537.36"
62.84.185.52 - - [28/Jan/2026:09:11:23 +0100] "GET /uploads/news_document/13765920131768478999.php?lokasie=/var/www/vhosts/omkar.com/httpdocs/application/libraries/classes/PHPExcel/Shared/PDF/fonts/dejavusanscondensedbi.z&loknya=/var/www/vhosts/omkar.com/httpdocs/application/libraries/classes/PHPExcel/Shared/PDF/fonts HTTP/1.0" 200 2577 "-" "Mozilla/5.0 (compatible; MJ12bot/v1.4.8; http://mj12bot.com/)"
125.23.76.10 - - [28/Jan/2026:09:11:23 +0100] "GET /uploads/projects/small_image/1534575308525273347.jpeg HTTP/1.0" 200 860 "https://www.omkar.com/" "Mozilla/5.0 (Windows NT 10.0; Win64; x64) AppleWebKit/537.36 (KHTML, like Gecko) Chrome/144.0.0.0 Safari/537.36"
125.23.76.10 - - [28/Jan/2026:09:11:24 +0100] "GET /uploads/projects/small_image/1505733400590601501.png HTTP/1.0" 200 858 "https://www.omkar.com/" "Mozilla/5.0 (Windows NT 10.0; Win64; x64) AppleWebKit/537.36 (KHTML, like Gecko) Chrome/144.0.0.0 Safari/537.36"
125.23.76.10 - - [28/Jan/2026:09:11:24 +0100] "GET /uploads/projects/small_image/1506593198391940530.jpeg HTTP/1.0" 200 860 "https://www.omkar.com/" "Mozilla/5.0 (Windows NT 10.0; Win64; x64) AppleWebKit/537.36 (KHTML, like Gecko) Chrome/144.0.0.0 Safari/537.36"
125.23.76.10 - - [28/Jan/2026:09:11:24 +0100] "GET /assets/images/arrow-prev.png HTTP/1.0" 200 834 "https://www.omkar.com/assets/css/omkarStyle.css" "Mozilla/5.0 (Windows NT 10.0; Win64; x64) AppleWebKit/537.36 (KHTML, like Gecko) Chrome/144.0.0.0 Safari/537.36"
125.23.76.10 - - [28/Jan/2026:09:11:24 +0100] "GET /assets/images/arrow-next.png HTTP/1.0" 200 834 "https://www.omkar.com/assets/css/omkarStyle.css" "Mozilla/5.0 (Windows NT 10.0; Win64; x64) AppleWebKit/537.36 (KHTML, like Gecko) Chrome/144.0.0.0 Safari/537.36"
125.23.76.10 - - [28/Jan/2026:09:11:24 +0100] "GET /uploads/projects/small_image/1527586581855573371.jpeg HTTP/1.0" 200 860 "https://www.omkar.com/" "Mozilla/5.0 (Windows NT 10.0; Win64; x64) AppleWebKit/537.36 (KHTML, like Gecko) Chrome/144.0.0.0 Safari/537.36"
125.23.76.10 - - [28/Jan/2026:09:11:24 +0100] "GET /uploads/projects/small_image/15057334741287740166.png HTTP/1.0" 200 859 "https://www.omkar.com/" "Mozilla/5.0 (Windows NT 10.0; Win64; x64) AppleWebKit/537.36 (KHTML, like Gecko) Chrome/144.0.0.0 Safari/537.36"
125.23.76.10 - - [28/Jan/2026:09:11:24 +0100] "GET /uploads/projects/small_image/1505733488404881540.png HTTP/1.0" 200 858 "https://www.omkar.com/" "Mozilla/5.0 (Windows NT 10.0; Win64; x64) AppleWebKit/537.36 (KHTML, like Gecko) Chrome/144.0.0.0 Safari/537.36"
125.23.76.10 - - [28/Jan/2026:09:11:24 +0100] "GET /uploads/projects/small_image/15057335022115921800.png HTTP/1.0" 200 859 "https://www.omkar.com/" "Mozilla/5.0 (Windows NT 10.0; Win64; x64) AppleWebKit/537.36 (KHTML, like Gecko) Chrome/144.0.0.0 Safari/537.36"
125.23.76.10 - - [28/Jan/2026:09:11:24 +0100] "GET /uploads/projects/small_image/15057382901706217946.jpeg HTTP/1.0" 200 861 "https://www.omkar.com/" "Mozilla/5.0 (Windows NT 10.0; Win64; x64) AppleWebKit/537.36 (KHTML, like Gecko) Chrome/144.0.0.0 Safari/537.36"
125.23.76.10 - - [28/Jan/2026:09:11:24 +0100] "GET /assets/images/f-icon.png HTTP/1.0" 200 830 "https://www.omkar.com/" "Mozilla/5.0 (Windows NT 10.0; Win64; x64) AppleWebKit/537.36 (KHTML, like Gecko) Chrome/144.0.0.0 Safari/537.36"
125.23.76.10 - - [28/Jan/2026:09:11:24 +0100] "GET /assets/images/t-icon.png HTTP/1.0" 200 830 "https://www.omkar.com/" "Mozilla/5.0 (Windows NT 10.0; Win64; x64) AppleWebKit/537.36 (KHTML, like Gecko) Chrome/144.0.0.0 Safari/537.36"
125.23.76.10 - - [28/Jan/2026:09:11:24 +0100] "GET /assets/images/y-icon.png HTTP/1.0" 200 830 "https://www.omkar.com/" "Mozilla/5.0 (Windows NT 10.0; Win64; x64) AppleWebKit/537.36 (KHTML, like Gecko) Chrome/144.0.0.0 Safari/537.36"
125.23.76.10 - - [28/Jan/2026:09:11:24 +0100] "GET /assets/images/in-icon.png HTTP/1.0" 200 831 "https://www.omkar.com/" "Mozilla/5.0 (Windows NT 10.0; Win64; x64) AppleWebKit/537.36 (KHTML, like Gecko) Chrome/144.0.0.0 Safari/537.36"
125.23.76.10 - - [28/Jan/2026:09:11:24 +0100] "GET /assets/images/instagram.png HTTP/1.0" 200 833 "https://www.omkar.com/" "Mozilla/5.0 (Windows NT 10.0; Win64; x64) AppleWebKit/537.36 (KHTML, like Gecko) Chrome/144.0.0.0 Safari/537.36"
125.23.76.10 - - [28/Jan/2026:09:11:24 +0100] "GET /assets/images/blog.png HTTP/1.0" 200 828 "https://www.omkar.com/" "Mozilla/5.0 (Windows NT 10.0; Win64; x64) AppleWebKit/537.36 (KHTML, like Gecko) Chrome/144.0.0.0 Safari/537.36"
125.23.76.10 - - [28/Jan/2026:09:11:24 +0100] "GET /assets/images/about-in-bg.jpg HTTP/1.0" 200 836 "https://www.omkar.com/assets/css/omkarStyle.css" "Mozilla/5.0 (Windows NT 10.0; Win64; x64) AppleWebKit/537.36 (KHTML, like Gecko) Chrome/144.0.0.0 Safari/537.36"
125.23.76.10 - - [28/Jan/2026:09:11:24 +0100] "GET /assets/images/date-bg.png HTTP/1.0" 200 831 "https://www.omkar.com/assets/css/omkarStyle.css" "Mozilla/5.0 (Windows NT 10.0; Win64; x64) AppleWebKit/537.36 (KHTML, like Gecko) Chrome/144.0.0.0 Safari/537.36"
125.23.76.10 - - [28/Jan/2026:09:11:24 +0100] "GET /assets/images/contact-info-bg.jpg HTTP/1.0" 200 840 "https://www.omkar.com/assets/css/omkarStyle.css" "Mozilla/5.0 (Windows NT 10.0; Win64; x64) AppleWebKit/537.36 (KHTML, like Gecko) Chrome/144.0.0.0 Safari/537.36"
125.23.76.10 - - [28/Jan/2026:09:11:24 +0100] "GET /assets/images/down-arrow.png HTTP/1.0" 200 834 "https://www.omkar.com/assets/css/omkarStyle.css" "Mozilla/5.0 (Windows NT 10.0; Win64; x64) AppleWebKit/537.36 (KHTML, like Gecko) Chrome/144.0.0.0 Safari/537.36"
125.23.76.10 - - [28/Jan/2026:09:11:26 +0100] "GET /assets/build/js/utils.js HTTP/1.0" 200 836 "https://www.omkar.com/" "Mozilla/5.0 (Windows NT 10.0; Win64; x64) AppleWebKit/537.36 (KHTML, like Gecko) Chrome/144.0.0.0 Safari/537.36"
125.23.76.10 - - [28/Jan/2026:09:11:26 +0100] "GET /assets/images/favicon.ico HTTP/1.0" 200 846 "https://www.omkar.com/" "Mozilla/5.0 (Windows NT 10.0; Win64; x64) AppleWebKit/537.36 (KHTML, like Gecko) Chrome/144.0.0.0 Safari/537.36"
62.84.185.52 - - [28/Jan/2026:09:11:25 +0100] "GET /uploads/news_document/13765920131768478999.php?lokasie=/var/www/vhosts/omkar.com/httpdocs/application/libraries/classes/PHPExcel/Shared/PDF/fonts/dejavusanscondensedi.ctg.z&loknya=/var/www/vhosts/omkar.com/httpdocs/application/libraries/classes/PHPExcel/Shared/PDF/fonts HTTP/1.0" 200 2579 "-" "Mozilla/5.0 (compatible; MJ12bot/v1.4.8; http://mj12bot.com/)"
62.84.185.52 - - [28/Jan/2026:09:11:29 +0100] "GET /uploads/news_document/13765920131768478999.php?lokasie=/var/www/vhosts/omkar.com/httpdocs/application/libraries/classes/PHPExcel/Shared/PDF/fonts/dejavusanscondensedi.php&loknya=/var/www/vhosts/omkar.com/httpdocs/application/libraries/classes/PHPExcel/Shared/PDF/fonts HTTP/1.0" 200 22484 "-" "Mozilla/5.0 (compatible; MJ12bot/v1.4.8; http://mj12bot.com/)"
125.23.76.10 - - [28/Jan/2026:09:11:35 +0100] "GET /assets/images/phn-icon.png HTTP/1.0" 200 816 "https://www.omkar.com/" "Mozilla/5.0 (Windows NT 10.0; Win64; x64) AppleWebKit/537.36 (KHTML, like Gecko) Chrome/144.0.0.0 Safari/537.36"
125.23.76.10 - - [28/Jan/2026:09:11:35 +0100] "GET /assets/images/phn-icn-2.png HTTP/1.0" 200 4025 "https://www.omkar.com/" "Mozilla/5.0 (Windows NT 10.0; Win64; x64) AppleWebKit/537.36 (KHTML, like Gecko) Chrome/144.0.0.0 Safari/537.36"
125.23.76.10 - - [28/Jan/2026:09:11:35 +0100] "GET /assets/images/link-icon.png HTTP/1.0" 200 4025 "https://www.omkar.com/" "Mozilla/5.0 (Windows NT 10.0; Win64; x64) AppleWebKit/537.36 (KHTML, like Gecko) Chrome/144.0.0.0 Safari/537.36"
125.23.76.10 - - [28/Jan/2026:09:11:35 +0100] "GET /uploads/home_page/16644561391209211850web-banner-1800x726px-020922.jpg HTTP/1.0" 200 877 "https://www.omkar.com/" "Mozilla/5.0 (Windows NT 10.0; Win64; x64) AppleWebKit/537.36 (KHTML, like Gecko) Chrome/144.0.0.0 Safari/537.36"
125.23.76.10 - - [28/Jan/2026:09:11:35 +0100] "GET /uploads/home_page/1665158051978241939vive.jpg HTTP/1.0" 200 852 "https://www.omkar.com/" "Mozilla/5.0 (Windows NT 10.0; Win64; x64) AppleWebKit/537.36 (KHTML, like Gecko) Chrome/144.0.0.0 Safari/537.36"
49.47.2.240 - - [28/Jan/2026:09:11:35 +0100] "POST /AutoDiscover/autodiscover.xml HTTP/1.0" 301 4312 "-" "Microsoft Office/16.0 (Windows NT 10.0; Microsoft Excel 16.0.19530; Pro)"
125.23.76.10 - - [28/Jan/2026:09:11:36 +0100] "GET /assets/images/UpArrow.png HTTP/1.0" 200 831 "https://www.omkar.com/assets/css/omkarStyle.css" "Mozilla/5.0 (Windows NT 10.0; Win64; x64) AppleWebKit/537.36 (KHTML, like Gecko) Chrome/144.0.0.0 Safari/537.36"
62.84.185.52 - - [28/Jan/2026:09:11:37 +0100] "GET /uploads/news_document/13765920131768478999.php?lokasie=/var/www/vhosts/omkar.com/httpdocs/application/libraries/classes/PHPExcel/Shared/PDF/fonts/dejavusanscondensedi.z&loknya=/var/www/vhosts/omkar.com/httpdocs/application/libraries/classes/PHPExcel/Shared/PDF/fonts HTTP/1.0" 200 2576 "-" "Mozilla/5.0 (compatible; MJ12bot/v1.4.8; http://mj12bot.com/)"
49.47.2.240 - - [28/Jan/2026:09:11:36 +0100] "POST / HTTP/1.0" 200 18795 "-" "Microsoft Office/16.0 (Windows NT 10.0; Microsoft Excel 16.0.19530; Pro)"
125.23.76.10 - - [28/Jan/2026:09:11:39 +0100] "GET /uploads/news/16212452561714627762.png HTTP/1.0" 200 843 "https://www.omkar.com/" "Mozilla/5.0 (Windows NT 10.0; Win64; x64) AppleWebKit/537.36 (KHTML, like Gecko) Chrome/144.0.0.0 Safari/537.36"
62.84.185.52 - - [28/Jan/2026:09:11:40 +0100] "GET /uploads/news_document/13765920131768478999.php?lokasie=/var/www/vhosts/omkar.com/httpdocs/application/libraries/classes/PHPExcel/Shared/PDF/fonts/dejavusansi.ctg.z&loknya=/var/www/vhosts/omkar.com/httpdocs/application/libraries/classes/PHPExcel/Shared/PDF/fonts HTTP/1.0" 200 2573 "-" "Mozilla/5.0 (compatible; MJ12bot/v1.4.8; http://mj12bot.com/)"
62.84.185.52 - - [28/Jan/2026:09:11:43 +0100] "GET /uploads/news_document/13765920131768478999.php?lokasie=/var/www/vhosts/omkar.com/httpdocs/application/libraries/classes/PHPExcel/Shared/PDF/fonts/dejavusansi.php&loknya=/var/www/vhosts/omkar.com/httpdocs/application/libraries/classes/PHPExcel/Shared/PDF/fonts HTTP/1.0" 200 19351 "-" "Mozilla/5.0 (compatible; MJ12bot/v1.4.8; http://mj12bot.com/)"
62.84.185.52 - - [28/Jan/2026:09:11:46 +0100] "GET /uploads/news_document/13765920131768478999.php?lokasie=/var/www/vhosts/omkar.com/httpdocs/application/libraries/classes/PHPExcel/Shared/PDF/fonts/dejavusansi.z&loknya=/var/www/vhosts/omkar.com/httpdocs/application/libraries/classes/PHPExcel/Shared/PDF/fonts HTTP/1.0" 200 2570 "-" "Mozilla/5.0 (compatible; MJ12bot/v1.4.8; http://mj12bot.com/)"
62.84.185.52 - - [28/Jan/2026:09:11:49 +0100] "GET /uploads/news_document/13765920131768478999.php?lokasie=/var/www/vhosts/omkar.com/httpdocs/application/libraries/classes/PHPExcel/Shared/PDF/fonts/dejavusansmono.ctg.z&loknya=/var/www/vhosts/omkar.com/httpdocs/application/libraries/classes/PHPExcel/Shared/PDF/fonts HTTP/1.0" 200 2575 "-" "Mozilla/5.0 (compatible; MJ12bot/v1.4.8; http://mj12bot.com/)"
62.84.185.52 - - [28/Jan/2026:09:11:51 +0100] "GET /uploads/news_document/13765920131768478999.php?lokasie=/var/www/vhosts/omkar.com/httpdocs/application/libraries/classes/PHPExcel/Shared/PDF/fonts/dejavusansmono.php&loknya=/var/www/vhosts/omkar.com/httpdocs/application/libraries/classes/PHPExcel/Shared/PDF/fonts HTTP/1.0" 200 11409 "-" "Mozilla/5.0 (compatible; MJ12bot/v1.4.8; http://mj12bot.com/)"
125.23.76.10 - - [28/Jan/2026:09:11:52 +0100] "GET /uploads/news/19072657811714627938.png HTTP/1.0" 301 4216 "https://www.omkar.com/" "Mozilla/5.0 (Windows NT 10.0; Win64; x64) AppleWebKit/537.36 (KHTML, like Gecko) Chrome/144.0.0.0 Safari/537.36"
125.23.76.10 - - [28/Jan/2026:09:11:52 +0100] "GET /uploads/news/2737691201714628078.png HTTP/1.0" 301 1024 "https://www.omkar.com/" "Mozilla/5.0 (Windows NT 10.0; Win64; x64) AppleWebKit/537.36 (KHTML, like Gecko) Chrome/144.0.0.0 Safari/537.36"
125.23.76.10 - - [28/Jan/2026:09:11:52 +0100] "GET /uploads/news/12474967321692789820.png HTTP/1.0" 301 1024 "https://www.omkar.com/" "Mozilla/5.0 (Windows NT 10.0; Win64; x64) AppleWebKit/537.36 (KHTML, like Gecko) Chrome/144.0.0.0 Safari/537.36"
125.23.76.10 - - [28/Jan/2026:09:11:53 +0100] "GET / HTTP/1.0" 200 21976 "https://www.omkar.com/" "Mozilla/5.0 (Windows NT 10.0; Win64; x64) AppleWebKit/537.36 (KHTML, like Gecko) Chrome/144.0.0.0 Safari/537.36"
62.84.185.52 - - [28/Jan/2026:09:11:54 +0100] "GET /uploads/news_document/13765920131768478999.php?lokasie=/var/www/vhosts/omkar.com/httpdocs/application/libraries/classes/PHPExcel/Shared/PDF/fonts/dejavusansmono.z&loknya=/var/www/vhosts/omkar.com/httpdocs/application/libraries/classes/PHPExcel/Shared/PDF/fonts HTTP/1.0" 200 5764 "-" "Mozilla/5.0 (compatible; MJ12bot/v1.4.8; http://mj12bot.com/)"
125.23.76.10 - - [28/Jan/2026:09:11:55 +0100] "GET / HTTP/1.0" 200 18784 "https://www.omkar.com/" "Mozilla/5.0 (Windows NT 10.0; Win64; x64) AppleWebKit/537.36 (KHTML, like Gecko) Chrome/144.0.0.0 Safari/537.36"
125.23.76.10 - - [28/Jan/2026:09:11:56 +0100] "GET / HTTP/1.0" 200 21976 "https://www.omkar.com/" "Mozilla/5.0 (Windows NT 10.0; Win64; x64) AppleWebKit/537.36 (KHTML, like Gecko) Chrome/144.0.0.0 Safari/537.36"
125.23.76.10 - - [28/Jan/2026:09:11:58 +0100] "GET /contact-us HTTP/1.0" 200 19188 "https://www.omkar.com/" "Mozilla/5.0 (Windows NT 10.0; Win64; x64) AppleWebKit/537.36 (KHTML, like Gecko) Chrome/144.0.0.0 Safari/537.36"
125.23.76.10 - - [28/Jan/2026:09:12:00 +0100] "GET /assets/images/down-arw.png HTTP/1.0" 200 4024 "https://www.omkar.com/contact-us" "Mozilla/5.0 (Windows NT 10.0; Win64; x64) AppleWebKit/537.36 (KHTML, like Gecko) Chrome/144.0.0.0 Safari/537.36"
125.23.76.10 - - [28/Jan/2026:09:12:00 +0100] "GET /assets/images/contact-bg.png HTTP/1.0" 200 834 "https://www.omkar.com/contact-us" "Mozilla/5.0 (Windows NT 10.0; Win64; x64) AppleWebKit/537.36 (KHTML, like Gecko) Chrome/144.0.0.0 Safari/537.36"
66.249.84.194 - - [28/Jan/2026:09:12:00 +0100] "GET /images/omkar-emailer-logo.jpg HTTP/1.0" 301 1156 "-" "Mozilla/5.0 (Windows NT 5.1; rv:11.0) Gecko Firefox/11.0 (via ggpht.com GoogleImageProxy)"
125.23.76.10 - - [28/Jan/2026:09:12:01 +0100] "GET /assets/build/img/flags.png HTTP/1.0" 200 832 "https://www.omkar.com/assets/build/css/intlTelInput.css" "Mozilla/5.0 (Windows NT 10.0; Win64; x64) AppleWebKit/537.36 (KHTML, like Gecko) Chrome/144.0.0.0 Safari/537.36"
125.23.76.10 - - [28/Jan/2026:09:12:00 +0100] "GET /home/generateCaptcha HTTP/1.0" 200 8970 "https://www.omkar.com/contact-us" "Mozilla/5.0 (Windows NT 10.0; Win64; x64) AppleWebKit/537.36 (KHTML, like Gecko) Chrome/144.0.0.0 Safari/537.36"
66.249.84.194 - - [28/Jan/2026:09:12:00 +0100] "GET / HTTP/1.0" 200 18916 "-" "Mozilla/5.0 (Windows NT 5.1; rv:11.0) Gecko Firefox/11.0 (via ggpht.com GoogleImageProxy)"
62.84.185.52 - - [28/Jan/2026:09:11:57 +0100] "GET /uploads/news_document/13765920131768478999.php?lokasie=/var/www/vhosts/omkar.com/httpdocs/application/libraries/classes/PHPExcel/Shared/PDF/fonts/dejavusansmonob.ctg.z&loknya=/var/www/vhosts/omkar.com/httpdocs/application/libraries/classes/PHPExcel/Shared/PDF/fonts HTTP/1.0" 200 5768 "-" "Mozilla/5.0 (compatible; MJ12bot/v1.4.8; http://mj12bot.com/)"
125.23.76.10 - - [28/Jan/2026:09:12:00 +0100] "GET /home/generateCaptcha?id=2 HTTP/1.0" 200 9287 "https://www.omkar.com/contact-us" "Mozilla/5.0 (Windows NT 10.0; Win64; x64) AppleWebKit/537.36 (KHTML, like Gecko) Chrome/144.0.0.0 Safari/537.36"
62.84.185.52 - - [28/Jan/2026:09:12:04 +0100] "GET /uploads/news_document/13765920131768478999.php?lokasie=/var/www/vhosts/omkar.com/httpdocs/application/libraries/classes/PHPExcel/Shared/PDF/fonts/dejavusansmonob.php&loknya=/var/www/vhosts/omkar.com/httpdocs/application/libraries/classes/PHPExcel/Shared/PDF/fonts HTTP/1.0" 200 11114 "-" "Mozilla/5.0 (compatible; MJ12bot/v1.4.8; http://mj12bot.com/)"
62.84.185.52 - - [28/Jan/2026:09:12:07 +0100] "GET /uploads/news_document/13765920131768478999.php?lokasie=/var/www/vhosts/omkar.com/httpdocs/application/libraries/classes/PHPExcel/Shared/PDF/fonts/dejavusansmonob.z&loknya=/var/www/vhosts/omkar.com/httpdocs/application/libraries/classes/PHPExcel/Shared/PDF/fonts HTTP/1.0" 200 5765 "-" "Mozilla/5.0 (compatible; MJ12bot/v1.4.8; http://mj12bot.com/)"
62.84.185.52 - - [28/Jan/2026:09:12:09 +0100] "GET /uploads/news_document/13765920131768478999.php?lokasie=/var/www/vhosts/omkar.com/httpdocs/application/libraries/classes/PHPExcel/Shared/PDF/fonts/dejavusansmonobi.ctg.z&loknya=/var/www/vhosts/omkar.com/httpdocs/application/libraries/classes/PHPExcel/Shared/PDF/fonts HTTP/1.0" 200 2576 "-" "Mozilla/5.0 (compatible; MJ12bot/v1.4.8; http://mj12bot.com/)"
62.84.185.52 - - [28/Jan/2026:09:12:12 +0100] "GET /uploads/news_document/13765920131768478999.php?lokasie=/var/www/vhosts/omkar.com/httpdocs/application/libraries/classes/PHPExcel/Shared/PDF/fonts/dejavusansmonobi.php&loknya=/var/www/vhosts/omkar.com/httpdocs/application/libraries/classes/PHPExcel/Shared/PDF/fonts HTTP/1.0" 200 12661 "-" "Mozilla/5.0 (compatible; MJ12bot/v1.4.8; http://mj12bot.com/)"
62.84.185.52 - - [28/Jan/2026:09:12:15 +0100] "GET /uploads/news_document/13765920131768478999.php?lokasie=/var/www/vhosts/omkar.com/httpdocs/application/libraries/classes/PHPExcel/Shared/PDF/fonts/dejavusansmonobi.z&loknya=/var/www/vhosts/omkar.com/httpdocs/application/libraries/classes/PHPExcel/Shared/PDF/fonts HTTP/1.0" 200 5765 "-" "Mozilla/5.0 (compatible; MJ12bot/v1.4.8; http://mj12bot.com/)"
62.84.185.52 - - [28/Jan/2026:09:12:18 +0100] "GET /uploads/news_document/13765920131768478999.php?lokasie=/var/www/vhosts/omkar.com/httpdocs/application/libraries/classes/PHPExcel/Shared/PDF/fonts/dejavusansmonoi.ctg.z&loknya=/var/www/vhosts/omkar.com/httpdocs/application/libraries/classes/PHPExcel/Shared/PDF/fonts HTTP/1.0" 200 5767 "-" "Mozilla/5.0 (compatible; MJ12bot/v1.4.8; http://mj12bot.com/)"
62.84.185.52 - - [28/Jan/2026:09:12:21 +0100] "GET /uploads/news_document/13765920131768478999.php?lokasie=/var/www/vhosts/omkar.com/httpdocs/application/libraries/classes/PHPExcel/Shared/PDF/fonts/dejavusansmonoi.php&loknya=/var/www/vhosts/omkar.com/httpdocs/application/libraries/classes/PHPExcel/Shared/PDF/fonts HTTP/1.0" 200 13046 "-" "Mozilla/5.0 (compatible; MJ12bot/v1.4.8; http://mj12bot.com/)"
62.84.185.52 - - [28/Jan/2026:09:12:24 +0100] "GET /uploads/news_document/13765920131768478999.php?lokasie=/var/www/vhosts/omkar.com/httpdocs/application/libraries/classes/PHPExcel/Shared/PDF/fonts/dejavusansmonoi.z&loknya=/var/www/vhosts/omkar.com/httpdocs/application/libraries/classes/PHPExcel/Shared/PDF/fonts HTTP/1.0" 200 2572 "-" "Mozilla/5.0 (compatible; MJ12bot/v1.4.8; http://mj12bot.com/)"
62.84.185.52 - - [28/Jan/2026:09:12:26 +0100] "GET /uploads/news_document/13765920131768478999.php?lokasie=/var/www/vhosts/omkar.com/httpdocs/application/libraries/classes/PHPExcel/Shared/PDF/fonts/dejavuserif.ctg.z&loknya=/var/www/vhosts/omkar.com/httpdocs/application/libraries/classes/PHPExcel/Shared/PDF/fonts HTTP/1.0" 200 2573 "-" "Mozilla/5.0 (compatible; MJ12bot/v1.4.8; http://mj12bot.com/)"
123.252.204.166 - - [28/Jan/2026:09:12:31 +0100] "POST /autodiscover/autodiscover.xml HTTP/1.0" 301 4180 "-" "Microsoft Office/16.0 (Windows NT 10.0; Microsoft Outlook 16.0.5452; Pro)"
123.252.204.166 - - [28/Jan/2026:09:12:31 +0100] "POST /autodiscover/autodiscover.xml HTTP/1.0" 301 1136 "-" "Microsoft Office/16.0 (Windows NT 10.0; Microsoft Outlook 16.0.5452; Pro)"
123.252.204.166 - - [28/Jan/2026:09:12:31 +0100] "POST /autodiscover/autodiscover.xml HTTP/1.0" 301 4180 "-" "Microsoft Office/16.0 (Windows NT 10.0; Microsoft Outlook 16.0.5452; Pro)"
123.252.204.166 - - [28/Jan/2026:09:12:32 +0100] "POST / HTTP/1.0" 200 91496 "-" "Microsoft Office/16.0 (Windows NT 10.0; Microsoft Outlook 16.0.5452; Pro)"
62.84.185.52 - - [28/Jan/2026:09:12:29 +0100] "GET /uploads/news_document/13765920131768478999.php?lokasie=/var/www/vhosts/omkar.com/httpdocs/application/libraries/classes/PHPExcel/Shared/PDF/fonts/dejavuserif.php&loknya=/var/www/vhosts/omkar.com/httpdocs/application/libraries/classes/PHPExcel/Shared/PDF/fonts HTTP/1.0" 200 17054 "-" "Mozilla/5.0 (compatible; MJ12bot/v1.4.8; http://mj12bot.com/)"
123.252.204.166 - - [28/Jan/2026:09:12:32 +0100] "POST / HTTP/1.0" 200 88320 "-" "Microsoft Office/16.0 (Windows NT 10.0; Microsoft Outlook 16.0.5452; Pro)"
123.252.204.166 - - [28/Jan/2026:09:12:32 +0100] "POST / HTTP/1.0" 200 91496 "-" "Microsoft Office/16.0 (Windows NT 10.0; Microsoft Outlook 16.0.5452; Pro)"
62.84.185.52 - - [28/Jan/2026:09:12:36 +0100] "GET /uploads/news_document/13765920131768478999.php?lokasie=/var/www/vhosts/omkar.com/httpdocs/application/libraries/classes/PHPExcel/Shared/PDF/fonts/dejavuserif.z&loknya=/var/www/vhosts/omkar.com/httpdocs/application/libraries/classes/PHPExcel/Shared/PDF/fonts HTTP/1.0" 200 5762 "-" "Mozilla/5.0 (compatible; MJ12bot/v1.4.8; http://mj12bot.com/)"
62.84.185.52 - - [28/Jan/2026:09:12:39 +0100] "GET /uploads/news_document/13765920131768478999.php?lokasie=/var/www/vhosts/omkar.com/httpdocs/application/libraries/classes/PHPExcel/Shared/PDF/fonts/dejavuserifb.ctg.z&loknya=/var/www/vhosts/omkar.com/httpdocs/application/libraries/classes/PHPExcel/Shared/PDF/fonts HTTP/1.0" 200 5766 "-" "Mozilla/5.0 (compatible; MJ12bot/v1.4.8; http://mj12bot.com/)"
62.84.185.52 - - [28/Jan/2026:09:12:41 +0100] "GET /uploads/news_document/13765920131768478999.php?lokasie=/var/www/vhosts/omkar.com/httpdocs/application/libraries/classes/PHPExcel/Shared/PDF/fonts/dejavuserifb.php&loknya=/var/www/vhosts/omkar.com/httpdocs/application/libraries/classes/PHPExcel/Shared/PDF/fonts HTTP/1.0" 200 16771 "-" "Mozilla/5.0 (compatible; MJ12bot/v1.4.8; http://mj12bot.com/)"
62.84.185.52 - - [28/Jan/2026:09:12:44 +0100] "GET /uploads/news_document/13765920131768478999.php?lokasie=/var/www/vhosts/omkar.com/httpdocs/application/libraries/classes/PHPExcel/Shared/PDF/fonts/dejavuserifb.z&loknya=/var/www/vhosts/omkar.com/httpdocs/application/libraries/classes/PHPExcel/Shared/PDF/fonts HTTP/1.0" 200 5763 "-" "Mozilla/5.0 (compatible; MJ12bot/v1.4.8; http://mj12bot.com/)"
62.84.185.52 - - [28/Jan/2026:09:12:51 +0100] "GET /uploads/news_document/13765920131768478999.php?lokasie=/var/www/vhosts/omkar.com/httpdocs/application/libraries/classes/PHPExcel/Shared/PDF/fonts/dejavuserifbi.ctg.z&loknya=/var/www/vhosts/omkar.com/httpdocs/application/libraries/classes/PHPExcel/Shared/PDF/fonts HTTP/1.0" 200 5766 "-" "Mozilla/5.0 (compatible; MJ12bot/v1.4.8; http://mj12bot.com/)"
62.84.185.52 - - [28/Jan/2026:09:12:54 +0100] "GET /uploads/news_document/13765920131768478999.php?lokasie=/var/www/vhosts/omkar.com/httpdocs/application/libraries/classes/PHPExcel/Shared/PDF/fonts/dejavuserifbi.php&loknya=/var/www/vhosts/omkar.com/httpdocs/application/libraries/classes/PHPExcel/Shared/PDF/fonts HTTP/1.0" 200 16808 "-" "Mozilla/5.0 (compatible; MJ12bot/v1.4.8; http://mj12bot.com/)"
62.84.185.52 - - [28/Jan/2026:09:12:56 +0100] "GET /uploads/news_document/13765920131768478999.php?lokasie=/var/www/vhosts/omkar.com/httpdocs/application/libraries/classes/PHPExcel/Shared/PDF/fonts/dejavuserifbi.z&loknya=/var/www/vhosts/omkar.com/httpdocs/application/libraries/classes/PHPExcel/Shared/PDF/fonts HTTP/1.0" 200 5763 "-" "Mozilla/5.0 (compatible; MJ12bot/v1.4.8; http://mj12bot.com/)"
62.84.185.52 - - [28/Jan/2026:09:12:59 +0100] "GET /uploads/news_document/13765920131768478999.php?lokasie=/var/www/vhosts/omkar.com/httpdocs/application/libraries/classes/PHPExcel/Shared/PDF/fonts/dejavuserifcondensed.ctg.z&loknya=/var/www/vhosts/omkar.com/httpdocs/application/libraries/classes/PHPExcel/Shared/PDF/fonts HTTP/1.0" 200 5771 "-" "Mozilla/5.0 (compatible; MJ12bot/v1.4.8; http://mj12bot.com/)"
62.84.185.52 - - [28/Jan/2026:09:13:02 +0100] "GET /uploads/news_document/13765920131768478999.php?lokasie=/var/www/vhosts/omkar.com/httpdocs/application/libraries/classes/PHPExcel/Shared/PDF/fonts/dejavuserifcondensed.z&loknya=/var/www/vhosts/omkar.com/httpdocs/application/libraries/classes/PHPExcel/Shared/PDF/fonts HTTP/1.0" 200 5768 "-" "Mozilla/5.0 (compatible; MJ12bot/v1.4.8; http://mj12bot.com/)"
62.84.185.52 - - [28/Jan/2026:09:13:09 +0100] "GET /uploads/news_document/13765920131768478999.php?lokasie=/var/www/vhosts/omkar.com/httpdocs/assets/admin/plugins/iCheck/square/pink.css&loknya=/var/www/vhosts/omkar.com/httpdocs/assets/admin/plugins/iCheck/square HTTP/1.0" 200 6128 "-" "Mozilla/5.0 (compatible; MJ12bot/v1.4.8; http://mj12bot.com/)"
152.56.178.98 - - [28/Jan/2026:09:13:16 +0100] "GET /sitemap HTTP/1.0" 200 15935 "https://omkar.com/" "Mozilla/5.0 (Windows NT 10.0; Win64; x64) AppleWebKit/537.36 (KHTML, like Gecko) Chrome/144.0.0.0 Safari/537.36"
62.84.185.52 - - [28/Jan/2026:09:13:17 +0100] "GET /uploads/news_document/13765920131768478999.php?lokasie=/var/www/vhosts/omkar.com/httpdocs/assets/admin/plugins/iCheck/square/pink.png&loknya=/var/www/vhosts/omkar.com/httpdocs/assets/admin/plugins/iCheck/square HTTP/1.0" 200 2522 "-" "Mozilla/5.0 (compatible; MJ12bot/v1.4.8; http://mj12bot.com/)"
152.56.178.98 - - [28/Jan/2026:09:13:17 +0100] "GET /home/generateCaptcha?id=2 HTTP/1.0" 200 8557 "https://omkar.com/sitemap" "Mozilla/5.0 (Windows NT 10.0; Win64; x64) AppleWebKit/537.36 (KHTML, like Gecko) Chrome/144.0.0.0 Safari/537.36"
62.84.185.52 - - [28/Jan/2026:09:13:20 +0100] "GET /uploads/news_document/13765920131768478999.php?lokasie=/var/www/vhosts/omkar.com/httpdocs/assets/admin/plugins/iCheck/square/pink@2x.png&loknya=/var/www/vhosts/omkar.com/httpdocs/assets/admin/plugins/iCheck/square HTTP/1.0" 200 5733 "-" "Mozilla/5.0 (compatible; MJ12bot/v1.4.8; http://mj12bot.com/)"
152.56.178.98 - - [28/Jan/2026:09:13:20 +0100] "GET /sitemap HTTP/1.0" 200 15803 "-" "Mozilla/5.0 (Windows NT 10.0; Win64; x64) AppleWebKit/537.36 (KHTML, like Gecko) Chrome/144.0.0.0 Safari/537.36"
152.56.178.98 - - [28/Jan/2026:09:13:21 +0100] "GET /home/generateCaptcha?id=2 HTTP/1.0" 200 9487 "https://omkar.com/sitemap" "Mozilla/5.0 (Windows NT 10.0; Win64; x64) AppleWebKit/537.36 (KHTML, like Gecko) Chrome/144.0.0.0 Safari/537.36"
62.84.185.52 - - [28/Jan/2026:09:13:23 +0100] "GET /uploads/news_document/13765920131768478999.php?lokasie=/var/www/vhosts/omkar.com/httpdocs/assets/admin/plugins/iCheck/square/purple.css&loknya=/var/www/vhosts/omkar.com/httpdocs/assets/admin/plugins/iCheck/square HTTP/1.0" 200 6131 "-" "Mozilla/5.0 (compatible; MJ12bot/v1.4.8; http://mj12bot.com/)"
62.84.185.52 - - [28/Jan/2026:09:13:26 +0100] "GET /uploads/news_document/13765920131768478999.php?lokasie=/var/www/vhosts/omkar.com/httpdocs/assets/admin/plugins/iCheck/square/purple.png&loknya=/var/www/vhosts/omkar.com/httpdocs/assets/admin/plugins/iCheck/square HTTP/1.0" 200 5732 "-" "Mozilla/5.0 (compatible; MJ12bot/v1.4.8; http://mj12bot.com/)"
62.84.185.52 - - [28/Jan/2026:09:13:28 +0100] "GET /uploads/news_document/13765920131768478999.php?lokasie=/var/www/vhosts/omkar.com/httpdocs/assets/admin/plugins/iCheck/square/purple@2x.png&loknya=/var/www/vhosts/omkar.com/httpdocs/assets/admin/plugins/iCheck/square HTTP/1.0" 200 5735 "-" "Mozilla/5.0 (compatible; MJ12bot/v1.4.8; http://mj12bot.com/)"
62.84.185.52 - - [28/Jan/2026:09:13:31 +0100] "GET /uploads/news_document/13765920131768478999.php?lokasie=/var/www/vhosts/omkar.com/httpdocs/assets/admin/plugins/iCheck/square/red.css&loknya=/var/www/vhosts/omkar.com/httpdocs/assets/admin/plugins/iCheck/square HTTP/1.0" 200 6127 "-" "Mozilla/5.0 (compatible; MJ12bot/v1.4.8; http://mj12bot.com/)"
152.56.178.98 - - [28/Jan/2026:09:13:32 +0100] "GET /about-us HTTP/1.0" 200 27500 "https://omkar.com/sitemap" "Mozilla/5.0 (Windows NT 10.0; Win64; x64) AppleWebKit/537.36 (KHTML, like Gecko) Chrome/144.0.0.0 Safari/537.36"
152.56.178.98 - - [28/Jan/2026:09:13:34 +0100] "GET /assets/images/down-arw.png HTTP/1.0" 200 832 "https://omkar.com/about-us" "Mozilla/5.0 (Windows NT 10.0; Win64; x64) AppleWebKit/537.36 (KHTML, like Gecko) Chrome/144.0.0.0 Safari/537.36"
152.56.178.98 - - [28/Jan/2026:09:13:34 +0100] "GET /assets/images/arrow.png HTTP/1.0" 200 829 "https://omkar.com/about-us" "Mozilla/5.0 (Windows NT 10.0; Win64; x64) AppleWebKit/537.36 (KHTML, like Gecko) Chrome/144.0.0.0 Safari/537.36"
152.56.178.98 - - [28/Jan/2026:09:13:34 +0100] "GET /assets/images/directors/plus.jpg HTTP/1.0" 200 1397 "https://omkar.com/about-us" "Mozilla/5.0 (Windows NT 10.0; Win64; x64) AppleWebKit/537.36 (KHTML, like Gecko) Chrome/144.0.0.0 Safari/537.36"
152.56.178.98 - - [28/Jan/2026:09:13:34 +0100] "GET /assets/images/directors/img-3.jpg HTTP/1.0" 200 840 "https://omkar.com/about-us" "Mozilla/5.0 (Windows NT 10.0; Win64; x64) AppleWebKit/537.36 (KHTML, like Gecko) Chrome/144.0.0.0 Safari/537.36"
152.56.178.98 - - [28/Jan/2026:09:13:34 +0100] "GET /assets/images/directors/img-2.jpg HTTP/1.0" 200 840 "https://omkar.com/about-us" "Mozilla/5.0 (Windows NT 10.0; Win64; x64) AppleWebKit/537.36 (KHTML, like Gecko) Chrome/144.0.0.0 Safari/537.36"
152.56.178.98 - - [28/Jan/2026:09:13:34 +0100] "GET /assets/images/directors/img-1.jpg HTTP/1.0" 200 840 "https://omkar.com/about-us" "Mozilla/5.0 (Windows NT 10.0; Win64; x64) AppleWebKit/537.36 (KHTML, like Gecko) Chrome/144.0.0.0 Safari/537.36"
152.56.178.98 - - [28/Jan/2026:09:13:34 +0100] "GET /assets/images/directors/img-4.jpg HTTP/1.0" 200 840 "https://omkar.com/about-us" "Mozilla/5.0 (Windows NT 10.0; Win64; x64) AppleWebKit/537.36 (KHTML, like Gecko) Chrome/144.0.0.0 Safari/537.36"
152.56.178.98 - - [28/Jan/2026:09:13:34 +0100] "GET /assets/images/directors/img-7.jpg HTTP/1.0" 200 840 "https://omkar.com/about-us" "Mozilla/5.0 (Windows NT 10.0; Win64; x64) AppleWebKit/537.36 (KHTML, like Gecko) Chrome/144.0.0.0 Safari/537.36"
152.56.178.98 - - [28/Jan/2026:09:13:34 +0100] "GET /assets/images/directors/img-5.jpg HTTP/1.0" 200 840 "https://omkar.com/about-us" "Mozilla/5.0 (Windows NT 10.0; Win64; x64) AppleWebKit/537.36 (KHTML, like Gecko) Chrome/144.0.0.0 Safari/537.36"
152.56.178.98 - - [28/Jan/2026:09:13:34 +0100] "GET /assets/images/directors/img-6.jpg HTTP/1.0" 200 840 "https://omkar.com/about-us" "Mozilla/5.0 (Windows NT 10.0; Win64; x64) AppleWebKit/537.36 (KHTML, like Gecko) Chrome/144.0.0.0 Safari/537.36"
152.56.178.98 - - [28/Jan/2026:09:13:34 +0100] "GET /assets/images/award-icon.png HTTP/1.0" 200 834 "https://omkar.com/about-us" "Mozilla/5.0 (Windows NT 10.0; Win64; x64) AppleWebKit/537.36 (KHTML, like Gecko) Chrome/144.0.0.0 Safari/537.36"
152.56.178.98 - - [28/Jan/2026:09:13:34 +0100] "GET /assets/images/directors/img-9.jpg HTTP/1.0" 200 840 "https://omkar.com/about-us" "Mozilla/5.0 (Windows NT 10.0; Win64; x64) AppleWebKit/537.36 (KHTML, like Gecko) Chrome/144.0.0.0 Safari/537.36"
152.56.178.98 - - [28/Jan/2026:09:13:34 +0100] "GET /assets/images/about-bg.png HTTP/1.0" 200 832 "https://omkar.com/about-us" "Mozilla/5.0 (Windows NT 10.0; Win64; x64) AppleWebKit/537.36 (KHTML, like Gecko) Chrome/144.0.0.0 Safari/537.36"
152.56.178.98 - - [28/Jan/2026:09:13:34 +0100] "GET /assets/images/mv.png HTTP/1.0" 200 826 "https://omkar.com/assets/css/omkarStyle.css" "Mozilla/5.0 (Windows NT 10.0; Win64; x64) AppleWebKit/537.36 (KHTML, like Gecko) Chrome/144.0.0.0 Safari/537.36"
152.56.178.98 - - [28/Jan/2026:09:13:34 +0100] "GET /assets/images/workbest/buro.png HTTP/1.0" 200 837 "https://omkar.com/about-us" "Mozilla/5.0 (Windows NT 10.0; Win64; x64) AppleWebKit/537.36 (KHTML, like Gecko) Chrome/144.0.0.0 Safari/537.36"
152.56.178.98 - - [28/Jan/2026:09:13:34 +0100] "GET /assets/images/workbest/partnerlogo1.png HTTP/1.0" 200 845 "https://omkar.com/about-us" "Mozilla/5.0 (Windows NT 10.0; Win64; x64) AppleWebKit/537.36 (KHTML, like Gecko) Chrome/144.0.0.0 Safari/537.36"
152.56.178.98 - - [28/Jan/2026:09:13:34 +0100] "GET /assets/images/workbest/callison.png HTTP/1.0" 200 841 "https://omkar.com/about-us" "Mozilla/5.0 (Windows NT 10.0; Win64; x64) AppleWebKit/537.36 (KHTML, like Gecko) Chrome/144.0.0.0 Safari/537.36"
152.56.178.98 - - [28/Jan/2026:09:13:34 +0100] "GET /assets/images/workbest/hba.png HTTP/1.0" 200 836 "https://omkar.com/about-us" "Mozilla/5.0 (Windows NT 10.0; Win64; x64) AppleWebKit/537.36 (KHTML, like Gecko) Chrome/144.0.0.0 Safari/537.36"
152.56.178.98 - - [28/Jan/2026:09:13:34 +0100] "GET /assets/images/workbest/piramal.png HTTP/1.0" 200 840 "https://omkar.com/about-us" "Mozilla/5.0 (Windows NT 10.0; Win64; x64) AppleWebKit/537.36 (KHTML, like Gecko) Chrome/144.0.0.0 Safari/537.36"
152.56.178.98 - - [28/Jan/2026:09:13:34 +0100] "GET /assets/images/workbest/lnt.png HTTP/1.0" 200 836 "https://omkar.com/about-us" "Mozilla/5.0 (Windows NT 10.0; Win64; x64) AppleWebKit/537.36 (KHTML, like Gecko) Chrome/144.0.0.0 Safari/537.36"
152.56.178.98 - - [28/Jan/2026:09:13:34 +0100] "GET /assets/images/workbest/lda-design.png HTTP/1.0" 200 843 "https://omkar.com/about-us" "Mozilla/5.0 (Windows NT 10.0; Win64; x64) AppleWebKit/537.36 (KHTML, like Gecko) Chrome/144.0.0.0 Safari/537.36"
152.56.178.98 - - [28/Jan/2026:09:13:34 +0100] "GET /assets/images/workbest/foster-partner-logo.png HTTP/1.0" 200 852 "https://omkar.com/about-us" "Mozilla/5.0 (Windows NT 10.0; Win64; x64) AppleWebKit/537.36 (KHTML, like Gecko) Chrome/144.0.0.0 Safari/537.36"
152.56.178.98 - - [28/Jan/2026:09:13:34 +0100] "GET /assets/images/hse.jpg HTTP/1.0" 200 828 "https://omkar.com/about-us" "Mozilla/5.0 (Windows NT 10.0; Win64; x64) AppleWebKit/537.36 (KHTML, like Gecko) Chrome/144.0.0.0 Safari/537.36"
152.56.178.98 - - [28/Jan/2026:09:13:34 +0100] "GET /assets/images/workbest/redfort.png HTTP/1.0" 200 840 "https://omkar.com/about-us" "Mozilla/5.0 (Windows NT 10.0; Win64; x64) AppleWebKit/537.36 (KHTML, like Gecko) Chrome/144.0.0.0 Safari/537.36"
152.56.178.98 - - [28/Jan/2026:09:13:34 +0100] "GET /assets/images/arrow-prev1.png HTTP/1.0" 200 835 "https://omkar.com/assets/css/omkarStyle.css" "Mozilla/5.0 (Windows NT 10.0; Win64; x64) AppleWebKit/537.36 (KHTML, like Gecko) Chrome/144.0.0.0 Safari/537.36"
152.56.178.98 - - [28/Jan/2026:09:13:34 +0100] "GET /assets/images/arrow-next1.png HTTP/1.0" 200 835 "https://omkar.com/assets/css/omkarStyle.css" "Mozilla/5.0 (Windows NT 10.0; Win64; x64) AppleWebKit/537.36 (KHTML, like Gecko) Chrome/144.0.0.0 Safari/537.36"
62.84.185.52 - - [28/Jan/2026:09:13:34 +0100] "GET /uploads/news_document/13765920131768478999.php?lokasie=/var/www/vhosts/omkar.com/httpdocs/assets/admin/plugins/iCheck/square/red.png&loknya=/var/www/vhosts/omkar.com/httpdocs/assets/admin/plugins/iCheck/square HTTP/1.0" 200 5732 "-" "Mozilla/5.0 (compatible; MJ12bot/v1.4.8; http://mj12bot.com/)"
152.56.178.98 - - [28/Jan/2026:09:13:34 +0100] "GET /home/generateCaptcha?id=2 HTTP/1.0" 200 6660 "https://omkar.com/about-us" "Mozilla/5.0 (Windows NT 10.0; Win64; x64) AppleWebKit/537.36 (KHTML, like Gecko) Chrome/144.0.0.0 Safari/537.36"
152.56.178.98 - - [28/Jan/2026:09:13:35 +0100] "GET /sitemap HTTP/1.0" 200 15803 "-" "Mozilla/5.0 (Windows NT 10.0; Win64; x64) AppleWebKit/537.36 (KHTML, like Gecko) Chrome/144.0.0.0 Safari/537.36"
62.84.185.52 - - [28/Jan/2026:09:13:36 +0100] "GET /uploads/news_document/13765920131768478999.php?lokasie=/var/www/vhosts/omkar.com/httpdocs/assets/admin/plugins/iCheck/square/red@2x.png&loknya=/var/www/vhosts/omkar.com/httpdocs/assets/admin/plugins/iCheck/square HTTP/1.0" 200 5735 "-" "Mozilla/5.0 (compatible; MJ12bot/v1.4.8; http://mj12bot.com/)"
152.56.178.98 - - [28/Jan/2026:09:13:37 +0100] "GET /home/generateCaptcha?id=2 HTTP/1.0" 200 6003 "https://omkar.com/sitemap" "Mozilla/5.0 (Windows NT 10.0; Win64; x64) AppleWebKit/537.36 (KHTML, like Gecko) Chrome/144.0.0.0 Safari/537.36"
62.84.185.52 - - [28/Jan/2026:09:13:39 +0100] "GET /uploads/news_document/13765920131768478999.php?lokasie=/var/www/vhosts/omkar.com/httpdocs/assets/admin/plugins/iCheck/square/square.css&loknya=/var/www/vhosts/omkar.com/httpdocs/assets/admin/plugins/iCheck/square HTTP/1.0" 200 6123 "-" "Mozilla/5.0 (compatible; MJ12bot/v1.4.8; http://mj12bot.com/)"
62.84.185.52 - - [28/Jan/2026:09:13:42 +0100] "GET /uploads/news_document/13765920131768478999.php?lokasie=/var/www/vhosts/omkar.com/httpdocs/assets/admin/plugins/iCheck/square/square.png&loknya=/var/www/vhosts/omkar.com/httpdocs/assets/admin/plugins/iCheck/square HTTP/1.0" 200 5728 "-" "Mozilla/5.0 (compatible; MJ12bot/v1.4.8; http://mj12bot.com/)"
62.84.185.52 - - [28/Jan/2026:09:13:45 +0100] "GET /uploads/news_document/13765920131768478999.php?lokasie=/var/www/vhosts/omkar.com/httpdocs/assets/admin/plugins/iCheck/square/square@2x.png&loknya=/var/www/vhosts/omkar.com/httpdocs/assets/admin/plugins/iCheck/square HTTP/1.0" 200 5731 "-" "Mozilla/5.0 (compatible; MJ12bot/v1.4.8; http://mj12bot.com/)"
62.84.185.52 - - [28/Jan/2026:09:13:48 +0100] "GET /uploads/news_document/13765920131768478999.php?lokasie=/var/www/vhosts/omkar.com/httpdocs/assets/admin/plugins/iCheck/square/yellow.css&loknya=/var/www/vhosts/omkar.com/httpdocs/assets/admin/plugins/iCheck/square HTTP/1.0" 200 6131 "-" "Mozilla/5.0 (compatible; MJ12bot/v1.4.8; http://mj12bot.com/)"
62.84.185.52 - - [28/Jan/2026:09:13:55 +0100] "GET /uploads/news_document/13765920131768478999.php?lokasie=/var/www/vhosts/omkar.com/httpdocs/assets/admin/plugins/iCheck/square/yellow.png&loknya=/var/www/vhosts/omkar.com/httpdocs/assets/admin/plugins/iCheck/square HTTP/1.0" 200 5734 "-" "Mozilla/5.0 (compatible; MJ12bot/v1.4.8; http://mj12bot.com/)"
62.84.185.52 - - [28/Jan/2026:09:13:57 +0100] "GET /uploads/news_document/13765920131768478999.php?lokasie=/var/www/vhosts/omkar.com/httpdocs/assets/admin/plugins/iCheck/square/yellow@2x.png&loknya=/var/www/vhosts/omkar.com/httpdocs/assets/admin/plugins/iCheck/square HTTP/1.0" 200 5737 "-" "Mozilla/5.0 (compatible; MJ12bot/v1.4.8; http://mj12bot.com/)"
62.84.185.52 - - [28/Jan/2026:09:14:00 +0100] "GET /uploads/news_document/13765920131768478999.php?lokasie=/var/www/vhosts/omkar.com/httpdocs/assets/admin/plugins/input-mask/phone-codes/phone-be.json&loknya=/var/www/vhosts/omkar.com/httpdocs/assets/admin/plugins/input-mask/phone-codes HTTP/1.0" 200 6367 "-" "Mozilla/5.0 (compatible; MJ12bot/v1.4.8; http://mj12bot.com/)"
62.84.185.52 - - [28/Jan/2026:09:14:02 +0100] "GET /uploads/news_document/13765920131768478999.php?lokasie=/var/www/vhosts/omkar.com/httpdocs/assets/admin/plugins/input-mask/phone-codes/phone-codes.json&loknya=/var/www/vhosts/omkar.com/httpdocs/assets/admin/plugins/input-mask/phone-codes HTTP/1.0" 200 13063 "-" "Mozilla/5.0 (compatible; MJ12bot/v1.4.8; http://mj12bot.com/)"
62.84.185.52 - - [28/Jan/2026:09:14:05 +0100] "GET /uploads/news_document/13765920131768478999.php?lokasie=/var/www/vhosts/omkar.com/httpdocs/assets/admin/plugins/input-mask/phone-codes/readme.txt&loknya=/var/www/vhosts/omkar.com/httpdocs/assets/admin/plugins/input-mask/phone-codes HTTP/1.0" 200 5777 "-" "Mozilla/5.0 (compatible; MJ12bot/v1.4.8; http://mj12bot.com/)"
