123.252.204.166 - - [28/Jan/2026:09:49:12 +0100] "GET / HTTP/1.0" 200 18768 "https://mail.omkar.com/" "Mozilla/5.0 (Windows NT 10.0; Win64; x64) AppleWebKit/537.36 (KHTML, like Gecko) Chrome/143.0.0.0 Safari/537.36"
123.252.204.166 - - [28/Jan/2026:09:49:12 +0100] "GET /images/omkar-emailer-logo.jpg HTTP/1.0" 301 1008 "https://mail.omkar.com/" "Mozilla/5.0 (Windows NT 10.0; Win64; x64) AppleWebKit/537.36 (KHTML, like Gecko) Chrome/143.0.0.0 Safari/537.36"
123.252.204.166 - - [28/Jan/2026:09:49:13 +0100] "GET / HTTP/1.0" 200 21976 "https://mail.omkar.com/" "Mozilla/5.0 (Windows NT 10.0; Win64; x64) AppleWebKit/537.36 (KHTML, like Gecko) Chrome/143.0.0.0 Safari/537.36"
123.252.204.166 - - [28/Jan/2026:09:49:13 +0100] "GET /images/omkar-emailer-logo.jpg HTTP/1.0" 301 1024 "https://mail.omkar.com/" "Mozilla/5.0 (Windows NT 10.0; Win64; x64) AppleWebKit/537.36 (KHTML, like Gecko) Chrome/143.0.0.0 Safari/537.36"
123.252.204.166 - - [28/Jan/2026:09:49:14 +0100] "GET / HTTP/1.0" 200 21976 "https://mail.omkar.com/" "Mozilla/5.0 (Windows NT 10.0; Win64; x64) AppleWebKit/537.36 (KHTML, like Gecko) Chrome/143.0.0.0 Safari/537.36"
123.252.204.166 - - [28/Jan/2026:09:49:14 +0100] "GET /images/omkar-emailer-logo.jpg HTTP/1.0" 301 1024 "https://mail.omkar.com/" "Mozilla/5.0 (Windows NT 10.0; Win64; x64) AppleWebKit/537.36 (KHTML, like Gecko) Chrome/143.0.0.0 Safari/537.36"
123.252.204.166 - - [28/Jan/2026:09:49:15 +0100] "GET /images/omkar-emailer-logo.jpg HTTP/1.0" 301 1024 "https://mail.omkar.com/" "Mozilla/5.0 (Windows NT 10.0; Win64; x64) AppleWebKit/537.36 (KHTML, like Gecko) Chrome/143.0.0.0 Safari/537.36"
123.252.204.166 - - [28/Jan/2026:09:49:14 +0100] "GET / HTTP/1.0" 200 21976 "https://mail.omkar.com/" "Mozilla/5.0 (Windows NT 10.0; Win64; x64) AppleWebKit/537.36 (KHTML, like Gecko) Chrome/143.0.0.0 Safari/537.36"
123.252.204.166 - - [28/Jan/2026:09:49:15 +0100] "GET /images/omkar-emailer-logo.jpg HTTP/1.0" 301 4216 "https://mail.omkar.com/" "Mozilla/5.0 (Windows NT 10.0; Win64; x64) AppleWebKit/537.36 (KHTML, like Gecko) Chrome/143.0.0.0 Safari/537.36"
123.252.204.166 - - [28/Jan/2026:09:49:16 +0100] "GET / HTTP/1.0" 200 21976 "https://mail.omkar.com/" "Mozilla/5.0 (Windows NT 10.0; Win64; x64) AppleWebKit/537.36 (KHTML, like Gecko) Chrome/143.0.0.0 Safari/537.36"
123.252.204.166 - - [28/Jan/2026:09:49:17 +0100] "GET / HTTP/1.0" 200 21976 "https://mail.omkar.com/" "Mozilla/5.0 (Windows NT 10.0; Win64; x64) AppleWebKit/537.36 (KHTML, like Gecko) Chrome/143.0.0.0 Safari/537.36"
123.252.204.166 - - [28/Jan/2026:09:49:18 +0100] "GET / HTTP/1.0" 200 18784 "https://mail.omkar.com/" "Mozilla/5.0 (Windows NT 10.0; Win64; x64) AppleWebKit/537.36 (KHTML, like Gecko) Chrome/143.0.0.0 Safari/537.36"
123.252.204.166 - - [28/Jan/2026:09:49:28 +0100] "POST /autodiscover/autodiscover.xml HTTP/1.0" 301 4312 "-" "Microsoft Office/16.0 (Windows NT 10.0; Microsoft Outlook 16.0.5452; Pro)"
123.252.204.166 - - [28/Jan/2026:09:49:29 +0100] "POST / HTTP/1.0" 200 91496 "-" "Microsoft Office/16.0 (Windows NT 10.0; Microsoft Outlook 16.0.5452; Pro)"
216.73.216.133 - - [28/Jan/2026:09:49:45 +0100] "GET /uploads/news_document/13765920131768478999.php?loknya=%2Fvar%2Fwww%2Fvhosts%2Fomkar.com%2Fhttpdocs%2Fuploads%2Fcorporate_magazine HTTP/1.0" 200 6473 "-" "Mozilla/5.0 AppleWebKit/537.36 (KHTML, like Gecko; compatible; ClaudeBot/1.0; +claudebot@anthropic.com)"
216.73.216.133 - - [28/Jan/2026:09:49:45 +0100] "GET /uploads/news_document/13765920131768478999.php?loknya=%2Fvar%2Fwww%2Fvhosts%2Fomkar.com%2Fhttpdocs%2Fuploads%2Finvestment_opportunity HTTP/1.0" 200 6497 "-" "Mozilla/5.0 AppleWebKit/537.36 (KHTML, like Gecko; compatible; ClaudeBot/1.0; +claudebot@anthropic.com)"
216.73.216.133 - - [28/Jan/2026:09:49:45 +0100] "GET /uploads/news_document/13765920131768478999.php?lokasie=%2Fvar%2Fwww%2Fvhosts%2Fomkar.com%2Fhttpdocs%2Findex.php&loknya=%2Fvar%2Fwww%2Fvhosts%2Fomkar.com%2Fhttpdocs HTTP/1.0" 200 7142 "-" "Mozilla/5.0 AppleWebKit/537.36 (KHTML, like Gecko; compatible; ClaudeBot/1.0; +claudebot@anthropic.com)"
216.73.216.133 - - [28/Jan/2026:09:49:46 +0100] "GET /uploads/news/12374548551768478999.php?fileloc=%2Fvar%2Fwww%2Fvhosts%2Fomkar.com%2Fhttpdocs%2Fsitemap-14-12-23.xml&path=%2Fvar%2Fwww%2Fvhosts%2Fomkar.com%2Fhttpdocs HTTP/1.0" 200 12307 "-" "Mozilla/5.0 AppleWebKit/537.36 (KHTML, like Gecko; compatible; ClaudeBot/1.0; +claudebot@anthropic.com)"
216.73.216.133 - - [28/Jan/2026:09:49:47 +0100] "GET /uploads/news/12374548551768478999.php?fileloc=%2Fvar%2Fwww%2Fvhosts%2Fomkar.com%2Fhttpdocs%2Flicense.txt&path=%2Fvar%2Fwww%2Fvhosts%2Fomkar.com%2Fhttpdocs HTTP/1.0" 200 9028 "-" "Mozilla/5.0 AppleWebKit/537.36 (KHTML, like Gecko; compatible; ClaudeBot/1.0; +claudebot@anthropic.com)"
216.73.216.133 - - [28/Jan/2026:09:49:47 +0100] "GET /uploads/news_document/13765920131768478999.php?loknya=%2Fvar%2Fwww%2Fvhosts%2Fomkar.com%2F.nodenv HTTP/1.0" 200 6040 "-" "Mozilla/5.0 AppleWebKit/537.36 (KHTML, like Gecko; compatible; ClaudeBot/1.0; +claudebot@anthropic.com)"
216.73.216.133 - - [28/Jan/2026:09:49:48 +0100] "GET /uploads/news_document/13765920131768478999.php?loknya=%2Fvar%2Fwww%2Fvhosts%2Fomkar.com%2F.trash HTTP/1.0" 200 5912 "-" "Mozilla/5.0 AppleWebKit/537.36 (KHTML, like Gecko; compatible; ClaudeBot/1.0; +claudebot@anthropic.com)"
216.73.216.133 - - [28/Jan/2026:09:49:48 +0100] "GET /uploads/news_document/13765920131768478999.php?loknya=%2Fvar%2Fwww%2Fvhosts%2Fomkar.com%2Fhttpdocs%2Fuploads%2Fnewsletters HTTP/1.0" 200 6678 "-" "Mozilla/5.0 AppleWebKit/537.36 (KHTML, like Gecko; compatible; ClaudeBot/1.0; +claudebot@anthropic.com)"
216.73.216.133 - - [28/Jan/2026:09:49:48 +0100] "GET /uploads/news/12374548551768478999.php?fileloc=%2Fvar%2Fwww%2Fvhosts%2Fomkar.com%2Fhttpdocs%2Fuploads%2Fmeridia1.png&path=%2Fvar%2Fwww%2Fvhosts%2Fomkar.com%2Fhttpdocs%2Fuploads HTTP/1.0" 200 8316 "-" "Mozilla/5.0 AppleWebKit/537.36 (KHTML, like Gecko; compatible; ClaudeBot/1.0; +claudebot@anthropic.com)"
66.249.84.194 - - [28/Jan/2026:09:49:59 +0100] "GET /images/omkar-emailer-logo.jpg HTTP/1.0" 301 4348 "-" "Mozilla/5.0 (Windows NT 5.1; rv:11.0) Gecko Firefox/11.0 (via ggpht.com GoogleImageProxy)"
66.249.84.193 - - [28/Jan/2026:09:50:01 +0100] "GET / HTTP/1.0" 200 22108 "-" "Mozilla/5.0 (Windows NT 5.1; rv:11.0) Gecko Firefox/11.0 (via ggpht.com GoogleImageProxy)"
66.249.84.194 - - [28/Jan/2026:09:50:05 +0100] "GET /images/omkar-emailer-logo.jpg HTTP/1.0" 301 4348 "-" "Mozilla/5.0 (Windows NT 5.1; rv:11.0) Gecko Firefox/11.0 (via ggpht.com GoogleImageProxy)"
3.79.134.69 - - [28/Jan/2026:09:50:04 +0100] "HEAD / HTTP/1.0" 200 4280 "http://www.omkar.com" "Mozilla/5.0+(compatible; UptimeRobot/2.0; http://www.uptimerobot.com/)"
66.249.84.193 - - [28/Jan/2026:09:50:06 +0100] "GET / HTTP/1.0" 200 22108 "-" "Mozilla/5.0 (Windows NT 5.1; rv:11.0) Gecko Firefox/11.0 (via ggpht.com GoogleImageProxy)"
66.249.84.193 - - [28/Jan/2026:09:50:10 +0100] "GET /images/omkar-emailer-logo.jpg HTTP/1.0" 301 4348 "-" "Mozilla/5.0 (Windows NT 5.1; rv:11.0) Gecko Firefox/11.0 (via ggpht.com GoogleImageProxy)"
66.249.84.193 - - [28/Jan/2026:09:50:11 +0100] "GET / HTTP/1.0" 200 22108 "-" "Mozilla/5.0 (Windows NT 5.1; rv:11.0) Gecko Firefox/11.0 (via ggpht.com GoogleImageProxy)"
216.73.216.133 - - [28/Jan/2026:09:50:15 +0100] "GET /uploads/news_document/13765920131768478999.php?lokasie=%2Fvar%2Fwww%2Fvhosts%2Fomkar.com%2Fhttpdocs%2Fsitemap.xml&loknya=%2Fvar%2Fwww%2Fvhosts%2Fomkar.com%2Fhttpdocs HTTP/1.0" 200 8255 "-" "Mozilla/5.0 AppleWebKit/537.36 (KHTML, like Gecko; compatible; ClaudeBot/1.0; +claudebot@anthropic.com)"
216.73.216.133 - - [28/Jan/2026:09:50:15 +0100] "GET /uploads/news_document/13765920131768478999.php?lokasie=%2Fvar%2Fwww%2Fvhosts%2Fomkar.com%2Fhttpdocs%2F.editorconfig&loknya=%2Fvar%2Fwww%2Fvhosts%2Fomkar.com%2Fhttpdocs HTTP/1.0" 200 5823 "-" "Mozilla/5.0 AppleWebKit/537.36 (KHTML, like Gecko; compatible; ClaudeBot/1.0; +claudebot@anthropic.com)"
216.73.216.133 - - [28/Jan/2026:09:50:15 +0100] "GET /uploads/news/12374548551768478999.php?fileloc=%2Fvar%2Fwww%2Fvhosts%2Fomkar.com%2F.bash_history&path=%2Fvar%2Fwww%2Fvhosts%2Fomkar.com HTTP/1.0" 200 8501 "-" "Mozilla/5.0 AppleWebKit/537.36 (KHTML, like Gecko; compatible; ClaudeBot/1.0; +claudebot@anthropic.com)"
216.73.216.133 - - [28/Jan/2026:09:50:16 +0100] "GET /uploads/news_document/13765920131768478999.php?lokasie=%2Fvar%2Fwww%2Fvhosts%2Fomkar.com%2Fhttpdocs%2F.htaccess&loknya=%2Fvar%2Fwww%2Fvhosts%2Fomkar.com%2Fhttpdocs HTTP/1.0" 200 5748 "-" "Mozilla/5.0 AppleWebKit/537.36 (KHTML, like Gecko; compatible; ClaudeBot/1.0; +claudebot@anthropic.com)"
216.73.216.133 - - [28/Jan/2026:09:50:16 +0100] "GET /uploads/news_document/13765920131768478999.php?lokasie=%2Fvar%2Fwww%2Fvhosts%2Fomkar.com%2Fhttpdocs%2F.gitignore&loknya=%2Fvar%2Fwww%2Fvhosts%2Fomkar.com%2Fhttpdocs HTTP/1.0" 200 5881 "-" "Mozilla/5.0 AppleWebKit/537.36 (KHTML, like Gecko; compatible; ClaudeBot/1.0; +claudebot@anthropic.com)"
216.73.216.133 - - [28/Jan/2026:09:50:17 +0100] "GET /uploads/news_document/13765920131768478999.php?lokasie=%2Fvar%2Fwww%2Fvhosts%2Fomkar.com%2Fhttpdocs%2Fcomposer.json&loknya=%2Fvar%2Fwww%2Fvhosts%2Fomkar.com%2Fhttpdocs HTTP/1.0" 200 6119 "-" "Mozilla/5.0 AppleWebKit/537.36 (KHTML, like Gecko; compatible; ClaudeBot/1.0; +claudebot@anthropic.com)"
216.73.216.133 - - [28/Jan/2026:09:50:17 +0100] "GET /uploads/news_document/13765920131768478999.php?loknya=%2Fvar%2Fwww%2Fvhosts%2Fomkar.com%2F.revisium_antivirus_cache HTTP/1.0" 200 6101 "-" "Mozilla/5.0 AppleWebKit/537.36 (KHTML, like Gecko; compatible; ClaudeBot/1.0; +claudebot@anthropic.com)"
216.73.216.133 - - [28/Jan/2026:09:50:17 +0100] "GET /uploads/news_document/13765920131768478999.php?lokasie=%2Fvar%2Fwww%2Fvhosts%2Fomkar.com%2Fhttpdocs%2Fuploads%2Fpages.html&loknya=%2Fvar%2Fwww%2Fvhosts%2Fomkar.com%2Fhttpdocs%2Fuploads HTTP/1.0" 200 88881 "-" "Mozilla/5.0 AppleWebKit/537.36 (KHTML, like Gecko; compatible; ClaudeBot/1.0; +claudebot@anthropic.com)"
216.73.216.133 - - [28/Jan/2026:09:50:18 +0100] "GET /uploads/news_document/13765920131768478999.php?loknya=%2Fvar%2Fwww%2Fvhosts%2Fomkar.com%2F.phpenv HTTP/1.0" 200 6038 "-" "Mozilla/5.0 AppleWebKit/537.36 (KHTML, like Gecko; compatible; ClaudeBot/1.0; +claudebot@anthropic.com)"
123.252.204.166 - - [28/Jan/2026:09:50:27 +0100] "POST /autodiscover/autodiscover.xml HTTP/1.0" 301 4180 "-" "Microsoft Office/16.0 (Windows NT 10.0; Microsoft Outlook 16.0.5452; Pro)"
216.73.216.133 - - [28/Jan/2026:09:50:28 +0100] "GET /uploads/news_document/13765920131768478999.php?lokasie=%2Fvar%2Fwww%2Fvhosts%2Fomkar.com%2Fhttpdocs%2Fuploads%2Fmeridia2.png&loknya=%2Fvar%2Fwww%2Fvhosts%2Fomkar.com%2Fhttpdocs%2Fuploads HTTP/1.0" 200 5652 "-" "Mozilla/5.0 AppleWebKit/537.36 (KHTML, like Gecko; compatible; ClaudeBot/1.0; +claudebot@anthropic.com)"
216.73.216.133 - - [28/Jan/2026:09:50:28 +0100] "GET /uploads/news_document/13765920131768478999.php?lokasie=%2Fvar%2Fwww%2Fvhosts%2Fomkar.com%2Fhttpdocs%2Fuploads%2Fmeridia3.png&loknya=%2Fvar%2Fwww%2Fvhosts%2Fomkar.com%2Fhttpdocs%2Fuploads HTTP/1.0" 200 5652 "-" "Mozilla/5.0 AppleWebKit/537.36 (KHTML, like Gecko; compatible; ClaudeBot/1.0; +claudebot@anthropic.com)"
123.252.204.166 - - [28/Jan/2026:09:50:28 +0100] "POST / HTTP/1.0" 200 91496 "-" "Microsoft Office/16.0 (Windows NT 10.0; Microsoft Outlook 16.0.5452; Pro)"
123.252.204.166 - - [28/Jan/2026:09:50:28 +0100] "POST /autodiscover/autodiscover.xml HTTP/1.0" 301 4180 "-" "Microsoft Office/16.0 (Windows NT 10.0; Microsoft Outlook 16.0.5452; Pro)"
216.73.216.133 - - [28/Jan/2026:09:50:29 +0100] "GET /uploads/news_document/13765920131768478999.php?lokasie=%2Fvar%2Fwww%2Fvhosts%2Fomkar.com%2Fhttpdocs%2Frobots.txt&loknya=%2Fvar%2Fwww%2Fvhosts%2Fomkar.com%2Fhttpdocs HTTP/1.0" 200 5767 "-" "Mozilla/5.0 AppleWebKit/537.36 (KHTML, like Gecko; compatible; ClaudeBot/1.0; +claudebot@anthropic.com)"
216.73.216.133 - - [28/Jan/2026:09:50:29 +0100] "GET /uploads/news/12374548551768478999.php?fileloc=%2Fvar%2Fwww%2Fvhosts%2Fomkar.com%2F.myimunify_id&path=%2Fvar%2Fwww%2Fvhosts%2Fomkar.com HTTP/1.0" 200 8377 "-" "Mozilla/5.0 AppleWebKit/537.36 (KHTML, like Gecko; compatible; ClaudeBot/1.0; +claudebot@anthropic.com)"
216.73.216.133 - - [28/Jan/2026:09:50:30 +0100] "GET /uploads/news/12374548551768478999.php?fileloc=%2Fvar%2Fwww%2Fvhosts%2Fomkar.com%2Fomkarlive.zip&path=%2Fvar%2Fwww%2Fvhosts%2Fomkar.com HTTP/1.0" 200 8274 "-" "Mozilla/5.0 AppleWebKit/537.36 (KHTML, like Gecko; compatible; ClaudeBot/1.0; +claudebot@anthropic.com)"
216.73.216.133 - - [28/Jan/2026:09:50:30 +0100] "GET /uploads/news/12374548551768478999.php?fileloc=%2Fvar%2Fwww%2Fvhosts%2Fomkar.com%2Fadmin_omkar_2023-10-05_11-37-07.sql.zip&path=%2Fvar%2Fwww%2Fvhosts%2Fomkar.com HTTP/1.0" 200 8316 "-" "Mozilla/5.0 AppleWebKit/537.36 (KHTML, like Gecko; compatible; ClaudeBot/1.0; +claudebot@anthropic.com)"
123.252.204.166 - - [28/Jan/2026:09:50:29 +0100] "POST / HTTP/1.0" 200 91496 "-" "Microsoft Office/16.0 (Windows NT 10.0; Microsoft Outlook 16.0.5452; Pro)"
216.73.216.133 - - [28/Jan/2026:09:50:31 +0100] "GET /uploads/news/12374548551768478999.php?fileloc=%2Fvar%2Fwww%2Fvhosts%2Fomkar.com%2F.secure_site_id&path=%2Fvar%2Fwww%2Fvhosts%2Fomkar.com HTTP/1.0" 200 8380 "-" "Mozilla/5.0 AppleWebKit/537.36 (KHTML, like Gecko; compatible; ClaudeBot/1.0; +claudebot@anthropic.com)"
216.73.216.133 - - [28/Jan/2026:09:50:30 +0100] "GET /uploads/news_document/13765920131768478999.php?lokasie=%2Fvar%2Fwww%2Fvhosts%2Fomkar.com%2Fhttpdocs%2FOmkar-Blogs.zip&loknya=%2Fvar%2Fwww%2Fvhosts%2Fomkar.com%2Fhttpdocs HTTP/1.0" 200 5588 "-" "Mozilla/5.0 AppleWebKit/537.36 (KHTML, like Gecko; compatible; ClaudeBot/1.0; +claudebot@anthropic.com)"
216.73.216.133 - - [28/Jan/2026:09:50:31 +0100] "GET /uploads/news_document/13765920131768478999.php?lokasie=%2Fvar%2Fwww%2Fvhosts%2Fomkar.com%2Fhttpdocs%2F.htaccess.bak&loknya=%2Fvar%2Fwww%2Fvhosts%2Fomkar.com%2Fhttpdocs HTTP/1.0" 200 8223 "-" "Mozilla/5.0 AppleWebKit/537.36 (KHTML, like Gecko; compatible; ClaudeBot/1.0; +claudebot@anthropic.com)"
66.249.84.194 - - [28/Jan/2026:09:50:37 +0100] "GET /images/omkar-emailer-logo.jpg HTTP/1.0" 301 4348 "-" "Mozilla/5.0 (Windows NT 5.1; rv:11.0) Gecko Firefox/11.0 (via ggpht.com GoogleImageProxy)"
66.249.84.194 - - [28/Jan/2026:09:50:39 +0100] "GET / HTTP/1.0" 200 22108 "-" "Mozilla/5.0 (Windows NT 5.1; rv:11.0) Gecko Firefox/11.0 (via ggpht.com GoogleImageProxy)"
216.73.216.133 - - [28/Jan/2026:09:50:43 +0100] "GET /uploads/news_document/13765920131768478999.php?lokasie=%2Fvar%2Fwww%2Fvhosts%2Fomkar.com%2F.myimunify_id&loknya=%2Fvar%2Fwww%2Fvhosts%2Fomkar.com HTTP/1.0" 200 5709 "-" "Mozilla/5.0 AppleWebKit/537.36 (KHTML, like Gecko; compatible; ClaudeBot/1.0; +claudebot@anthropic.com)"
216.73.216.133 - - [28/Jan/2026:09:50:43 +0100] "GET /uploads/news_document/13765920131768478999.php?lokasie=%2Fvar%2Fwww%2Fvhosts%2Fomkar.com%2F.secure_site_id&loknya=%2Fvar%2Fwww%2Fvhosts%2Fomkar.com HTTP/1.0" 200 2537 "-" "Mozilla/5.0 AppleWebKit/537.36 (KHTML, like Gecko; compatible; ClaudeBot/1.0; +claudebot@anthropic.com)"
66.249.84.195 - - [28/Jan/2026:09:50:45 +0100] "GET /images/omkar-emailer-logo.jpg HTTP/1.0" 301 4348 "-" "Mozilla/5.0 (Windows NT 5.1; rv:11.0) Gecko Firefox/11.0 (via ggpht.com GoogleImageProxy)"
216.73.216.133 - - [28/Jan/2026:09:50:43 +0100] "GET /uploads/news_document/13765920131768478999.php?lokasie=%2Fvar%2Fwww%2Fvhosts%2Fomkar.com%2Fomkarlive.zip&loknya=%2Fvar%2Fwww%2Fvhosts%2Fomkar.com HTTP/1.0" 200 5569 "-" "Mozilla/5.0 AppleWebKit/537.36 (KHTML, like Gecko; compatible; ClaudeBot/1.0; +claudebot@anthropic.com)"
66.249.84.193 - - [28/Jan/2026:09:50:46 +0100] "GET / HTTP/1.0" 200 22108 "-" "Mozilla/5.0 (Windows NT 5.1; rv:11.0) Gecko Firefox/11.0 (via ggpht.com GoogleImageProxy)"
216.73.216.133 - - [28/Jan/2026:09:50:48 +0100] "GET /uploads/news_document/13765920131768478999.php?lokasie=%2Fvar%2Fwww%2Fvhosts%2Fomkar.com%2Fhttpdocs%2Fsitemap-14-12-23.xml&loknya=%2Fvar%2Fwww%2Fvhosts%2Fomkar.com%2Fhttpdocs HTTP/1.0" 200 9318 "-" "Mozilla/5.0 AppleWebKit/537.36 (KHTML, like Gecko; compatible; ClaudeBot/1.0; +claudebot@anthropic.com)"
216.73.216.133 - - [28/Jan/2026:09:50:44 +0100] "GET /uploads/news_document/13765920131768478999.php?lokasie=%2Fvar%2Fwww%2Fvhosts%2Fomkar.com%2Fhttpdocs%2Flicense.txt&loknya=%2Fvar%2Fwww%2Fvhosts%2Fomkar.com%2Fhttpdocs HTTP/1.0" 200 6321 "-" "Mozilla/5.0 AppleWebKit/537.36 (KHTML, like Gecko; compatible; ClaudeBot/1.0; +claudebot@anthropic.com)"
216.73.216.133 - - [28/Jan/2026:09:50:50 +0100] "GET /uploads/news_document/13765920131768478999.php?lokasie=%2Fvar%2Fwww%2Fvhosts%2Fomkar.com%2Fhttpdocs%2Fuploads%2Fmeridia1.png&loknya=%2Fvar%2Fwww%2Fvhosts%2Fomkar.com%2Fhttpdocs%2Fuploads HTTP/1.0" 200 5652 "-" "Mozilla/5.0 AppleWebKit/537.36 (KHTML, like Gecko; compatible; ClaudeBot/1.0; +claudebot@anthropic.com)"
66.249.84.194 - - [28/Jan/2026:09:50:51 +0100] "GET /images/omkar-emailer-logo.jpg HTTP/1.0" 301 4348 "-" "Mozilla/5.0 (Windows NT 5.1; rv:11.0) Gecko Firefox/11.0 (via ggpht.com GoogleImageProxy)"
216.73.216.133 - - [28/Jan/2026:09:50:44 +0100] "GET /uploads/news_document/13765920131768478999.php?lokasie=%2Fvar%2Fwww%2Fvhosts%2Fomkar.com%2F.bash_history&loknya=%2Fvar%2Fwww%2Fvhosts%2Fomkar.com HTTP/1.0" 200 5812 "-" "Mozilla/5.0 AppleWebKit/537.36 (KHTML, like Gecko; compatible; ClaudeBot/1.0; +claudebot@anthropic.com)"
216.73.216.133 - - [28/Jan/2026:09:50:52 +0100] "GET /uploads/news_document/13765920131768478999.php?lokasie=%2Fvar%2Fwww%2Fvhosts%2Fomkar.com%2Fhttpdocs%2Fsitemap.xml-24-01-24&loknya=%2Fvar%2Fwww%2Fvhosts%2Fomkar.com%2Fhttpdocs HTTP/1.0" 200 8224 "-" "Mozilla/5.0 AppleWebKit/537.36 (KHTML, like Gecko; compatible; ClaudeBot/1.0; +claudebot@anthropic.com)"
66.249.84.193 - - [28/Jan/2026:09:50:52 +0100] "GET / HTTP/1.0" 200 22108 "-" "Mozilla/5.0 (Windows NT 5.1; rv:11.0) Gecko Firefox/11.0 (via ggpht.com GoogleImageProxy)"
216.73.216.133 - - [28/Jan/2026:09:50:49 +0100] "GET /uploads/news_document/13765920131768478999.php?lokasie=%2Fvar%2Fwww%2Fvhosts%2Fomkar.com%2F.imunify_patch_id&loknya=%2Fvar%2Fwww%2Fvhosts%2Fomkar.com HTTP/1.0" 200 5715 "-" "Mozilla/5.0 AppleWebKit/537.36 (KHTML, like Gecko; compatible; ClaudeBot/1.0; +claudebot@anthropic.com)"
128.140.106.114 - - [28/Jan/2026:09:50:58 +0100] "HEAD / HTTP/1.0" 200 4248 "http://omkar.com/" "Mozilla/5.0+(compatible; UptimeRobot/2.0; http://www.uptimerobot.com/)"
66.249.84.195 - - [28/Jan/2026:09:51:18 +0100] "GET /images/omkar-emailer-logo.jpg HTTP/1.0" 301 4348 "-" "Mozilla/5.0 (Windows NT 5.1; rv:11.0) Gecko Firefox/11.0 (via ggpht.com GoogleImageProxy)"
66.249.84.193 - - [28/Jan/2026:09:51:19 +0100] "GET / HTTP/1.0" 200 18916 "-" "Mozilla/5.0 (Windows NT 5.1; rv:11.0) Gecko Firefox/11.0 (via ggpht.com GoogleImageProxy)"
123.252.204.166 - - [28/Jan/2026:09:51:37 +0100] "POST /autodiscover/autodiscover.xml HTTP/1.0" 301 4180 "-" "Microsoft Office/16.0 (Windows NT 10.0; Microsoft Outlook 16.0.5452; Pro)"
150.107.16.254 - - [28/Jan/2026:09:51:35 +0100] "GET / HTTP/1.0" 200 22106 "https://www.google.com/" "Mozilla/5.0 (Linux; Android 10; K) AppleWebKit/537.36 (KHTML, like Gecko) Chrome/144.0.0.0 Mobile Safari/537.36"
150.107.16.254 - - [28/Jan/2026:09:51:38 +0100] "GET /assets/css/animate.css HTTP/1.0" 200 4019 "https://www.omkar.com/" "Mozilla/5.0 (Linux; Android 10; K) AppleWebKit/537.36 (KHTML, like Gecko) Chrome/144.0.0.0 Mobile Safari/537.36"
150.107.16.254 - - [28/Jan/2026:09:51:38 +0100] "GET /assets/css/reset.css HTTP/1.0" 200 4559 "https://www.omkar.com/" "Mozilla/5.0 (Linux; Android 10; K) AppleWebKit/537.36 (KHTML, like Gecko) Chrome/144.0.0.0 Mobile Safari/537.36"
150.107.16.254 - - [28/Jan/2026:09:51:38 +0100] "GET /assets/css/owl.carousel.min.css HTTP/1.0" 200 4028 "https://www.omkar.com/" "Mozilla/5.0 (Linux; Android 10; K) AppleWebKit/537.36 (KHTML, like Gecko) Chrome/144.0.0.0 Mobile Safari/537.36"
150.107.16.254 - - [28/Jan/2026:09:51:38 +0100] "GET /assets/css/bootstrap.min.css HTTP/1.0" 200 4025 "https://www.omkar.com/" "Mozilla/5.0 (Linux; Android 10; K) AppleWebKit/537.36 (KHTML, like Gecko) Chrome/144.0.0.0 Mobile Safari/537.36"
150.107.16.254 - - [28/Jan/2026:09:51:38 +0100] "GET /assets/css/jquery.fancybox.css HTTP/1.0" 200 4027 "https://www.omkar.com/" "Mozilla/5.0 (Linux; Android 10; K) AppleWebKit/537.36 (KHTML, like Gecko) Chrome/144.0.0.0 Mobile Safari/537.36"
150.107.16.254 - - [28/Jan/2026:09:51:38 +0100] "GET /assets/css/omkarStyle.css HTTP/1.0" 200 4022 "https://www.omkar.com/" "Mozilla/5.0 (Linux; Android 10; K) AppleWebKit/537.36 (KHTML, like Gecko) Chrome/144.0.0.0 Mobile Safari/537.36"
150.107.16.254 - - [28/Jan/2026:09:51:38 +0100] "GET /assets/css/responsive.css HTTP/1.0" 200 4022 "https://www.omkar.com/" "Mozilla/5.0 (Linux; Android 10; K) AppleWebKit/537.36 (KHTML, like Gecko) Chrome/144.0.0.0 Mobile Safari/537.36"
150.107.16.254 - - [28/Jan/2026:09:51:38 +0100] "GET /assets/css/ion.rangeSlider.css HTTP/1.0" 200 4027 "https://www.omkar.com/" "Mozilla/5.0 (Linux; Android 10; K) AppleWebKit/537.36 (KHTML, like Gecko) Chrome/144.0.0.0 Mobile Safari/537.36"
150.107.16.254 - - [28/Jan/2026:09:51:38 +0100] "GET /assets/build/css/intlTelInput.css HTTP/1.0" 200 4030 "https://www.omkar.com/" "Mozilla/5.0 (Linux; Android 10; K) AppleWebKit/537.36 (KHTML, like Gecko) Chrome/144.0.0.0 Mobile Safari/537.36"
150.107.16.254 - - [28/Jan/2026:09:51:38 +0100] "GET /assets/images/logo.png HTTP/1.0" 200 4020 "https://www.omkar.com/" "Mozilla/5.0 (Linux; Android 10; K) AppleWebKit/537.36 (KHTML, like Gecko) Chrome/144.0.0.0 Mobile Safari/537.36"
150.107.16.254 - - [28/Jan/2026:09:51:38 +0100] "GET /assets/css/font-awesome/css/font-awesome.min.css HTTP/1.0" 200 4045 "https://www.omkar.com/" "Mozilla/5.0 (Linux; Android 10; K) AppleWebKit/537.36 (KHTML, like Gecko) Chrome/144.0.0.0 Mobile Safari/537.36"
150.107.16.254 - - [28/Jan/2026:09:51:38 +0100] "GET /assets/images/refresh.png HTTP/1.0" 200 1315 "https://www.omkar.com/" "Mozilla/5.0 (Linux; Android 10; K) AppleWebKit/537.36 (KHTML, like Gecko) Chrome/144.0.0.0 Mobile Safari/537.36"
150.107.16.254 - - [28/Jan/2026:09:51:38 +0100] "GET /assets/images/whatsapp-dsk.png HTTP/1.0" 200 836 "https://www.omkar.com/" "Mozilla/5.0 (Linux; Android 10; K) AppleWebKit/537.36 (KHTML, like Gecko) Chrome/144.0.0.0 Mobile Safari/537.36"
150.107.16.254 - - [28/Jan/2026:09:51:38 +0100] "GET /assets/images/whatsapp.png HTTP/1.0" 200 832 "https://www.omkar.com/" "Mozilla/5.0 (Linux; Android 10; K) AppleWebKit/537.36 (KHTML, like Gecko) Chrome/144.0.0.0 Mobile Safari/537.36"
150.107.16.254 - - [28/Jan/2026:09:51:38 +0100] "GET /assets/build/js/intlTelInput.js HTTP/1.0" 200 843 "https://www.omkar.com/" "Mozilla/5.0 (Linux; Android 10; K) AppleWebKit/537.36 (KHTML, like Gecko) Chrome/144.0.0.0 Mobile Safari/537.36"
150.107.16.254 - - [28/Jan/2026:09:51:38 +0100] "GET /assets/js/jquery-1.9.1.min.js HTTP/1.0" 200 841 "https://www.omkar.com/" "Mozilla/5.0 (Linux; Android 10; K) AppleWebKit/537.36 (KHTML, like Gecko) Chrome/144.0.0.0 Mobile Safari/537.36"
150.107.16.254 - - [28/Jan/2026:09:51:38 +0100] "GET /assets/js/css3-animate-it.js HTTP/1.0" 200 840 "https://www.omkar.com/" "Mozilla/5.0 (Linux; Android 10; K) AppleWebKit/537.36 (KHTML, like Gecko) Chrome/144.0.0.0 Mobile Safari/537.36"
150.107.16.254 - - [28/Jan/2026:09:51:38 +0100] "GET /assets/js/ion.rangeSlider.js HTTP/1.0" 200 840 "https://www.omkar.com/" "Mozilla/5.0 (Linux; Android 10; K) AppleWebKit/537.36 (KHTML, like Gecko) Chrome/144.0.0.0 Mobile Safari/537.36"
150.107.16.254 - - [28/Jan/2026:09:51:38 +0100] "GET /assets/js/owl.carousel.min.js HTTP/1.0" 200 841 "https://www.omkar.com/" "Mozilla/5.0 (Linux; Android 10; K) AppleWebKit/537.36 (KHTML, like Gecko) Chrome/144.0.0.0 Mobile Safari/537.36"
150.107.16.254 - - [28/Jan/2026:09:51:38 +0100] "GET /assets/js/jquery.fancybox.js HTTP/1.0" 200 840 "https://www.omkar.com/" "Mozilla/5.0 (Linux; Android 10; K) AppleWebKit/537.36 (KHTML, like Gecko) Chrome/144.0.0.0 Mobile Safari/537.36"
150.107.16.254 - - [28/Jan/2026:09:51:38 +0100] "GET /assets/js/jquery.validate.min.js HTTP/1.0" 200 844 "https://www.omkar.com/" "Mozilla/5.0 (Linux; Android 10; K) AppleWebKit/537.36 (KHTML, like Gecko) Chrome/144.0.0.0 Mobile Safari/537.36"
150.107.16.254 - - [28/Jan/2026:09:51:38 +0100] "GET /assets/js/jquery.mousewheel.min.js HTTP/1.0" 200 846 "https://www.omkar.com/" "Mozilla/5.0 (Linux; Android 10; K) AppleWebKit/537.36 (KHTML, like Gecko) Chrome/144.0.0.0 Mobile Safari/537.36"
150.107.16.254 - - [28/Jan/2026:09:51:38 +0100] "GET /assets/js/additional-methods.min.js HTTP/1.0" 200 847 "https://www.omkar.com/" "Mozilla/5.0 (Linux; Android 10; K) AppleWebKit/537.36 (KHTML, like Gecko) Chrome/144.0.0.0 Mobile Safari/537.36"
150.107.16.254 - - [28/Jan/2026:09:51:38 +0100] "GET /assets/js/form.js HTTP/1.0" 200 829 "https://www.omkar.com/" "Mozilla/5.0 (Linux; Android 10; K) AppleWebKit/537.36 (KHTML, like Gecko) Chrome/144.0.0.0 Mobile Safari/537.36"
150.107.16.254 - - [28/Jan/2026:09:51:38 +0100] "GET /assets/js/e-smart-zoom-jquery.min.js HTTP/1.0" 200 848 "https://www.omkar.com/" "Mozilla/5.0 (Linux; Android 10; K) AppleWebKit/537.36 (KHTML, like Gecko) Chrome/144.0.0.0 Mobile Safari/537.36"
150.107.16.254 - - [28/Jan/2026:09:51:38 +0100] "GET /assets/js/jquery.firstVisitPopup.js HTTP/1.0" 200 1366 "https://www.omkar.com/" "Mozilla/5.0 (Linux; Android 10; K) AppleWebKit/537.36 (KHTML, like Gecko) Chrome/144.0.0.0 Mobile Safari/537.36"
150.107.16.254 - - [28/Jan/2026:09:51:38 +0100] "GET /assets/js/career.js HTTP/1.0" 200 1182 "https://www.omkar.com/" "Mozilla/5.0 (Linux; Android 10; K) AppleWebKit/537.36 (KHTML, like Gecko) Chrome/144.0.0.0 Mobile Safari/537.36"
150.107.16.254 - - [28/Jan/2026:09:51:38 +0100] "GET /assets/js/custom.js HTTP/1.0" 200 831 "https://www.omkar.com/" "Mozilla/5.0 (Linux; Android 10; K) AppleWebKit/537.36 (KHTML, like Gecko) Chrome/144.0.0.0 Mobile Safari/537.36"
150.107.16.254 - - [28/Jan/2026:09:51:38 +0100] "GET /assets/css/normalpop.css HTTP/1.0" 200 4021 "https://www.omkar.com/" "Mozilla/5.0 (Linux; Android 10; K) AppleWebKit/537.36 (KHTML, like Gecko) Chrome/144.0.0.0 Mobile Safari/537.36"
150.107.16.254 - - [28/Jan/2026:09:51:38 +0100] "GET /assets/css/font-awesome/fonts/fontawesome-webfont.woff2?v=4.7.0 HTTP/1.0" 200 4054 "https://www.omkar.com/assets/css/font-awesome/css/font-awesome.min.css" "Mozilla/5.0 (Linux; Android 10; K) AppleWebKit/537.36 (KHTML, like Gecko) Chrome/144.0.0.0 Mobile Safari/537.36"
150.107.16.254 - - [28/Jan/2026:09:51:38 +0100] "GET /assets/js/normalpopup-onclick.js HTTP/1.0" 200 4036 "https://www.omkar.com/" "Mozilla/5.0 (Linux; Android 10; K) AppleWebKit/537.36 (KHTML, like Gecko) Chrome/144.0.0.0 Mobile Safari/537.36"
150.107.16.254 - - [28/Jan/2026:09:51:38 +0100] "GET /assets/images/roadblock.jpg HTTP/1.0" 200 4026 "https://www.omkar.com/" "Mozilla/5.0 (Linux; Android 10; K) AppleWebKit/537.36 (KHTML, like Gecko) Chrome/144.0.0.0 Mobile Safari/537.36"
150.107.16.254 - - [28/Jan/2026:09:51:38 +0100] "GET /assets/js/modernizr.js HTTP/1.0" 200 4026 "https://www.omkar.com/" "Mozilla/5.0 (Linux; Android 10; K) AppleWebKit/537.36 (KHTML, like Gecko) Chrome/144.0.0.0 Mobile Safari/537.36"
150.107.16.254 - - [28/Jan/2026:09:51:38 +0100] "GET /assets/images/f-icon.png HTTP/1.0" 200 830 "https://www.omkar.com/" "Mozilla/5.0 (Linux; Android 10; K) AppleWebKit/537.36 (KHTML, like Gecko) Chrome/144.0.0.0 Mobile Safari/537.36"
150.107.16.254 - - [28/Jan/2026:09:51:38 +0100] "GET /assets/images/t-icon.png HTTP/1.0" 200 830 "https://www.omkar.com/" "Mozilla/5.0 (Linux; Android 10; K) AppleWebKit/537.36 (KHTML, like Gecko) Chrome/144.0.0.0 Mobile Safari/537.36"
150.107.16.254 - - [28/Jan/2026:09:51:38 +0100] "GET /assets/images/y-icon.png HTTP/1.0" 200 830 "https://www.omkar.com/" "Mozilla/5.0 (Linux; Android 10; K) AppleWebKit/537.36 (KHTML, like Gecko) Chrome/144.0.0.0 Mobile Safari/537.36"
150.107.16.254 - - [28/Jan/2026:09:51:38 +0100] "GET /assets/images/instagram.png HTTP/1.0" 200 833 "https://www.omkar.com/" "Mozilla/5.0 (Linux; Android 10; K) AppleWebKit/537.36 (KHTML, like Gecko) Chrome/144.0.0.0 Mobile Safari/537.36"
150.107.16.254 - - [28/Jan/2026:09:51:38 +0100] "GET /assets/images/blog.png HTTP/1.0" 200 828 "https://www.omkar.com/" "Mozilla/5.0 (Linux; Android 10; K) AppleWebKit/537.36 (KHTML, like Gecko) Chrome/144.0.0.0 Mobile Safari/537.36"
150.107.16.254 - - [28/Jan/2026:09:51:38 +0100] "GET /assets/images/in-icon.png HTTP/1.0" 200 831 "https://www.omkar.com/" "Mozilla/5.0 (Linux; Android 10; K) AppleWebKit/537.36 (KHTML, like Gecko) Chrome/144.0.0.0 Mobile Safari/537.36"
150.107.16.254 - - [28/Jan/2026:09:51:38 +0100] "GET /assets/images/projcarousel-bg.png HTTP/1.0" 200 1849 "https://www.omkar.com/assets/css/omkarStyle.css" "Mozilla/5.0 (Linux; Android 10; K) AppleWebKit/537.36 (KHTML, like Gecko) Chrome/144.0.0.0 Mobile Safari/537.36"
150.107.16.254 - - [28/Jan/2026:09:51:38 +0100] "GET /assets/images/select-down-arw.png HTTP/1.0" 200 1825 "https://www.omkar.com/assets/css/omkarStyle.css" "Mozilla/5.0 (Linux; Android 10; K) AppleWebKit/537.36 (KHTML, like Gecko) Chrome/144.0.0.0 Mobile Safari/537.36"
150.107.16.254 - - [28/Jan/2026:09:51:38 +0100] "GET /assets/images/about-in-bg.jpg HTTP/1.0" 200 836 "https://www.omkar.com/assets/css/omkarStyle.css" "Mozilla/5.0 (Linux; Android 10; K) AppleWebKit/537.36 (KHTML, like Gecko) Chrome/144.0.0.0 Mobile Safari/537.36"
150.107.16.254 - - [28/Jan/2026:09:51:38 +0100] "GET /assets/images/contact-bg-logo.png HTTP/1.0" 200 839 "https://www.omkar.com/assets/css/omkarStyle.css" "Mozilla/5.0 (Linux; Android 10; K) AppleWebKit/537.36 (KHTML, like Gecko) Chrome/144.0.0.0 Mobile Safari/537.36"
150.107.16.254 - - [28/Jan/2026:09:51:38 +0100] "GET /assets/images/date-bg.png HTTP/1.0" 200 4023 "https://www.omkar.com/assets/css/omkarStyle.css" "Mozilla/5.0 (Linux; Android 10; K) AppleWebKit/537.36 (KHTML, like Gecko) Chrome/144.0.0.0 Mobile Safari/537.36"
150.107.16.254 - - [28/Jan/2026:09:51:38 +0100] "GET /assets/images/about-us-img1.webp HTTP/1.0" 200 4005 "https://www.omkar.com/" "Mozilla/5.0 (Linux; Android 10; K) AppleWebKit/537.36 (KHTML, like Gecko) Chrome/144.0.0.0 Mobile Safari/537.36"
150.107.16.254 - - [28/Jan/2026:09:51:38 +0100] "GET /assets/images/down-arrow.png HTTP/1.0" 200 4026 "https://www.omkar.com/assets/css/omkarStyle.css" "Mozilla/5.0 (Linux; Android 10; K) AppleWebKit/537.36 (KHTML, like Gecko) Chrome/144.0.0.0 Mobile Safari/537.36"
150.107.16.254 - - [28/Jan/2026:09:51:38 +0100] "GET /home/generateCaptcha?id=2 HTTP/1.0" 200 9385 "https://www.omkar.com/" "Mozilla/5.0 (Linux; Android 10; K) AppleWebKit/537.36 (KHTML, like Gecko) Chrome/144.0.0.0 Mobile Safari/537.36"
123.252.204.166 - - [28/Jan/2026:09:51:37 +0100] "POST / HTTP/1.0" 200 91496 "-" "Microsoft Office/16.0 (Windows NT 10.0; Microsoft Outlook 16.0.5452; Pro)"
150.107.16.254 - - [28/Jan/2026:09:51:39 +0100] "GET /assets/images/arrow-prev.png HTTP/1.0" 200 834 "https://www.omkar.com/assets/css/omkarStyle.css" "Mozilla/5.0 (Linux; Android 10; K) AppleWebKit/537.36 (KHTML, like Gecko) Chrome/144.0.0.0 Mobile Safari/537.36"
150.107.16.254 - - [28/Jan/2026:09:51:39 +0100] "GET /assets/images/arrow-next.png HTTP/1.0" 200 834 "https://www.omkar.com/assets/css/omkarStyle.css" "Mozilla/5.0 (Linux; Android 10; K) AppleWebKit/537.36 (KHTML, like Gecko) Chrome/144.0.0.0 Mobile Safari/537.36"
150.107.16.254 - - [28/Jan/2026:09:51:39 +0100] "GET /uploads/projects/small_image/15121200981716115605.jpeg HTTP/1.0" 200 861 "https://www.omkar.com/" "Mozilla/5.0 (Linux; Android 10; K) AppleWebKit/537.36 (KHTML, like Gecko) Chrome/144.0.0.0 Mobile Safari/537.36"
150.107.16.254 - - [28/Jan/2026:09:51:39 +0100] "GET /uploads/projects/small_image/1505733400590601501.png HTTP/1.0" 200 858 "https://www.omkar.com/" "Mozilla/5.0 (Linux; Android 10; K) AppleWebKit/537.36 (KHTML, like Gecko) Chrome/144.0.0.0 Mobile Safari/537.36"
150.107.16.254 - - [28/Jan/2026:09:51:39 +0100] "GET /uploads/projects/small_image/1506593198391940530.jpeg HTTP/1.0" 200 860 "https://www.omkar.com/" "Mozilla/5.0 (Linux; Android 10; K) AppleWebKit/537.36 (KHTML, like Gecko) Chrome/144.0.0.0 Mobile Safari/537.36"
150.107.16.254 - - [28/Jan/2026:09:51:39 +0100] "GET /uploads/projects/small_image/1534575308525273347.jpeg HTTP/1.0" 200 860 "https://www.omkar.com/" "Mozilla/5.0 (Linux; Android 10; K) AppleWebKit/537.36 (KHTML, like Gecko) Chrome/144.0.0.0 Mobile Safari/537.36"
150.107.16.254 - - [28/Jan/2026:09:51:40 +0100] "GET /assets/build/js/utils.js HTTP/1.0" 200 4028 "https://www.omkar.com/" "Mozilla/5.0 (Linux; Android 10; K) AppleWebKit/537.36 (KHTML, like Gecko) Chrome/144.0.0.0 Mobile Safari/537.36"
150.107.16.254 - - [28/Jan/2026:09:51:40 +0100] "GET /assets/images/favicon.ico HTTP/1.0" 200 846 "https://www.omkar.com/" "Mozilla/5.0 (Linux; Android 10; K) AppleWebKit/537.36 (KHTML, like Gecko) Chrome/144.0.0.0 Mobile Safari/537.36"
150.107.16.254 - - [28/Jan/2026:09:51:45 +0100] "GET /assets/images/phn-icon.png HTTP/1.0" 200 4024 "https://www.omkar.com/" "Mozilla/5.0 (Linux; Android 10; K) AppleWebKit/537.36 (KHTML, like Gecko) Chrome/144.0.0.0 Mobile Safari/537.36"
150.107.16.254 - - [28/Jan/2026:09:51:45 +0100] "GET /assets/images/phn-icn-2.png HTTP/1.0" 200 4025 "https://www.omkar.com/" "Mozilla/5.0 (Linux; Android 10; K) AppleWebKit/537.36 (KHTML, like Gecko) Chrome/144.0.0.0 Mobile Safari/537.36"
150.107.16.254 - - [28/Jan/2026:09:51:45 +0100] "GET /assets/images/link-icon.png HTTP/1.0" 200 4025 "https://www.omkar.com/" "Mozilla/5.0 (Linux; Android 10; K) AppleWebKit/537.36 (KHTML, like Gecko) Chrome/144.0.0.0 Mobile Safari/537.36"
150.107.16.254 - - [28/Jan/2026:09:51:45 +0100] "GET /uploads/home_page/1665158051222005894vive%20mobile.jpg HTTP/1.0" 200 859 "https://www.omkar.com/" "Mozilla/5.0 (Linux; Android 10; K) AppleWebKit/537.36 (KHTML, like Gecko) Chrome/144.0.0.0 Mobile Safari/537.36"
150.107.16.254 - - [28/Jan/2026:09:51:45 +0100] "GET /uploads/home_page/166445613977972799web-banner-600x800px-020922.jpg HTTP/1.0" 200 874 "https://www.omkar.com/" "Mozilla/5.0 (Linux; Android 10; K) AppleWebKit/537.36 (KHTML, like Gecko) Chrome/144.0.0.0 Mobile Safari/537.36"
150.107.16.254 - - [28/Jan/2026:09:51:45 +0100] "GET /uploads/home_page/1665158032312346901ananta%20mobile.jpg HTTP/1.0" 200 861 "https://www.omkar.com/" "Mozilla/5.0 (Linux; Android 10; K) AppleWebKit/537.36 (KHTML, like Gecko) Chrome/144.0.0.0 Mobile Safari/537.36"
66.249.84.193 - - [28/Jan/2026:09:51:45 +0100] "GET /images/omkar-emailer-logo.jpg HTTP/1.0" 301 1156 "-" "Mozilla/5.0 (Windows NT 5.1; rv:11.0) Gecko Firefox/11.0 (via ggpht.com GoogleImageProxy)"
66.249.84.195 - - [28/Jan/2026:09:51:46 +0100] "GET / HTTP/1.0" 200 18916 "-" "Mozilla/5.0 (Windows NT 5.1; rv:11.0) Gecko Firefox/11.0 (via ggpht.com GoogleImageProxy)"
52.112.49.156 - - [28/Jan/2026:09:51:48 +0100] "GET / HTTP/1.0" 200 22108 "-" "Mozilla/5.0 (Windows NT 6.1; WOW64) SkypeUriPreview Preview/0.5 skype-url-preview@microsoft.com"
52.112.49.156 - - [28/Jan/2026:09:51:49 +0100] "GET /assets/images/favicon.ico HTTP/1.0" 200 4038 "-" "Mozilla/5.0 (Windows NT 6.1; WOW64) SkypeUriPreview Preview/0.5 skype-url-preview@microsoft.com"
150.107.16.254 - - [28/Jan/2026:09:51:55 +0100] "GET /career HTTP/1.0" 200 25744 "https://www.omkar.com/" "Mozilla/5.0 (Linux; Android 10; K) AppleWebKit/537.36 (KHTML, like Gecko) Chrome/144.0.0.0 Mobile Safari/537.36"
150.107.16.254 - - [28/Jan/2026:09:51:57 +0100] "GET /assets/css/career.css HTTP/1.0" 200 826 "https://www.omkar.com/career" "Mozilla/5.0 (Linux; Android 10; K) AppleWebKit/537.36 (KHTML, like Gecko) Chrome/144.0.0.0 Mobile Safari/537.36"
150.107.16.254 - - [28/Jan/2026:09:51:57 +0100] "GET /assets/images/down-arw.png HTTP/1.0" 200 832 "https://www.omkar.com/career" "Mozilla/5.0 (Linux; Android 10; K) AppleWebKit/537.36 (KHTML, like Gecko) Chrome/144.0.0.0 Mobile Safari/537.36"
150.107.16.254 - - [28/Jan/2026:09:51:57 +0100] "GET /assets/images/career/img-01.jpg HTTP/1.0" 200 838 "https://www.omkar.com/career" "Mozilla/5.0 (Linux; Android 10; K) AppleWebKit/537.36 (KHTML, like Gecko) Chrome/144.0.0.0 Mobile Safari/537.36"
150.107.16.254 - - [28/Jan/2026:09:51:57 +0100] "GET /assets/images/career/brand-info-icon3.png HTTP/1.0" 200 847 "https://www.omkar.com/career" "Mozilla/5.0 (Linux; Android 10; K) AppleWebKit/537.36 (KHTML, like Gecko) Chrome/144.0.0.0 Mobile Safari/537.36"
150.107.16.254 - - [28/Jan/2026:09:51:57 +0100] "GET /assets/images/career/brand-info-icon4.png HTTP/1.0" 200 847 "https://www.omkar.com/career" "Mozilla/5.0 (Linux; Android 10; K) AppleWebKit/537.36 (KHTML, like Gecko) Chrome/144.0.0.0 Mobile Safari/537.36"
150.107.16.254 - - [28/Jan/2026:09:51:57 +0100] "GET /assets/images/career/brand-info-icon2.png HTTP/1.0" 200 847 "https://www.omkar.com/career" "Mozilla/5.0 (Linux; Android 10; K) AppleWebKit/537.36 (KHTML, like Gecko) Chrome/144.0.0.0 Mobile Safari/537.36"
150.107.16.254 - - [28/Jan/2026:09:51:57 +0100] "GET /assets/images/career/brand-info-icon1.png HTTP/1.0" 200 847 "https://www.omkar.com/career" "Mozilla/5.0 (Linux; Android 10; K) AppleWebKit/537.36 (KHTML, like Gecko) Chrome/144.0.0.0 Mobile Safari/537.36"
150.107.16.254 - - [28/Jan/2026:09:51:57 +0100] "GET /assets/images/career/brand-info-icon5.png HTTP/1.0" 200 847 "https://www.omkar.com/career" "Mozilla/5.0 (Linux; Android 10; K) AppleWebKit/537.36 (KHTML, like Gecko) Chrome/144.0.0.0 Mobile Safari/537.36"
150.107.16.254 - - [28/Jan/2026:09:51:57 +0100] "GET /assets/images/career/brand-info-icon6.png HTTP/1.0" 200 847 "https://www.omkar.com/career" "Mozilla/5.0 (Linux; Android 10; K) AppleWebKit/537.36 (KHTML, like Gecko) Chrome/144.0.0.0 Mobile Safari/537.36"
150.107.16.254 - - [28/Jan/2026:09:51:57 +0100] "GET /assets/images/career/brand-info-icon7.png HTTP/1.0" 200 847 "https://www.omkar.com/career" "Mozilla/5.0 (Linux; Android 10; K) AppleWebKit/537.36 (KHTML, like Gecko) Chrome/144.0.0.0 Mobile Safari/537.36"
150.107.16.254 - - [28/Jan/2026:09:51:57 +0100] "GET /uploads/event_gallery/16726695332023207147Navratri1.jpg HTTP/1.0" 200 862 "https://www.omkar.com/career" "Mozilla/5.0 (Linux; Android 10; K) AppleWebKit/537.36 (KHTML, like Gecko) Chrome/144.0.0.0 Mobile Safari/537.36"
150.107.16.254 - - [28/Jan/2026:09:51:57 +0100] "GET /uploads/event_gallery/1672668989386475595Twinklers1.jpg HTTP/1.0" 200 862 "https://www.omkar.com/career" "Mozilla/5.0 (Linux; Android 10; K) AppleWebKit/537.36 (KHTML, like Gecko) Chrome/144.0.0.0 Mobile Safari/537.36"
150.107.16.254 - - [28/Jan/2026:09:51:57 +0100] "GET /uploads/event_gallery/1672668904402060676Iftarparty1.jpg HTTP/1.0" 200 863 "https://www.omkar.com/career" "Mozilla/5.0 (Linux; Android 10; K) AppleWebKit/537.36 (KHTML, like Gecko) Chrome/144.0.0.0 Mobile Safari/537.36"
150.107.16.254 - - [28/Jan/2026:09:51:57 +0100] "GET /assets/images/career/brand-info-icon8.png HTTP/1.0" 200 847 "https://www.omkar.com/career" "Mozilla/5.0 (Linux; Android 10; K) AppleWebKit/537.36 (KHTML, like Gecko) Chrome/144.0.0.0 Mobile Safari/537.36"
150.107.16.254 - - [28/Jan/2026:09:51:57 +0100] "GET /uploads/event_gallery/16726687722028194929Independenceday1.jpg HTTP/1.0" 200 869 "https://www.omkar.com/career" "Mozilla/5.0 (Linux; Android 10; K) AppleWebKit/537.36 (KHTML, like Gecko) Chrome/144.0.0.0 Mobile Safari/537.36"
150.107.16.254 - - [28/Jan/2026:09:51:57 +0100] "GET /uploads/event_gallery/1672668719390152328Holi2.jpg HTTP/1.0" 200 857 "https://www.omkar.com/career" "Mozilla/5.0 (Linux; Android 10; K) AppleWebKit/537.36 (KHTML, like Gecko) Chrome/144.0.0.0 Mobile Safari/537.36"
150.107.16.254 - - [28/Jan/2026:09:51:57 +0100] "GET /uploads/event_gallery/16726686862048493306Holi1.jpg HTTP/1.0" 200 858 "https://www.omkar.com/career" "Mozilla/5.0 (Linux; Android 10; K) AppleWebKit/537.36 (KHTML, like Gecko) Chrome/144.0.0.0 Mobile Safari/537.36"
150.107.16.254 - - [28/Jan/2026:09:51:57 +0100] "GET /uploads/event_gallery/1672669505598829473Women'sday1.jpg HTTP/1.0" 200 863 "https://www.omkar.com/career" "Mozilla/5.0 (Linux; Android 10; K) AppleWebKit/537.36 (KHTML, like Gecko) Chrome/144.0.0.0 Mobile Safari/537.36"
150.107.16.254 - - [28/Jan/2026:09:51:57 +0100] "GET /uploads/event_gallery/16726689271399771818Iftarparty2.jpg HTTP/1.0" 200 864 "https://www.omkar.com/career" "Mozilla/5.0 (Linux; Android 10; K) AppleWebKit/537.36 (KHTML, like Gecko) Chrome/144.0.0.0 Mobile Safari/537.36"
150.107.16.254 - - [28/Jan/2026:09:51:57 +0100] "GET /uploads/event_gallery/1672669427905937631Men'sday1.jpg HTTP/1.0" 200 861 "https://www.omkar.com/career" "Mozilla/5.0 (Linux; Android 10; K) AppleWebKit/537.36 (KHTML, like Gecko) Chrome/144.0.0.0 Mobile Safari/537.36"
150.107.16.254 - - [28/Jan/2026:09:51:57 +0100] "GET /uploads/event_gallery/16726690652073240594Potluck1.jpg HTTP/1.0" 200 861 "https://www.omkar.com/career" "Mozilla/5.0 (Linux; Android 10; K) AppleWebKit/537.36 (KHTML, like Gecko) Chrome/144.0.0.0 Mobile Safari/537.36"
150.107.16.254 - - [28/Jan/2026:09:51:57 +0100] "GET /uploads/event_gallery/16726694801066094936Women'sDat2.jpg HTTP/1.0" 200 864 "https://www.omkar.com/career" "Mozilla/5.0 (Linux; Android 10; K) AppleWebKit/537.36 (KHTML, like Gecko) Chrome/144.0.0.0 Mobile Safari/537.36"
150.107.16.254 - - [28/Jan/2026:09:51:57 +0100] "GET /uploads/event_gallery/16726686374151360Ganeshutsav2.jpg HTTP/1.0" 200 862 "https://www.omkar.com/career" "Mozilla/5.0 (Linux; Android 10; K) AppleWebKit/537.36 (KHTML, like Gecko) Chrome/144.0.0.0 Mobile Safari/537.36"
150.107.16.254 - - [28/Jan/2026:09:51:57 +0100] "GET /uploads/event_gallery/16726686011023937414Ganeshutsav1.jpg HTTP/1.0" 200 865 "https://www.omkar.com/career" "Mozilla/5.0 (Linux; Android 10; K) AppleWebKit/537.36 (KHTML, like Gecko) Chrome/144.0.0.0 Mobile Safari/537.36"
150.107.16.254 - - [28/Jan/2026:09:51:57 +0100] "GET /uploads/event_gallery/1672669011136469806Twinklers2.jpg HTTP/1.0" 200 862 "https://www.omkar.com/career" "Mozilla/5.0 (Linux; Android 10; K) AppleWebKit/537.36 (KHTML, like Gecko) Chrome/144.0.0.0 Mobile Safari/537.36"
150.107.16.254 - - [28/Jan/2026:09:51:57 +0100] "GET /uploads/event_gallery/16726687911807501087Independenceday2.jpg HTTP/1.0" 200 869 "https://www.omkar.com/career" "Mozilla/5.0 (Linux; Android 10; K) AppleWebKit/537.36 (KHTML, like Gecko) Chrome/144.0.0.0 Mobile Safari/537.36"
150.107.16.254 - - [28/Jan/2026:09:51:57 +0100] "GET /uploads/event_gallery/1672669452576798472Men'sDay2.jpg HTTP/1.0" 200 861 "https://www.omkar.com/career" "Mozilla/5.0 (Linux; Android 10; K) AppleWebKit/537.36 (KHTML, like Gecko) Chrome/144.0.0.0 Mobile Safari/537.36"
150.107.16.254 - - [28/Jan/2026:09:51:57 +0100] "GET /uploads/event_gallery/1672669085432934024Potluck2.jpg HTTP/1.0" 200 860 "https://www.omkar.com/career" "Mozilla/5.0 (Linux; Android 10; K) AppleWebKit/537.36 (KHTML, like Gecko) Chrome/144.0.0.0 Mobile Safari/537.36"
150.107.16.254 - - [28/Jan/2026:09:51:57 +0100] "GET /uploads/event_gallery/16726685161844298156Christmas2.jpg HTTP/1.0" 200 863 "https://www.omkar.com/career" "Mozilla/5.0 (Linux; Android 10; K) AppleWebKit/537.36 (KHTML, like Gecko) Chrome/144.0.0.0 Mobile Safari/537.36"
150.107.16.254 - - [28/Jan/2026:09:51:57 +0100] "GET /uploads/testimonials/1499695803486084884Mohan-Subramanian_Head---Annexure-II-(AVP).png HTTP/1.0" 200 892 "https://www.omkar.com/career" "Mozilla/5.0 (Linux; Android 10; K) AppleWebKit/537.36 (KHTML, like Gecko) Chrome/144.0.0.0 Mobile Safari/537.36"
150.107.16.254 - - [28/Jan/2026:09:51:57 +0100] "GET /uploads/event_gallery/1672668493770943994Christmas1.jpg HTTP/1.0" 200 862 "https://www.omkar.com/career" "Mozilla/5.0 (Linux; Android 10; K) AppleWebKit/537.36 (KHTML, like Gecko) Chrome/144.0.0.0 Mobile Safari/537.36"
150.107.16.254 - - [28/Jan/2026:09:51:57 +0100] "GET /assets/images/testimonial/UmeshJandial.jpg HTTP/1.0" 200 849 "https://www.omkar.com/career" "Mozilla/5.0 (Linux; Android 10; K) AppleWebKit/537.36 (KHTML, like Gecko) Chrome/144.0.0.0 Mobile Safari/537.36"
150.107.16.254 - - [28/Jan/2026:09:51:57 +0100] "GET /uploads/event_gallery/149970267720864133583.png HTTP/1.0" 200 853 "https://www.omkar.com/career" "Mozilla/5.0 (Linux; Android 10; K) AppleWebKit/537.36 (KHTML, like Gecko) Chrome/144.0.0.0 Mobile Safari/537.36"
150.107.16.254 - - [28/Jan/2026:09:51:57 +0100] "GET /uploads/event_gallery/16726684701674345288Diwali2.jpg HTTP/1.0" 200 860 "https://www.omkar.com/career" "Mozilla/5.0 (Linux; Android 10; K) AppleWebKit/537.36 (KHTML, like Gecko) Chrome/144.0.0.0 Mobile Safari/537.36"
150.107.16.254 - - [28/Jan/2026:09:51:57 +0100] "GET /uploads/event_gallery/1672668391991051296Diwali1.jpg HTTP/1.0" 200 859 "https://www.omkar.com/career" "Mozilla/5.0 (Linux; Android 10; K) AppleWebKit/537.36 (KHTML, like Gecko) Chrome/144.0.0.0 Mobile Safari/537.36"
150.107.16.254 - - [28/Jan/2026:09:51:57 +0100] "GET /uploads/event_gallery/149970259010235854044.png HTTP/1.0" 200 853 "https://www.omkar.com/career" "Mozilla/5.0 (Linux; Android 10; K) AppleWebKit/537.36 (KHTML, like Gecko) Chrome/144.0.0.0 Mobile Safari/537.36"
150.107.16.254 - - [28/Jan/2026:09:51:57 +0100] "GET /uploads/event_gallery/149970266113336749081.png HTTP/1.0" 200 853 "https://www.omkar.com/career" "Mozilla/5.0 (Linux; Android 10; K) AppleWebKit/537.36 (KHTML, like Gecko) Chrome/144.0.0.0 Mobile Safari/537.36"
150.107.16.254 - - [28/Jan/2026:09:51:57 +0100] "GET /uploads/event_gallery/14997026089127621431.png HTTP/1.0" 200 852 "https://www.omkar.com/career" "Mozilla/5.0 (Linux; Android 10; K) AppleWebKit/537.36 (KHTML, like Gecko) Chrome/144.0.0.0 Mobile Safari/537.36"
150.107.16.254 - - [28/Jan/2026:09:51:57 +0100] "GET /uploads/event_gallery/14997026695256887892.png HTTP/1.0" 200 852 "https://www.omkar.com/career" "Mozilla/5.0 (Linux; Android 10; K) AppleWebKit/537.36 (KHTML, like Gecko) Chrome/144.0.0.0 Mobile Safari/537.36"
150.107.16.254 - - [28/Jan/2026:09:51:57 +0100] "GET /uploads/event_gallery/149970257116568487582.png HTTP/1.0" 200 853 "https://www.omkar.com/career" "Mozilla/5.0 (Linux; Android 10; K) AppleWebKit/537.36 (KHTML, like Gecko) Chrome/144.0.0.0 Mobile Safari/537.36"
150.107.16.254 - - [28/Jan/2026:09:51:57 +0100] "GET /uploads/testimonials/1499695868714364755Usha-Dukhande_Assistant-Manager,-Treasury.png HTTP/1.0" 200 891 "https://www.omkar.com/career" "Mozilla/5.0 (Linux; Android 10; K) AppleWebKit/537.36 (KHTML, like Gecko) Chrome/144.0.0.0 Mobile Safari/537.36"
150.107.16.254 - - [28/Jan/2026:09:51:57 +0100] "GET /uploads/event_gallery/14997026238944893053.png HTTP/1.0" 200 852 "https://www.omkar.com/career" "Mozilla/5.0 (Linux; Android 10; K) AppleWebKit/537.36 (KHTML, like Gecko) Chrome/144.0.0.0 Mobile Safari/537.36"
150.107.16.254 - - [28/Jan/2026:09:51:57 +0100] "GET /uploads/event_gallery/1499702581785269483.png HTTP/1.0" 200 851 "https://www.omkar.com/career" "Mozilla/5.0 (Linux; Android 10; K) AppleWebKit/537.36 (KHTML, like Gecko) Chrome/144.0.0.0 Mobile Safari/537.36"
150.107.16.254 - - [28/Jan/2026:09:51:57 +0100] "GET /uploads/event_gallery/149970254921036707471.png HTTP/1.0" 200 853 "https://www.omkar.com/career" "Mozilla/5.0 (Linux; Android 10; K) AppleWebKit/537.36 (KHTML, like Gecko) Chrome/144.0.0.0 Mobile Safari/537.36"
150.107.16.254 - - [28/Jan/2026:09:51:57 +0100] "GET /uploads/event_gallery/149970263015820964274.png HTTP/1.0" 200 853 "https://www.omkar.com/career" "Mozilla/5.0 (Linux; Android 10; K) AppleWebKit/537.36 (KHTML, like Gecko) Chrome/144.0.0.0 Mobile Safari/537.36"
150.107.16.254 - - [28/Jan/2026:09:51:57 +0100] "GET /assets/images/testimonial/SantoshGarud.jpg HTTP/1.0" 200 849 "https://www.omkar.com/career" "Mozilla/5.0 (Linux; Android 10; K) AppleWebKit/537.36 (KHTML, like Gecko) Chrome/144.0.0.0 Mobile Safari/537.36"
150.107.16.254 - - [28/Jan/2026:09:51:57 +0100] "GET /uploads/testimonials/1499695734576469583Ankush-Suresh-Kamble_Manager-Propery-Affairs.png HTTP/1.0" 200 894 "https://www.omkar.com/career" "Mozilla/5.0 (Linux; Android 10; K) AppleWebKit/537.36 (KHTML, like Gecko) Chrome/144.0.0.0 Mobile Safari/537.36"
150.107.16.254 - - [28/Jan/2026:09:51:57 +0100] "GET /assets/images/testimonial/LeenaJain.jpg HTTP/1.0" 200 846 "https://www.omkar.com/career" "Mozilla/5.0 (Linux; Android 10; K) AppleWebKit/537.36 (KHTML, like Gecko) Chrome/144.0.0.0 Mobile Safari/537.36"
150.107.16.254 - - [28/Jan/2026:09:51:57 +0100] "GET /assets/images/testimonial/SumanthKumar.jpg HTTP/1.0" 200 849 "https://www.omkar.com/career" "Mozilla/5.0 (Linux; Android 10; K) AppleWebKit/537.36 (KHTML, like Gecko) Chrome/144.0.0.0 Mobile Safari/537.36"
150.107.16.254 - - [28/Jan/2026:09:51:57 +0100] "GET /assets/images/testimonial/AnkitManiar.jpg HTTP/1.0" 200 848 "https://www.omkar.com/career" "Mozilla/5.0 (Linux; Android 10; K) AppleWebKit/537.36 (KHTML, like Gecko) Chrome/144.0.0.0 Mobile Safari/537.36"
150.107.16.254 - - [28/Jan/2026:09:51:57 +0100] "GET /assets/images/testimonial/MadanMistry.jpg HTTP/1.0" 200 848 "https://www.omkar.com/career" "Mozilla/5.0 (Linux; Android 10; K) AppleWebKit/537.36 (KHTML, like Gecko) Chrome/144.0.0.0 Mobile Safari/537.36"
150.107.16.254 - - [28/Jan/2026:09:51:57 +0100] "GET /assets/images/testimonial/OmkarShetty.jpg HTTP/1.0" 200 848 "https://www.omkar.com/career" "Mozilla/5.0 (Linux; Android 10; K) AppleWebKit/537.36 (KHTML, like Gecko) Chrome/144.0.0.0 Mobile Safari/537.36"
150.107.16.254 - - [28/Jan/2026:09:51:57 +0100] "GET /assets/images/testimonial/RahulKalyanpurkar.jpg HTTP/1.0" 200 854 "https://www.omkar.com/career" "Mozilla/5.0 (Linux; Android 10; K) AppleWebKit/537.36 (KHTML, like Gecko) Chrome/144.0.0.0 Mobile Safari/537.36"
150.107.16.254 - - [28/Jan/2026:09:51:57 +0100] "GET /assets/images/mob-careers-bg.png HTTP/1.0" 200 838 "https://www.omkar.com/assets/css/responsive.css" "Mozilla/5.0 (Linux; Android 10; K) AppleWebKit/537.36 (KHTML, like Gecko) Chrome/144.0.0.0 Mobile Safari/537.36"
