80.94.68.170 - - [28/Jan/2026:11:05:18 +0100] "GET /assets/css/font-awesome/css/font-awesome.min.css HTTP/1.0" 200 853 "https://www.omkar.com/" "Mozilla/5.0 (Macintosh; Intel Mac OS X 10_9_5) AppleWebKit/601.4.4 (KHTML, like Gecko) Version/9.0.3 Safari/537.86.4"
80.94.68.170 - - [28/Jan/2026:11:05:18 +0100] "GET /assets/css/omkarStyle.css HTTP/1.0" 200 830 "https://www.omkar.com/" "Mozilla/5.0 (Macintosh; Intel Mac OS X 10_9_5) AppleWebKit/601.4.4 (KHTML, like Gecko) Version/9.0.3 Safari/537.86.4"
80.94.68.170 - - [28/Jan/2026:11:05:18 +0100] "GET /assets/css/jquery.fancybox.css HTTP/1.0" 200 835 "https://www.omkar.com/" "Mozilla/5.0 (Macintosh; Intel Mac OS X 10_9_5) AppleWebKit/601.4.4 (KHTML, like Gecko) Version/9.0.3 Safari/537.86.4"
80.94.68.170 - - [28/Jan/2026:11:05:18 +0100] "GET /assets/css/owl.carousel.min.css HTTP/1.0" 200 836 "https://www.omkar.com/" "Mozilla/5.0 (Macintosh; Intel Mac OS X 10_9_5) AppleWebKit/601.4.4 (KHTML, like Gecko) Version/9.0.3 Safari/537.86.4"
80.94.68.170 - - [28/Jan/2026:11:05:18 +0100] "GET /assets/js/jquery-1.9.1.min.js HTTP/1.0" 200 841 "https://www.omkar.com/" "Mozilla/5.0 (Macintosh; Intel Mac OS X 10_9_5) AppleWebKit/601.4.4 (KHTML, like Gecko) Version/9.0.3 Safari/537.86.4"
80.94.68.170 - - [28/Jan/2026:11:05:18 +0100] "GET /assets/images/logo.png HTTP/1.0" 200 828 "https://www.omkar.com/" "Mozilla/5.0 (Macintosh; Intel Mac OS X 10_9_5) AppleWebKit/601.4.4 (KHTML, like Gecko) Version/9.0.3 Safari/537.86.4"
80.94.68.170 - - [28/Jan/2026:11:05:18 +0100] "GET /assets/images/whatsapp-dsk.png HTTP/1.0" 200 836 "https://www.omkar.com/" "Mozilla/5.0 (Macintosh; Intel Mac OS X 10_9_5) AppleWebKit/601.4.4 (KHTML, like Gecko) Version/9.0.3 Safari/537.86.4"
80.94.68.170 - - [28/Jan/2026:11:05:18 +0100] "GET /assets/images/refresh.png HTTP/1.0" 200 1315 "https://www.omkar.com/" "Mozilla/5.0 (Macintosh; Intel Mac OS X 10_9_5) AppleWebKit/601.4.4 (KHTML, like Gecko) Version/9.0.3 Safari/537.86.4"
80.94.68.170 - - [28/Jan/2026:11:05:18 +0100] "GET /uploads/projects/small_image/15121200981716115605.jpeg HTTP/1.0" 200 861 "https://www.omkar.com/" "Mozilla/5.0 (Macintosh; Intel Mac OS X 10_9_5) AppleWebKit/601.4.4 (KHTML, like Gecko) Version/9.0.3 Safari/537.86.4"
80.94.68.170 - - [28/Jan/2026:11:05:18 +0100] "GET /assets/images/roadblock.jpg HTTP/1.0" 200 834 "https://www.omkar.com/" "Mozilla/5.0 (Macintosh; Intel Mac OS X 10_9_5) AppleWebKit/601.4.4 (KHTML, like Gecko) Version/9.0.3 Safari/537.86.4"
80.94.68.170 - - [28/Jan/2026:11:05:18 +0100] "GET /assets/images/whatsapp.png HTTP/1.0" 200 832 "https://www.omkar.com/" "Mozilla/5.0 (Macintosh; Intel Mac OS X 10_9_5) AppleWebKit/601.4.4 (KHTML, like Gecko) Version/9.0.3 Safari/537.86.4"
80.94.68.170 - - [28/Jan/2026:11:05:18 +0100] "GET /assets/js/owl.carousel.min.js HTTP/1.0" 200 841 "https://www.omkar.com/" "Mozilla/5.0 (Macintosh; Intel Mac OS X 10_9_5) AppleWebKit/601.4.4 (KHTML, like Gecko) Version/9.0.3 Safari/537.86.4"
80.94.68.170 - - [28/Jan/2026:11:05:18 +0100] "GET /assets/build/js/intlTelInput.js HTTP/1.0" 200 843 "https://www.omkar.com/" "Mozilla/5.0 (Macintosh; Intel Mac OS X 10_9_5) AppleWebKit/601.4.4 (KHTML, like Gecko) Version/9.0.3 Safari/537.86.4"
80.94.68.170 - - [28/Jan/2026:11:05:18 +0100] "GET /uploads/projects/small_image/1534575308525273347.jpeg HTTP/1.0" 200 860 "https://www.omkar.com/" "Mozilla/5.0 (Macintosh; Intel Mac OS X 10_9_5) AppleWebKit/601.4.4 (KHTML, like Gecko) Version/9.0.3 Safari/537.86.4"
80.94.68.170 - - [28/Jan/2026:11:05:18 +0100] "GET /assets/js/jquery.fancybox.js HTTP/1.0" 200 840 "https://www.omkar.com/" "Mozilla/5.0 (Macintosh; Intel Mac OS X 10_9_5) AppleWebKit/601.4.4 (KHTML, like Gecko) Version/9.0.3 Safari/537.86.4"
80.94.68.170 - - [28/Jan/2026:11:05:18 +0100] "GET /assets/js/jquery.mousewheel.min.js HTTP/1.0" 200 846 "https://www.omkar.com/" "Mozilla/5.0 (Macintosh; Intel Mac OS X 10_9_5) AppleWebKit/601.4.4 (KHTML, like Gecko) Version/9.0.3 Safari/537.86.4"
80.94.68.170 - - [28/Jan/2026:11:05:18 +0100] "GET /assets/js/css3-animate-it.js HTTP/1.0" 200 840 "https://www.omkar.com/" "Mozilla/5.0 (Macintosh; Intel Mac OS X 10_9_5) AppleWebKit/601.4.4 (KHTML, like Gecko) Version/9.0.3 Safari/537.86.4"
80.94.68.170 - - [28/Jan/2026:11:05:18 +0100] "GET /uploads/projects/small_image/1505733400590601501.png HTTP/1.0" 200 858 "https://www.omkar.com/" "Mozilla/5.0 (Macintosh; Intel Mac OS X 10_9_5) AppleWebKit/601.4.4 (KHTML, like Gecko) Version/9.0.3 Safari/537.86.4"
80.94.68.170 - - [28/Jan/2026:11:05:18 +0100] "GET /uploads/projects/small_image/1506593198391940530.jpeg HTTP/1.0" 200 860 "https://www.omkar.com/" "Mozilla/5.0 (Macintosh; Intel Mac OS X 10_9_5) AppleWebKit/601.4.4 (KHTML, like Gecko) Version/9.0.3 Safari/537.86.4"
80.94.68.170 - - [28/Jan/2026:11:05:18 +0100] "GET /assets/css/normalpop.css HTTP/1.0" 200 829 "https://www.omkar.com/" "Mozilla/5.0 (Macintosh; Intel Mac OS X 10_9_5) AppleWebKit/601.4.4 (KHTML, like Gecko) Version/9.0.3 Safari/537.86.4"
80.94.68.170 - - [28/Jan/2026:11:05:18 +0100] "GET /assets/js/ion.rangeSlider.js HTTP/1.0" 200 840 "https://www.omkar.com/" "Mozilla/5.0 (Macintosh; Intel Mac OS X 10_9_5) AppleWebKit/601.4.4 (KHTML, like Gecko) Version/9.0.3 Safari/537.86.4"
80.94.68.170 - - [28/Jan/2026:11:05:18 +0100] "GET /assets/js/form.js HTTP/1.0" 200 829 "https://www.omkar.com/" "Mozilla/5.0 (Macintosh; Intel Mac OS X 10_9_5) AppleWebKit/601.4.4 (KHTML, like Gecko) Version/9.0.3 Safari/537.86.4"
80.94.68.170 - - [28/Jan/2026:11:05:18 +0100] "GET /assets/js/additional-methods.min.js HTTP/1.0" 200 847 "https://www.omkar.com/" "Mozilla/5.0 (Macintosh; Intel Mac OS X 10_9_5) AppleWebKit/601.4.4 (KHTML, like Gecko) Version/9.0.3 Safari/537.86.4"
80.94.68.170 - - [28/Jan/2026:11:05:18 +0100] "GET /assets/js/e-smart-zoom-jquery.min.js HTTP/1.0" 200 848 "https://www.omkar.com/" "Mozilla/5.0 (Macintosh; Intel Mac OS X 10_9_5) AppleWebKit/601.4.4 (KHTML, like Gecko) Version/9.0.3 Safari/537.86.4"
80.94.68.170 - - [28/Jan/2026:11:05:18 +0100] "GET /assets/js/custom.js HTTP/1.0" 200 831 "https://www.omkar.com/" "Mozilla/5.0 (Macintosh; Intel Mac OS X 10_9_5) AppleWebKit/601.4.4 (KHTML, like Gecko) Version/9.0.3 Safari/537.86.4"
80.94.68.170 - - [28/Jan/2026:11:05:18 +0100] "GET /assets/js/jquery.firstVisitPopup.js HTTP/1.0" 200 1366 "https://www.omkar.com/" "Mozilla/5.0 (Macintosh; Intel Mac OS X 10_9_5) AppleWebKit/601.4.4 (KHTML, like Gecko) Version/9.0.3 Safari/537.86.4"
80.94.68.170 - - [28/Jan/2026:11:05:18 +0100] "GET /assets/js/normalpopup-onclick.js HTTP/1.0" 200 844 "https://www.omkar.com/" "Mozilla/5.0 (Macintosh; Intel Mac OS X 10_9_5) AppleWebKit/601.4.4 (KHTML, like Gecko) Version/9.0.3 Safari/537.86.4"
80.94.68.170 - - [28/Jan/2026:11:05:18 +0100] "GET /assets/js/career.js HTTP/1.0" 200 1182 "https://www.omkar.com/" "Mozilla/5.0 (Macintosh; Intel Mac OS X 10_9_5) AppleWebKit/601.4.4 (KHTML, like Gecko) Version/9.0.3 Safari/537.86.4"
80.94.68.170 - - [28/Jan/2026:11:05:18 +0100] "GET /assets/js/modernizr.js HTTP/1.0" 200 834 "https://www.omkar.com/" "Mozilla/5.0 (Macintosh; Intel Mac OS X 10_9_5) AppleWebKit/601.4.4 (KHTML, like Gecko) Version/9.0.3 Safari/537.86.4"
80.94.68.170 - - [28/Jan/2026:11:05:18 +0100] "GET /uploads/projects/small_image/15057334741287740166.png HTTP/1.0" 200 859 "https://www.omkar.com/" "Mozilla/5.0 (Macintosh; Intel Mac OS X 10_9_5) AppleWebKit/601.4.4 (KHTML, like Gecko) Version/9.0.3 Safari/537.86.4"
80.94.68.170 - - [28/Jan/2026:11:05:18 +0100] "GET /uploads/projects/small_image/1527586581855573371.jpeg HTTP/1.0" 200 860 "https://www.omkar.com/" "Mozilla/5.0 (Macintosh; Intel Mac OS X 10_9_5) AppleWebKit/601.4.4 (KHTML, like Gecko) Version/9.0.3 Safari/537.86.4"
80.94.68.170 - - [28/Jan/2026:11:05:18 +0100] "GET /uploads/projects/small_image/15057335022115921800.png HTTP/1.0" 200 859 "https://www.omkar.com/" "Mozilla/5.0 (Macintosh; Intel Mac OS X 10_9_5) AppleWebKit/601.4.4 (KHTML, like Gecko) Version/9.0.3 Safari/537.86.4"
80.94.68.170 - - [28/Jan/2026:11:05:18 +0100] "GET /uploads/projects/small_image/1505733488404881540.png HTTP/1.0" 200 858 "https://www.omkar.com/" "Mozilla/5.0 (Macintosh; Intel Mac OS X 10_9_5) AppleWebKit/601.4.4 (KHTML, like Gecko) Version/9.0.3 Safari/537.86.4"
80.94.68.170 - - [28/Jan/2026:11:05:18 +0100] "GET /assets/images/t-icon.png HTTP/1.0" 200 830 "https://www.omkar.com/" "Mozilla/5.0 (Macintosh; Intel Mac OS X 10_9_5) AppleWebKit/601.4.4 (KHTML, like Gecko) Version/9.0.3 Safari/537.86.4"
80.94.68.170 - - [28/Jan/2026:11:05:18 +0100] "GET /assets/images/f-icon.png HTTP/1.0" 200 830 "https://www.omkar.com/" "Mozilla/5.0 (Macintosh; Intel Mac OS X 10_9_5) AppleWebKit/601.4.4 (KHTML, like Gecko) Version/9.0.3 Safari/537.86.4"
80.94.68.170 - - [28/Jan/2026:11:05:18 +0100] "GET /uploads/projects/small_image/15057382901706217946.jpeg HTTP/1.0" 200 861 "https://www.omkar.com/" "Mozilla/5.0 (Macintosh; Intel Mac OS X 10_9_5) AppleWebKit/601.4.4 (KHTML, like Gecko) Version/9.0.3 Safari/537.86.4"
80.94.68.170 - - [28/Jan/2026:11:05:18 +0100] "GET /assets/js/jquery.validate.min.js HTTP/1.0" 200 844 "https://www.omkar.com/" "Mozilla/5.0 (Macintosh; Intel Mac OS X 10_9_5) AppleWebKit/601.4.4 (KHTML, like Gecko) Version/9.0.3 Safari/537.86.4"
80.94.68.170 - - [28/Jan/2026:11:05:18 +0100] "GET /assets/images/y-icon.png HTTP/1.0" 200 830 "https://www.omkar.com/" "Mozilla/5.0 (Macintosh; Intel Mac OS X 10_9_5) AppleWebKit/601.4.4 (KHTML, like Gecko) Version/9.0.3 Safari/537.86.4"
80.94.68.170 - - [28/Jan/2026:11:05:18 +0100] "GET /assets/images/in-icon.png HTTP/1.0" 200 831 "https://www.omkar.com/" "Mozilla/5.0 (Macintosh; Intel Mac OS X 10_9_5) AppleWebKit/601.4.4 (KHTML, like Gecko) Version/9.0.3 Safari/537.86.4"
80.94.68.170 - - [28/Jan/2026:11:05:18 +0100] "GET /assets/images/instagram.png HTTP/1.0" 200 833 "https://www.omkar.com/" "Mozilla/5.0 (Macintosh; Intel Mac OS X 10_9_5) AppleWebKit/601.4.4 (KHTML, like Gecko) Version/9.0.3 Safari/537.86.4"
80.94.68.170 - - [28/Jan/2026:11:05:18 +0100] "GET /assets/images/blog.png HTTP/1.0" 200 828 "https://www.omkar.com/" "Mozilla/5.0 (Macintosh; Intel Mac OS X 10_9_5) AppleWebKit/601.4.4 (KHTML, like Gecko) Version/9.0.3 Safari/537.86.4"
80.94.68.170 - - [28/Jan/2026:11:05:19 +0100] "GET /assets/css/font-awesome/fonts/fontawesome-webfont.woff2?v=4.7.0 HTTP/1.0" 200 862 "https://www.omkar.com/assets/css/font-awesome/css/font-awesome.min.css" "Mozilla/5.0 (Macintosh; Intel Mac OS X 10_9_5) AppleWebKit/601.4.4 (KHTML, like Gecko) Version/9.0.3 Safari/537.86.4"
80.94.68.170 - - [28/Jan/2026:11:05:19 +0100] "GET /assets/images/loading.gif HTTP/1.0" 200 831 "https://www.omkar.com/assets/css/omkarStyle.css" "Mozilla/5.0 (Macintosh; Intel Mac OS X 10_9_5) AppleWebKit/601.4.4 (KHTML, like Gecko) Version/9.0.3 Safari/537.86.4"
80.94.68.170 - - [28/Jan/2026:11:05:19 +0100] "GET /assets/images/down-arrow.png HTTP/1.0" 200 834 "https://www.omkar.com/assets/css/omkarStyle.css" "Mozilla/5.0 (Macintosh; Intel Mac OS X 10_9_5) AppleWebKit/601.4.4 (KHTML, like Gecko) Version/9.0.3 Safari/537.86.4"
80.94.68.170 - - [28/Jan/2026:11:05:19 +0100] "GET /assets/images/about-in-bg.jpg HTTP/1.0" 200 836 "https://www.omkar.com/assets/css/omkarStyle.css" "Mozilla/5.0 (Macintosh; Intel Mac OS X 10_9_5) AppleWebKit/601.4.4 (KHTML, like Gecko) Version/9.0.3 Safari/537.86.4"
80.94.68.170 - - [28/Jan/2026:11:05:19 +0100] "GET /assets/images/about-us-img1.webp HTTP/1.0" 200 813 "https://www.omkar.com/" "Mozilla/5.0 (Macintosh; Intel Mac OS X 10_9_5) AppleWebKit/601.4.4 (KHTML, like Gecko) Version/9.0.3 Safari/537.86.4"
80.94.68.170 - - [28/Jan/2026:11:05:19 +0100] "GET /assets/images/contact-bg-logo.png HTTP/1.0" 200 839 "https://www.omkar.com/assets/css/omkarStyle.css" "Mozilla/5.0 (Macintosh; Intel Mac OS X 10_9_5) AppleWebKit/601.4.4 (KHTML, like Gecko) Version/9.0.3 Safari/537.86.4"
80.94.68.170 - - [28/Jan/2026:11:05:19 +0100] "GET /assets/images/date-bg.png HTTP/1.0" 200 831 "https://www.omkar.com/assets/css/omkarStyle.css" "Mozilla/5.0 (Macintosh; Intel Mac OS X 10_9_5) AppleWebKit/601.4.4 (KHTML, like Gecko) Version/9.0.3 Safari/537.86.4"
80.94.68.170 - - [28/Jan/2026:11:05:19 +0100] "GET /assets/images/select-down-arw.png HTTP/1.0" 200 1825 "https://www.omkar.com/assets/css/omkarStyle.css" "Mozilla/5.0 (Macintosh; Intel Mac OS X 10_9_5) AppleWebKit/601.4.4 (KHTML, like Gecko) Version/9.0.3 Safari/537.86.4"
80.94.68.170 - - [28/Jan/2026:11:05:19 +0100] "GET /assets/images/projcarousel-bg.png HTTP/1.0" 200 1849 "https://www.omkar.com/assets/css/omkarStyle.css" "Mozilla/5.0 (Macintosh; Intel Mac OS X 10_9_5) AppleWebKit/601.4.4 (KHTML, like Gecko) Version/9.0.3 Safari/537.86.4"
80.94.68.170 - - [28/Jan/2026:11:05:19 +0100] "GET /assets/images/arrow-prev.png HTTP/1.0" 200 834 "https://www.omkar.com/assets/css/omkarStyle.css" "Mozilla/5.0 (Macintosh; Intel Mac OS X 10_9_5) AppleWebKit/601.4.4 (KHTML, like Gecko) Version/9.0.3 Safari/537.86.4"
80.94.68.170 - - [28/Jan/2026:11:05:19 +0100] "GET /assets/images/arrow-next.png HTTP/1.0" 200 834 "https://www.omkar.com/assets/css/omkarStyle.css" "Mozilla/5.0 (Macintosh; Intel Mac OS X 10_9_5) AppleWebKit/601.4.4 (KHTML, like Gecko) Version/9.0.3 Safari/537.86.4"
80.94.68.170 - - [28/Jan/2026:11:05:19 +0100] "GET /assets/images/UpArrow.png HTTP/1.0" 200 831 "https://www.omkar.com/assets/css/omkarStyle.css" "Mozilla/5.0 (Macintosh; Intel Mac OS X 10_9_5) AppleWebKit/601.4.4 (KHTML, like Gecko) Version/9.0.3 Safari/537.86.4"
80.94.68.170 - - [28/Jan/2026:11:05:18 +0100] "GET /home/generateCaptcha?id=2 HTTP/1.0" 200 5903 "https://www.omkar.com/" "Mozilla/5.0 (Macintosh; Intel Mac OS X 10_9_5) AppleWebKit/601.4.4 (KHTML, like Gecko) Version/9.0.3 Safari/537.86.4"
202.72.225.44 - - [28/Jan/2026:11:05:19 +0100] "GET /images/omkar-emailer-logo.jpg HTTP/1.0" 301 1156 "-" "Mozilla/5.0 (Windows NT 10.0; Win64; x64) AppleWebKit/537.36 (KHTML, like Gecko) Chrome/144.0.0.0 Safari/537.36"
80.94.68.170 - - [28/Jan/2026:11:05:20 +0100] "GET /assets/build/js/utils.js HTTP/1.0" 200 836 "https://www.omkar.com/" "Mozilla/5.0 (Macintosh; Intel Mac OS X 10_9_5) AppleWebKit/601.4.4 (KHTML, like Gecko) Version/9.0.3 Safari/537.86.4"
80.94.68.170 - - [28/Jan/2026:11:05:20 +0100] "GET /assets/images/favicon.ico HTTP/1.0" 200 846 "https://www.omkar.com/" "Mozilla/5.0 (Macintosh; Intel Mac OS X 10_9_5) AppleWebKit/601.4.4 (KHTML, like Gecko) Version/9.0.3 Safari/537.86.4"
202.72.225.44 - - [28/Jan/2026:11:05:20 +0100] "GET / HTTP/1.0" 200 18916 "-" "Mozilla/5.0 (Windows NT 10.0; Win64; x64) AppleWebKit/537.36 (KHTML, like Gecko) Chrome/144.0.0.0 Safari/537.36"
43.231.132.42 - - [28/Jan/2026:11:05:25 +0100] "POST /autodiscover/autodiscover.xml HTTP/1.0" 301 4180 "-" "Microsoft Office/16.0 (Windows NT 10.0; Microsoft Outlook 16.0.5452; Pro)"
43.231.132.42 - - [28/Jan/2026:11:05:25 +0100] "POST / HTTP/1.0" 200 91496 "-" "Microsoft Office/16.0 (Windows NT 10.0; Microsoft Outlook 16.0.5452; Pro)"
80.94.68.170 - - [28/Jan/2026:11:05:28 +0100] "GET /uploads/home_page/16644561391209211850web-banner-1800x726px-020922.jpg HTTP/1.0" 200 4069 "https://www.omkar.com/" "Mozilla/5.0 (Macintosh; Intel Mac OS X 10_9_5) AppleWebKit/601.4.4 (KHTML, like Gecko) Version/9.0.3 Safari/537.86.4"
80.94.68.170 - - [28/Jan/2026:11:05:28 +0100] "GET /uploads/home_page/1665158051978241939vive.jpg HTTP/1.0" 200 4044 "https://www.omkar.com/" "Mozilla/5.0 (Macintosh; Intel Mac OS X 10_9_5) AppleWebKit/601.4.4 (KHTML, like Gecko) Version/9.0.3 Safari/537.86.4"
80.94.68.170 - - [28/Jan/2026:11:05:28 +0100] "GET /uploads/home_page/16651580321004582480ananta.jpg HTTP/1.0" 200 4047 "https://www.omkar.com/" "Mozilla/5.0 (Macintosh; Intel Mac OS X 10_9_5) AppleWebKit/601.4.4 (KHTML, like Gecko) Version/9.0.3 Safari/537.86.4"
80.94.68.170 - - [28/Jan/2026:11:05:28 +0100] "GET /uploads/news/16212452561714627762.png HTTP/1.0" 200 4035 "https://www.omkar.com/" "Mozilla/5.0 (Macintosh; Intel Mac OS X 10_9_5) AppleWebKit/601.4.4 (KHTML, like Gecko) Version/9.0.3 Safari/537.86.4"
80.94.68.170 - - [28/Jan/2026:11:05:28 +0100] "GET /assets/images/phn-icon.png HTTP/1.0" 200 4024 "https://www.omkar.com/" "Mozilla/5.0 (Macintosh; Intel Mac OS X 10_9_5) AppleWebKit/601.4.4 (KHTML, like Gecko) Version/9.0.3 Safari/537.86.4"
80.94.68.170 - - [28/Jan/2026:11:05:28 +0100] "GET /assets/images/link-icon.png HTTP/1.0" 200 4025 "https://www.omkar.com/" "Mozilla/5.0 (Macintosh; Intel Mac OS X 10_9_5) AppleWebKit/601.4.4 (KHTML, like Gecko) Version/9.0.3 Safari/537.86.4"
80.94.68.170 - - [28/Jan/2026:11:05:28 +0100] "GET /assets/images/phn-icn-2.png HTTP/1.0" 200 4025 "https://www.omkar.com/" "Mozilla/5.0 (Macintosh; Intel Mac OS X 10_9_5) AppleWebKit/601.4.4 (KHTML, like Gecko) Version/9.0.3 Safari/537.86.4"
80.94.68.170 - - [28/Jan/2026:11:05:28 +0100] "GET /uploads/news/19072657811714627938.png HTTP/1.0" 301 4216 "https://www.omkar.com/" "Mozilla/5.0 (Macintosh; Intel Mac OS X 10_9_5) AppleWebKit/601.4.4 (KHTML, like Gecko) Version/9.0.3 Safari/537.86.4"
80.94.68.170 - - [28/Jan/2026:11:05:28 +0100] "GET /uploads/news/12474967321692789820.png HTTP/1.0" 301 4216 "https://www.omkar.com/" "Mozilla/5.0 (Macintosh; Intel Mac OS X 10_9_5) AppleWebKit/601.4.4 (KHTML, like Gecko) Version/9.0.3 Safari/537.86.4"
80.94.68.170 - - [28/Jan/2026:11:05:28 +0100] "GET /uploads/news/2737691201714628078.png HTTP/1.0" 301 4216 "https://www.omkar.com/" "Mozilla/5.0 (Macintosh; Intel Mac OS X 10_9_5) AppleWebKit/601.4.4 (KHTML, like Gecko) Version/9.0.3 Safari/537.86.4"
80.94.68.170 - - [28/Jan/2026:11:05:29 +0100] "GET / HTTP/1.0" 200 18784 "https://www.omkar.com/" "Mozilla/5.0 (Macintosh; Intel Mac OS X 10_9_5) AppleWebKit/601.4.4 (KHTML, like Gecko) Version/9.0.3 Safari/537.86.4"
80.94.68.170 - - [28/Jan/2026:11:05:30 +0100] "GET / HTTP/1.0" 200 21976 "https://www.omkar.com/" "Mozilla/5.0 (Macintosh; Intel Mac OS X 10_9_5) AppleWebKit/601.4.4 (KHTML, like Gecko) Version/9.0.3 Safari/537.86.4"
202.72.225.44 - - [28/Jan/2026:11:05:32 +0100] "GET /images/omkar-emailer-logo.jpg HTTP/1.0" 301 4348 "-" "Mozilla/5.0 (Windows NT 10.0; Win64; x64) AppleWebKit/537.36 (KHTML, like Gecko) Chrome/144.0.0.0 Safari/537.36"
202.72.225.44 - - [28/Jan/2026:11:05:33 +0100] "GET / HTTP/1.0" 200 18916 "-" "Mozilla/5.0 (Windows NT 10.0; Win64; x64) AppleWebKit/537.36 (KHTML, like Gecko) Chrome/144.0.0.0 Safari/537.36"
80.94.68.170 - - [28/Jan/2026:11:05:32 +0100] "GET / HTTP/1.0" 200 18784 "https://www.omkar.com/" "Mozilla/5.0 (Macintosh; Intel Mac OS X 10_9_5) AppleWebKit/601.4.4 (KHTML, like Gecko) Version/9.0.3 Safari/537.86.4"
216.73.216.133 - - [28/Jan/2026:11:05:48 +0100] "GET /uploads/news/12374548551768478999.php?fileloc=%2Fvar%2Fwww%2Fvhosts%2Fomkar.com%2Fhttpdocs%2Fuploads%2Fconstruction_updates%2F160222847727058684B+wing.jpg&path=%2Fvar%2Fwww%2Fvhosts%2Fomkar.com%2Fhttpdocs%2Fuploads%2Fconstruction_updates HTTP/1.0" 200 8359 "-" "Mozilla/5.0 AppleWebKit/537.36 (KHTML, like Gecko; compatible; ClaudeBot/1.0; +claudebot@anthropic.com)"
216.73.216.133 - - [28/Jan/2026:11:05:48 +0100] "GET /uploads/news/12374548551768478999.php?fileloc=%2Fvar%2Fwww%2Fvhosts%2Fomkar.com%2Fhttpdocs%2Fuploads%2Fconstruction_updates%2F149966602420230691886+jun+17+2.png&path=%2Fvar%2Fwww%2Fvhosts%2Fomkar.com%2Fhttpdocs%2Fuploads%2Fconstruction_updates HTTP/1.0" 200 8364 "-" "Mozilla/5.0 AppleWebKit/537.36 (KHTML, like Gecko; compatible; ClaudeBot/1.0; +claudebot@anthropic.com)"
216.73.216.133 - - [28/Jan/2026:11:05:48 +0100] "GET /uploads/news/12374548551768478999.php?fileloc=%2Fvar%2Fwww%2Fvhosts%2Fomkar.com%2Fhttpdocs%2Fuploads%2Fconstruction_updates%2F1499670794925224978MAN_4127.png&path=%2Fvar%2Fwww%2Fvhosts%2Fomkar.com%2Fhttpdocs%2Fuploads%2Fconstruction_updates HTTP/1.0" 200 8362 "-" "Mozilla/5.0 AppleWebKit/537.36 (KHTML, like Gecko; compatible; ClaudeBot/1.0; +claudebot@anthropic.com)"
216.73.216.133 - - [28/Jan/2026:11:05:48 +0100] "GET /uploads/news/12374548551768478999.php?fileloc=%2Fvar%2Fwww%2Fvhosts%2Fomkar.com%2Fhttpdocs%2Fuploads%2Fconstruction_updates%2F1551875745529318179B+wing.jpg&path=%2Fvar%2Fwww%2Fvhosts%2Fomkar.com%2Fhttpdocs%2Fuploads%2Fconstruction_updates HTTP/1.0" 200 5185 "-" "Mozilla/5.0 AppleWebKit/537.36 (KHTML, like Gecko; compatible; ClaudeBot/1.0; +claudebot@anthropic.com)"
66.249.84.193 - - [28/Jan/2026:11:05:48 +0100] "GET /images/omkar-emailer-logo.jpg HTTP/1.0" 301 4348 "-" "Mozilla/5.0 (Windows NT 5.1; rv:11.0) Gecko Firefox/11.0 (via ggpht.com GoogleImageProxy)"
216.73.216.133 - - [28/Jan/2026:11:05:49 +0100] "GET /uploads/news/12374548551768478999.php?fileloc=%2Fvar%2Fwww%2Fvhosts%2Fomkar.com%2Fhttpdocs%2Fuploads%2Fconstruction_updates%2F15518757521368229939C+wing.jpg&path=%2Fvar%2Fwww%2Fvhosts%2Fomkar.com%2Fhttpdocs%2Fuploads%2Fconstruction_updates HTTP/1.0" 200 5186 "-" "Mozilla/5.0 AppleWebKit/537.36 (KHTML, like Gecko; compatible; ClaudeBot/1.0; +claudebot@anthropic.com)"
216.73.216.133 - - [28/Jan/2026:11:05:49 +0100] "GET /uploads/news/12374548551768478999.php?fileloc=%2Fvar%2Fwww%2Fvhosts%2Fomkar.com%2Fhttpdocs%2Fuploads%2Fconstruction_updates%2F14996706271023347485MAN_4201.png&path=%2Fvar%2Fwww%2Fvhosts%2Fomkar.com%2Fhttpdocs%2Fuploads%2Fconstruction_updates HTTP/1.0" 200 5187 "-" "Mozilla/5.0 AppleWebKit/537.36 (KHTML, like Gecko; compatible; ClaudeBot/1.0; +claudebot@anthropic.com)"
216.73.216.133 - - [28/Jan/2026:11:05:50 +0100] "GET /uploads/news/12374548551768478999.php?fileloc=%2Fvar%2Fwww%2Fvhosts%2Fomkar.com%2Fhttpdocs%2Fuploads%2Fconstruction_updates%2F14996700661940845480MAN_4157.png&path=%2Fvar%2Fwww%2Fvhosts%2Fomkar.com%2Fhttpdocs%2Fuploads%2Fconstruction_updates HTTP/1.0" 200 5203 "-" "Mozilla/5.0 AppleWebKit/537.36 (KHTML, like Gecko; compatible; ClaudeBot/1.0; +claudebot@anthropic.com)"
216.73.216.133 - - [28/Jan/2026:11:05:50 +0100] "GET /uploads/news/12374548551768478999.php?fileloc=%2Fvar%2Fwww%2Fvhosts%2Fomkar.com%2Fhttpdocs%2Fuploads%2Fconstruction_updates%2F14996646824036675652+2+17.jpg&path=%2Fvar%2Fwww%2Fvhosts%2Fomkar.com%2Fhttpdocs%2Fuploads%2Fconstruction_updates HTTP/1.0" 200 8360 "-" "Mozilla/5.0 AppleWebKit/537.36 (KHTML, like Gecko; compatible; ClaudeBot/1.0; +claudebot@anthropic.com)"
66.249.84.194 - - [28/Jan/2026:11:05:50 +0100] "GET / HTTP/1.0" 200 22108 "-" "Mozilla/5.0 (Windows NT 5.1; rv:11.0) Gecko Firefox/11.0 (via ggpht.com GoogleImageProxy)"
216.73.216.133 - - [28/Jan/2026:11:05:51 +0100] "GET /uploads/news/12374548551768478999.php?fileloc=%2Fvar%2Fwww%2Fvhosts%2Fomkar.com%2Fhttpdocs%2Fuploads%2Fconstruction_updates%2F14996707601105314060MAN_4120.png&path=%2Fvar%2Fwww%2Fvhosts%2Fomkar.com%2Fhttpdocs%2Fuploads%2Fconstruction_updates HTTP/1.0" 200 8364 "-" "Mozilla/5.0 AppleWebKit/537.36 (KHTML, like Gecko; compatible; ClaudeBot/1.0; +claudebot@anthropic.com)"
216.73.216.133 - - [28/Jan/2026:11:05:52 +0100] "GET /uploads/news/12374548551768478999.php?fileloc=%2Fvar%2Fwww%2Fvhosts%2Fomkar.com%2Fhttpdocs%2Fuploads%2Fconstruction_updates%2F14996706091144977121MAN_4199.png&path=%2Fvar%2Fwww%2Fvhosts%2Fomkar.com%2Fhttpdocs%2Fuploads%2Fconstruction_updates HTTP/1.0" 200 5187 "-" "Mozilla/5.0 AppleWebKit/537.36 (KHTML, like Gecko; compatible; ClaudeBot/1.0; +claudebot@anthropic.com)"
216.73.216.133 - - [28/Jan/2026:11:05:52 +0100] "GET /uploads/news/12374548551768478999.php?fileloc=%2Fvar%2Fwww%2Fvhosts%2Fomkar.com%2Fhttpdocs%2Fuploads%2Fconstruction_updates%2F155187575859265316D+wing.jpg&path=%2Fvar%2Fwww%2Fvhosts%2Fomkar.com%2Fhttpdocs%2Fuploads%2Fconstruction_updates HTTP/1.0" 200 8359 "-" "Mozilla/5.0 AppleWebKit/537.36 (KHTML, like Gecko; compatible; ClaudeBot/1.0; +claudebot@anthropic.com)"
216.73.216.133 - - [28/Jan/2026:11:05:48 +0100] "GET /uploads/news/12374548551768478999.php?fileloc=%2Fvar%2Fwww%2Fvhosts%2Fomkar.com%2Fhttpdocs%2Fuploads%2Fconstruction_updates%2F14996700471472089570MAN_4148.png&path=%2Fvar%2Fwww%2Fvhosts%2Fomkar.com%2Fhttpdocs%2Fuploads%2Fconstruction_updates HTTP/1.0" 200 5187 "-" "Mozilla/5.0 AppleWebKit/537.36 (KHTML, like Gecko; compatible; ClaudeBot/1.0; +claudebot@anthropic.com)"
216.73.216.133 - - [28/Jan/2026:11:05:49 +0100] "GET /uploads/news/12374548551768478999.php?fileloc=%2Fvar%2Fwww%2Fvhosts%2Fomkar.com%2Fhttpdocs%2Fuploads%2Fconstruction_updates%2F1499670767603587870MAN_4121.png&path=%2Fvar%2Fwww%2Fvhosts%2Fomkar.com%2Fhttpdocs%2Fuploads%2Fconstruction_updates HTTP/1.0" 200 5185 "-" "Mozilla/5.0 AppleWebKit/537.36 (KHTML, like Gecko; compatible; ClaudeBot/1.0; +claudebot@anthropic.com)"
216.73.216.133 - - [28/Jan/2026:11:05:49 +0100] "GET /uploads/news/12374548551768478999.php?fileloc=%2Fvar%2Fwww%2Fvhosts%2Fomkar.com%2Fhttpdocs%2Fuploads%2Fconstruction_updates%2F14996701391629306562MAN_4156.png&path=%2Fvar%2Fwww%2Fvhosts%2Fomkar.com%2Fhttpdocs%2Fuploads%2Fconstruction_updates HTTP/1.0" 200 8363 "-" "Mozilla/5.0 AppleWebKit/537.36 (KHTML, like Gecko; compatible; ClaudeBot/1.0; +claudebot@anthropic.com)"
66.249.84.194 - - [28/Jan/2026:11:05:55 +0100] "GET /images/omkar-emailer-logo.jpg HTTP/1.0" 301 4348 "-" "Mozilla/5.0 (Windows NT 5.1; rv:11.0) Gecko Firefox/11.0 (via ggpht.com GoogleImageProxy)"
66.249.84.195 - - [28/Jan/2026:11:05:56 +0100] "GET / HTTP/1.0" 200 22108 "-" "Mozilla/5.0 (Windows NT 5.1; rv:11.0) Gecko Firefox/11.0 (via ggpht.com GoogleImageProxy)"
42.108.77.70 - - [28/Jan/2026:11:06:04 +0100] "GET /images/omkar-emailer-logo.jpg HTTP/1.0" 301 4348 "-" "Mozilla/5.0 (Linux; Android 13; RMX3785 Build/TP1A.220905.001; wv) AppleWebKit/537.36 (KHTML, like Gecko) Version/4.0 Chrome/143.0.7499.35 Mobile Safari/537.36"
42.108.77.70 - - [28/Jan/2026:11:06:05 +0100] "GET / HTTP/1.0" 200 22106 "-" "Mozilla/5.0 (Linux; Android 13; RMX3785 Build/TP1A.220905.001; wv) AppleWebKit/537.36 (KHTML, like Gecko) Version/4.0 Chrome/143.0.7499.35 Mobile Safari/537.36"
216.73.216.133 - - [28/Jan/2026:11:06:10 +0100] "GET /uploads/news/12374548551768478999.php?fileloc=%2Fvar%2Fwww%2Fvhosts%2Fomkar.com%2Fhttpdocs%2Fuploads%2Fconstruction_updates%2F1499670822226442918MAN_4116.png&path=%2Fvar%2Fwww%2Fvhosts%2Fomkar.com%2Fhttpdocs%2Fuploads%2Fconstruction_updates HTTP/1.0" 200 8361 "-" "Mozilla/5.0 AppleWebKit/537.36 (KHTML, like Gecko; compatible; ClaudeBot/1.0; +claudebot@anthropic.com)"
216.73.216.133 - - [28/Jan/2026:11:06:10 +0100] "GET /uploads/news/12374548551768478999.php?fileloc=%2Fvar%2Fwww%2Fvhosts%2Fomkar.com%2Fhttpdocs%2Fuploads%2Fconstruction_updates%2F1499670618219411733MAN_4200.png&path=%2Fvar%2Fwww%2Fvhosts%2Fomkar.com%2Fhttpdocs%2Fuploads%2Fconstruction_updates HTTP/1.0" 200 5186 "-" "Mozilla/5.0 AppleWebKit/537.36 (KHTML, like Gecko; compatible; ClaudeBot/1.0; +claudebot@anthropic.com)"
216.73.216.133 - - [28/Jan/2026:11:06:10 +0100] "GET /uploads/news/12374548551768478999.php?fileloc=%2Fvar%2Fwww%2Fvhosts%2Fomkar.com%2Fhttpdocs%2Fuploads%2Fconstruction_updates%2F1498804695642494371meridia2.png&path=%2Fvar%2Fwww%2Fvhosts%2Fomkar.com%2Fhttpdocs%2Fuploads%2Fconstruction_updates HTTP/1.0" 200 8360 "-" "Mozilla/5.0 AppleWebKit/537.36 (KHTML, like Gecko; compatible; ClaudeBot/1.0; +claudebot@anthropic.com)"
123.252.204.166 - - [28/Jan/2026:11:06:10 +0100] "GET /images/omkar-emailer-logo.jpg HTTP/1.0" 301 1140 "https://mail.omkar.com/" "Mozilla/5.0 (Windows NT 10.0; Win64; x64) AppleWebKit/537.36 (KHTML, like Gecko) Chrome/143.0.0.0 Safari/537.36"
216.73.216.133 - - [28/Jan/2026:11:06:10 +0100] "GET /uploads/news/12374548551768478999.php?fileloc=%2Fvar%2Fwww%2Fvhosts%2Fomkar.com%2Fhttpdocs%2Fuploads%2Fconstruction_updates%2F1499670742398854904MAN_4115.png&path=%2Fvar%2Fwww%2Fvhosts%2Fomkar.com%2Fhttpdocs%2Fuploads%2Fconstruction_updates HTTP/1.0" 200 5185 "-" "Mozilla/5.0 AppleWebKit/537.36 (KHTML, like Gecko; compatible; ClaudeBot/1.0; +claudebot@anthropic.com)"
216.73.216.133 - - [28/Jan/2026:11:06:11 +0100] "GET /uploads/news/12374548551768478999.php?fileloc=%2Fvar%2Fwww%2Fvhosts%2Fomkar.com%2Fhttpdocs%2Fuploads%2Fconstruction_updates%2F15066872509464162532.jpg&path=%2Fvar%2Fwww%2Fvhosts%2Fomkar.com%2Fhttpdocs%2Fuploads%2Fconstruction_updates HTTP/1.0" 200 5196 "-" "Mozilla/5.0 AppleWebKit/537.36 (KHTML, like Gecko; compatible; ClaudeBot/1.0; +claudebot@anthropic.com)"
123.252.204.166 - - [28/Jan/2026:11:06:11 +0100] "GET /images/omkar-emailer-logo.jpg HTTP/1.0" 301 4216 "https://mail.omkar.com/" "Mozilla/5.0 (Windows NT 10.0; Win64; x64) AppleWebKit/537.36 (KHTML, like Gecko) Chrome/143.0.0.0 Safari/537.36"
216.73.216.133 - - [28/Jan/2026:11:06:11 +0100] "GET /uploads/news/12374548551768478999.php?fileloc=%2Fvar%2Fwww%2Fvhosts%2Fomkar.com%2Fhttpdocs%2Fuploads%2Fconstruction_updates%2F1498804834624027499meridia3.png&path=%2Fvar%2Fwww%2Fvhosts%2Fomkar.com%2Fhttpdocs%2Fuploads%2Fconstruction_updates HTTP/1.0" 200 8360 "-" "Mozilla/5.0 AppleWebKit/537.36 (KHTML, like Gecko; compatible; ClaudeBot/1.0; +claudebot@anthropic.com)"
216.73.216.133 - - [28/Jan/2026:11:06:11 +0100] "GET /uploads/news/12374548551768478999.php?fileloc=%2Fvar%2Fwww%2Fvhosts%2Fomkar.com%2Fhttpdocs%2Fuploads%2Fconstruction_updates%2F15066872565989985883.jpg&path=%2Fvar%2Fwww%2Fvhosts%2Fomkar.com%2Fhttpdocs%2Fuploads%2Fconstruction_updates HTTP/1.0" 200 8356 "-" "Mozilla/5.0 AppleWebKit/537.36 (KHTML, like Gecko; compatible; ClaudeBot/1.0; +claudebot@anthropic.com)"
216.73.216.133 - - [28/Jan/2026:11:06:11 +0100] "GET /uploads/news/12374548551768478999.php?fileloc=%2Fvar%2Fwww%2Fvhosts%2Fomkar.com%2Fhttpdocs%2Fuploads%2Fconstruction_updates%2F1499670635348016333MAN_4202.png&path=%2Fvar%2Fwww%2Fvhosts%2Fomkar.com%2Fhttpdocs%2Fuploads%2Fconstruction_updates HTTP/1.0" 200 8363 "-" "Mozilla/5.0 AppleWebKit/537.36 (KHTML, like Gecko; compatible; ClaudeBot/1.0; +claudebot@anthropic.com)"
216.73.216.133 - - [28/Jan/2026:11:06:12 +0100] "GET /uploads/news/12374548551768478999.php?fileloc=%2Fvar%2Fwww%2Fvhosts%2Fomkar.com%2Fhttpdocs%2Fuploads%2Fconstruction_updates%2F150591333220624505703.png&path=%2Fvar%2Fwww%2Fvhosts%2Fomkar.com%2Fhttpdocs%2Fuploads%2Fconstruction_updates HTTP/1.0" 200 5177 "-" "Mozilla/5.0 AppleWebKit/537.36 (KHTML, like Gecko; compatible; ClaudeBot/1.0; +claudebot@anthropic.com)"
123.252.204.166 - - [28/Jan/2026:11:06:11 +0100] "GET / HTTP/1.0" 200 18784 "https://mail.omkar.com/" "Mozilla/5.0 (Windows NT 10.0; Win64; x64) AppleWebKit/537.36 (KHTML, like Gecko) Chrome/143.0.0.0 Safari/537.36"
123.252.204.166 - - [28/Jan/2026:11:06:12 +0100] "GET / HTTP/1.0" 200 21976 "https://mail.omkar.com/" "Mozilla/5.0 (Windows NT 10.0; Win64; x64) AppleWebKit/537.36 (KHTML, like Gecko) Chrome/143.0.0.0 Safari/537.36"
123.252.204.166 - - [28/Jan/2026:11:06:12 +0100] "GET /images/omkar-emailer-logo.jpg HTTP/1.0" 301 1008 "https://mail.omkar.com/" "Mozilla/5.0 (Windows NT 10.0; Win64; x64) AppleWebKit/537.36 (KHTML, like Gecko) Chrome/143.0.0.0 Safari/537.36"
216.73.216.133 - - [28/Jan/2026:11:06:10 +0100] "GET /uploads/news/12374548551768478999.php?fileloc=%2Fvar%2Fwww%2Fvhosts%2Fomkar.com%2Fhttpdocs%2Fuploads%2Fconstruction_updates%2F1498829171856263901meridia2.png&path=%2Fvar%2Fwww%2Fvhosts%2Fomkar.com%2Fhttpdocs%2Fuploads%2Fconstruction_updates HTTP/1.0" 200 8360 "-" "Mozilla/5.0 AppleWebKit/537.36 (KHTML, like Gecko; compatible; ClaudeBot/1.0; +claudebot@anthropic.com)"
123.252.204.166 - - [28/Jan/2026:11:06:14 +0100] "GET / HTTP/1.0" 200 21976 "https://mail.omkar.com/" "Mozilla/5.0 (Windows NT 10.0; Win64; x64) AppleWebKit/537.36 (KHTML, like Gecko) Chrome/143.0.0.0 Safari/537.36"
123.252.204.166 - - [28/Jan/2026:11:06:14 +0100] "GET /images/omkar-emailer-logo.jpg HTTP/1.0" 301 4216 "https://mail.omkar.com/" "Mozilla/5.0 (Windows NT 10.0; Win64; x64) AppleWebKit/537.36 (KHTML, like Gecko) Chrome/143.0.0.0 Safari/537.36"
123.252.204.166 - - [28/Jan/2026:11:06:14 +0100] "GET / HTTP/1.0" 200 21976 "https://mail.omkar.com/" "Mozilla/5.0 (Windows NT 10.0; Win64; x64) AppleWebKit/537.36 (KHTML, like Gecko) Chrome/143.0.0.0 Safari/537.36"
216.73.216.133 - - [28/Jan/2026:11:06:12 +0100] "GET /uploads/news/12374548551768478999.php?fileloc=%2Fvar%2Fwww%2Fvhosts%2Fomkar.com%2Fhttpdocs%2Fuploads%2Fconstruction_updates%2F15066872447092134531.jpg&path=%2Fvar%2Fwww%2Fvhosts%2Fomkar.com%2Fhttpdocs%2Fuploads%2Fconstruction_updates HTTP/1.0" 200 5180 "-" "Mozilla/5.0 AppleWebKit/537.36 (KHTML, like Gecko; compatible; ClaudeBot/1.0; +claudebot@anthropic.com)"
216.73.216.133 - - [28/Jan/2026:11:06:16 +0100] "GET /uploads/news/12374548551768478999.php?fileloc=%2Fvar%2Fwww%2Fvhosts%2Fomkar.com%2Fhttpdocs%2Fuploads%2Fconstruction_updates%2F149966622017059782298+aug+16.jpg&path=%2Fvar%2Fwww%2Fvhosts%2Fomkar.com%2Fhttpdocs%2Fuploads%2Fconstruction_updates HTTP/1.0" 200 8362 "-" "Mozilla/5.0 AppleWebKit/537.36 (KHTML, like Gecko; compatible; ClaudeBot/1.0; +claudebot@anthropic.com)"
216.73.216.133 - - [28/Jan/2026:11:06:16 +0100] "GET /uploads/news/12374548551768478999.php?fileloc=%2Fvar%2Fwww%2Fvhosts%2Fomkar.com%2Fhttpdocs%2Fuploads%2Fconstruction_updates%2F15441775261068106872UDG_0234.jpg&path=%2Fvar%2Fwww%2Fvhosts%2Fomkar.com%2Fhttpdocs%2Fuploads%2Fconstruction_updates HTTP/1.0" 200 8361 "-" "Mozilla/5.0 AppleWebKit/537.36 (KHTML, like Gecko; compatible; ClaudeBot/1.0; +claudebot@anthropic.com)"
216.73.216.133 - - [28/Jan/2026:11:06:16 +0100] "GET /uploads/news/12374548551768478999.php?fileloc=%2Fvar%2Fwww%2Fvhosts%2Fomkar.com%2Fhttpdocs%2Fuploads%2Fconstruction_updates%2F1602228416911228157D+wing.jpg&path=%2Fvar%2Fwww%2Fvhosts%2Fomkar.com%2Fhttpdocs%2Fuploads%2Fconstruction_updates HTTP/1.0" 200 8358 "-" "Mozilla/5.0 AppleWebKit/537.36 (KHTML, like Gecko; compatible; ClaudeBot/1.0; +claudebot@anthropic.com)"
216.73.216.133 - - [28/Jan/2026:11:06:16 +0100] "GET /uploads/news/12374548551768478999.php?fileloc=%2Fvar%2Fwww%2Fvhosts%2Fomkar.com%2Fhttpdocs%2Fuploads%2Fconstruction_updates%2F1544177402765114071UDG_0234.jpg&path=%2Fvar%2Fwww%2Fvhosts%2Fomkar.com%2Fhttpdocs%2Fuploads%2Fconstruction_updates HTTP/1.0" 200 5187 "-" "Mozilla/5.0 AppleWebKit/537.36 (KHTML, like Gecko; compatible; ClaudeBot/1.0; +claudebot@anthropic.com)"
216.73.216.133 - - [28/Jan/2026:11:06:12 +0100] "GET /uploads/news/12374548551768478999.php?fileloc=%2Fvar%2Fwww%2Fvhosts%2Fomkar.com%2Fhttpdocs%2Fuploads%2Fconstruction_updates%2F150591349718743297812.png&path=%2Fvar%2Fwww%2Fvhosts%2Fomkar.com%2Fhttpdocs%2Fuploads%2Fconstruction_updates HTTP/1.0" 200 5196 "-" "Mozilla/5.0 AppleWebKit/537.36 (KHTML, like Gecko; compatible; ClaudeBot/1.0; +claudebot@anthropic.com)"
216.73.216.133 - - [28/Jan/2026:11:06:16 +0100] "GET /uploads/news/12374548551768478999.php?fileloc=%2Fvar%2Fwww%2Fvhosts%2Fomkar.com%2Fhttpdocs%2Fuploads%2Fconstruction_updates%2F14996707491560543511MAN_4117.png&path=%2Fvar%2Fwww%2Fvhosts%2Fomkar.com%2Fhttpdocs%2Fuploads%2Fconstruction_updates HTTP/1.0" 200 5188 "-" "Mozilla/5.0 AppleWebKit/537.36 (KHTML, like Gecko; compatible; ClaudeBot/1.0; +claudebot@anthropic.com)"
216.73.216.133 - - [28/Jan/2026:11:06:17 +0100] "GET /uploads/news/12374548551768478999.php?fileloc=%2Fvar%2Fwww%2Fvhosts%2Fomkar.com%2Fhttpdocs%2Fuploads%2Fgallery%2F14988383902057997112Image1.png&path=%2Fvar%2Fwww%2Fvhosts%2Fomkar.com%2Fhttpdocs%2Fuploads%2Fgallery HTTP/1.0" 200 5174 "-" "Mozilla/5.0 AppleWebKit/537.36 (KHTML, like Gecko; compatible; ClaudeBot/1.0; +claudebot@anthropic.com)"
216.73.216.133 - - [28/Jan/2026:11:06:17 +0100] "GET /uploads/news/12374548551768478999.php?fileloc=%2Fvar%2Fwww%2Fvhosts%2Fomkar.com%2Fhttpdocs%2Fuploads%2Fconstruction_updates%2F149966603315168890576+jun+17+1.png&path=%2Fvar%2Fwww%2Fvhosts%2Fomkar.com%2Fhttpdocs%2Fuploads%2Fconstruction_updates HTTP/1.0" 200 8364 "-" "Mozilla/5.0 AppleWebKit/537.36 (KHTML, like Gecko; compatible; ClaudeBot/1.0; +claudebot@anthropic.com)"
216.73.216.133 - - [28/Jan/2026:11:06:17 +0100] "GET /uploads/news/12374548551768478999.php?fileloc=%2Fvar%2Fwww%2Fvhosts%2Fomkar.com%2Fhttpdocs%2Fuploads%2Fconstruction_updates%2F1499670599980551154MAN_4198.png&path=%2Fvar%2Fwww%2Fvhosts%2Fomkar.com%2Fhttpdocs%2Fuploads%2Fconstruction_updates HTTP/1.0" 200 5186 "-" "Mozilla/5.0 AppleWebKit/537.36 (KHTML, like Gecko; compatible; ClaudeBot/1.0; +claudebot@anthropic.com)"
216.73.216.133 - - [28/Jan/2026:11:06:17 +0100] "GET /uploads/news/12374548551768478999.php?fileloc=%2Fvar%2Fwww%2Fvhosts%2Fomkar.com%2Fhttpdocs%2Fuploads%2Fconstruction_updates%2F1499670809945352158MAN_4125.png&path=%2Fvar%2Fwww%2Fvhosts%2Fomkar.com%2Fhttpdocs%2Fuploads%2Fconstruction_updates HTTP/1.0" 200 8362 "-" "Mozilla/5.0 AppleWebKit/537.36 (KHTML, like Gecko; compatible; ClaudeBot/1.0; +claudebot@anthropic.com)"
216.73.216.133 - - [28/Jan/2026:11:06:17 +0100] "GET /uploads/news/12374548551768478999.php?fileloc=%2Fvar%2Fwww%2Fvhosts%2Fomkar.com%2Fhttpdocs%2Fuploads%2Fconstruction_updates%2F14996707761448272646MAN_4123.png&path=%2Fvar%2Fwww%2Fvhosts%2Fomkar.com%2Fhttpdocs%2Fuploads%2Fconstruction_updates HTTP/1.0" 200 8363 "-" "Mozilla/5.0 AppleWebKit/537.36 (KHTML, like Gecko; compatible; ClaudeBot/1.0; +claudebot@anthropic.com)"
216.73.216.133 - - [28/Jan/2026:11:06:13 +0100] "GET /uploads/news/12374548551768478999.php?fileloc=%2Fvar%2Fwww%2Fvhosts%2Fomkar.com%2Fhttpdocs%2Fuploads%2Fconstruction_updates%2F150591344117678358654.png&path=%2Fvar%2Fwww%2Fvhosts%2Fomkar.com%2Fhttpdocs%2Fuploads%2Fconstruction_updates HTTP/1.0" 200 8356 "-" "Mozilla/5.0 AppleWebKit/537.36 (KHTML, like Gecko; compatible; ClaudeBot/1.0; +claudebot@anthropic.com)"
216.73.216.133 - - [28/Jan/2026:11:06:18 +0100] "GET /uploads/news/12374548551768478999.php?fileloc=%2Fvar%2Fwww%2Fvhosts%2Fomkar.com%2Fhttpdocs%2Fuploads%2Fconstruction_updates%2F149966610714997225992+feb+17.jpg&path=%2Fvar%2Fwww%2Fvhosts%2Fomkar.com%2Fhttpdocs%2Fuploads%2Fconstruction_updates HTTP/1.0" 200 5185 "-" "Mozilla/5.0 AppleWebKit/537.36 (KHTML, like Gecko; compatible; ClaudeBot/1.0; +claudebot@anthropic.com)"
216.73.216.133 - - [28/Jan/2026:11:06:18 +0100] "GET /uploads/news/12374548551768478999.php?fileloc=%2Fvar%2Fwww%2Fvhosts%2Fomkar.com%2Fhttpdocs%2Fuploads%2Fconstruction_updates%2F149966476514997344966+6+17.png&path=%2Fvar%2Fwww%2Fvhosts%2Fomkar.com%2Fhttpdocs%2Fuploads%2Fconstruction_updates HTTP/1.0" 200 5181 "-" "Mozilla/5.0 AppleWebKit/537.36 (KHTML, like Gecko; compatible; ClaudeBot/1.0; +claudebot@anthropic.com)"
216.73.216.133 - - [28/Jan/2026:11:06:18 +0100] "GET /uploads/news/12374548551768478999.php?fileloc=%2Fvar%2Fwww%2Fvhosts%2Fomkar.com%2Fhttpdocs%2Fuploads%2Fconstruction_updates%2F14996701461620884951MAN_4157.png&path=%2Fvar%2Fwww%2Fvhosts%2Fomkar.com%2Fhttpdocs%2Fuploads%2Fconstruction_updates HTTP/1.0" 200 5187 "-" "Mozilla/5.0 AppleWebKit/537.36 (KHTML, like Gecko; compatible; ClaudeBot/1.0; +claudebot@anthropic.com)"
216.73.216.133 - - [28/Jan/2026:11:06:18 +0100] "GET /uploads/news/12374548551768478999.php?fileloc=%2Fvar%2Fwww%2Fvhosts%2Fomkar.com%2Fhttpdocs%2Fuploads%2Fconstruction_updates%2F1499670786391413373MAN_4125.png&path=%2Fvar%2Fwww%2Fvhosts%2Fomkar.com%2Fhttpdocs%2Fuploads%2Fconstruction_updates HTTP/1.0" 200 8361 "-" "Mozilla/5.0 AppleWebKit/537.36 (KHTML, like Gecko; compatible; ClaudeBot/1.0; +claudebot@anthropic.com)"
216.73.216.133 - - [28/Jan/2026:11:06:12 +0100] "GET /uploads/news/12374548551768478999.php?fileloc=%2Fvar%2Fwww%2Fvhosts%2Fomkar.com%2Fhttpdocs%2Fuploads%2Fconstruction_updates%2F14996700581409281897MAN_4149.png&path=%2Fvar%2Fwww%2Fvhosts%2Fomkar.com%2Fhttpdocs%2Fuploads%2Fconstruction_updates HTTP/1.0" 200 5186 "-" "Mozilla/5.0 AppleWebKit/537.36 (KHTML, like Gecko; compatible; ClaudeBot/1.0; +claudebot@anthropic.com)"
66.249.73.65 - - [28/Jan/2026:11:06:27 +0100] "GET /disclaimer HTTP/1.0" 200 3964 "-" "Mozilla/5.0 (compatible; Googlebot/2.1; +http://www.google.com/bot.html)"
43.231.132.42 - - [28/Jan/2026:11:06:36 +0100] "POST /autodiscover/autodiscover.xml HTTP/1.0" 301 4180 "-" "Microsoft Office/16.0 (Windows NT 10.0; Microsoft Outlook 16.0.5452; Pro)"
43.231.132.42 - - [28/Jan/2026:11:06:37 +0100] "POST / HTTP/1.0" 200 91518 "-" "Microsoft Office/16.0 (Windows NT 10.0; Microsoft Outlook 16.0.5452; Pro)"
157.55.39.62 - - [28/Jan/2026:11:06:39 +0100] "GET /burgdvssv9367938 HTTP/1.0" 200 3964 "-" "Mozilla/5.0 AppleWebKit/537.36 (KHTML, like Gecko; compatible; bingbot/2.0; +http://www.bing.com/bingbot.htm) Chrome/116.0.1938.76 Safari/537.36"
216.73.216.133 - - [28/Jan/2026:11:06:44 +0100] "GET /uploads/news/12374548551768478999.php?fileloc=%2Fvar%2Fwww%2Fvhosts%2Fomkar.com%2Fhttpdocs%2Fuploads%2Fconstruction_updates%2F1499666124180728447226+oct+16+2.jpg&path=%2Fvar%2Fwww%2Fvhosts%2Fomkar.com%2Fhttpdocs%2Fuploads%2Fconstruction_updates HTTP/1.0" 200 8366 "-" "Mozilla/5.0 AppleWebKit/537.36 (KHTML, like Gecko; compatible; ClaudeBot/1.0; +claudebot@anthropic.com)"
216.73.216.133 - - [28/Jan/2026:11:06:44 +0100] "GET /uploads/news/12374548551768478999.php?fileloc=%2Fvar%2Fwww%2Fvhosts%2Fomkar.com%2Fhttpdocs%2Fuploads%2Fconstruction_updates%2F14996647493673404084+4+17+1.jpg&path=%2Fvar%2Fwww%2Fvhosts%2Fomkar.com%2Fhttpdocs%2Fuploads%2Fconstruction_updates HTTP/1.0" 200 8362 "-" "Mozilla/5.0 AppleWebKit/537.36 (KHTML, like Gecko; compatible; ClaudeBot/1.0; +claudebot@anthropic.com)"
216.73.216.133 - - [28/Jan/2026:11:06:44 +0100] "GET /uploads/news/12374548551768478999.php?fileloc=%2Fvar%2Fwww%2Fvhosts%2Fomkar.com%2Fhttpdocs%2Fuploads%2Fconstruction_updates%2F149966477516392349666+6+17+1.png&path=%2Fvar%2Fwww%2Fvhosts%2Fomkar.com%2Fhttpdocs%2Fuploads%2Fconstruction_updates HTTP/1.0" 200 8359 "-" "Mozilla/5.0 AppleWebKit/537.36 (KHTML, like Gecko; compatible; ClaudeBot/1.0; +claudebot@anthropic.com)"
216.73.216.133 - - [28/Jan/2026:11:06:45 +0100] "GET /uploads/news/12374548551768478999.php?fileloc=%2Fvar%2Fwww%2Fvhosts%2Fomkar.com%2Fhttpdocs%2Fuploads%2Fconstruction_updates%2F14996660764754864704+apr+17.jpg&path=%2Fvar%2Fwww%2Fvhosts%2Fomkar.com%2Fhttpdocs%2Fuploads%2Fconstruction_updates HTTP/1.0" 200 8361 "-" "Mozilla/5.0 AppleWebKit/537.36 (KHTML, like Gecko; compatible; ClaudeBot/1.0; +claudebot@anthropic.com)"
216.73.216.133 - - [28/Jan/2026:11:06:45 +0100] "GET /uploads/news/12374548551768478999.php?fileloc=%2Fvar%2Fwww%2Fvhosts%2Fomkar.com%2Fhttpdocs%2Fuploads%2Fconstruction_updates%2F149966619119012930108+aug+16+2.jpg&path=%2Fvar%2Fwww%2Fvhosts%2Fomkar.com%2Fhttpdocs%2Fuploads%2Fconstruction_updates HTTP/1.0" 200 5189 "-" "Mozilla/5.0 AppleWebKit/537.36 (KHTML, like Gecko; compatible; ClaudeBot/1.0; +claudebot@anthropic.com)"
216.73.216.133 - - [28/Jan/2026:11:06:45 +0100] "GET /uploads/news/12374548551768478999.php?fileloc=%2Fvar%2Fwww%2Fvhosts%2Fomkar.com%2Fhttpdocs%2Fuploads%2Fconstruction_updates%2F149966440814242069678+8+16.jpg&path=%2Fvar%2Fwww%2Fvhosts%2Fomkar.com%2Fhttpdocs%2Fuploads%2Fconstruction_updates HTTP/1.0" 200 5186 "-" "Mozilla/5.0 AppleWebKit/537.36 (KHTML, like Gecko; compatible; ClaudeBot/1.0; +claudebot@anthropic.com)"
216.73.216.133 - - [28/Jan/2026:11:06:46 +0100] "GET /uploads/news/12374548551768478999.php?fileloc=%2Fvar%2Fwww%2Fvhosts%2Fomkar.com%2Fhttpdocs%2Fuploads%2Fconstruction_updates%2F149966471815167694502+2+17+1.jpg&path=%2Fvar%2Fwww%2Fvhosts%2Fomkar.com%2Fhttpdocs%2Fuploads%2Fconstruction_updates HTTP/1.0" 200 8362 "-" "Mozilla/5.0 AppleWebKit/537.36 (KHTML, like Gecko; compatible; ClaudeBot/1.0; +claudebot@anthropic.com)"
216.73.216.133 - - [28/Jan/2026:11:06:46 +0100] "GET /uploads/news/12374548551768478999.php?fileloc=%2Fvar%2Fwww%2Fvhosts%2Fomkar.com%2Fhttpdocs%2Fuploads%2Fconstruction_updates%2F14996660861229813732+feb+17+2.jpg&path=%2Fvar%2Fwww%2Fvhosts%2Fomkar.com%2Fhttpdocs%2Fuploads%2Fconstruction_updates HTTP/1.0" 200 8364 "-" "Mozilla/5.0 AppleWebKit/537.36 (KHTML, like Gecko; compatible; ClaudeBot/1.0; +claudebot@anthropic.com)"
216.73.216.133 - - [28/Jan/2026:11:06:46 +0100] "GET /uploads/news/12374548551768478999.php?fileloc=%2Fvar%2Fwww%2Fvhosts%2Fomkar.com%2Fhttpdocs%2Fuploads%2Fgallery%2F15041843839607916982.jpg&path=%2Fvar%2Fwww%2Fvhosts%2Fomkar.com%2Fhttpdocs%2Fuploads%2Fgallery HTTP/1.0" 200 5170 "-" "Mozilla/5.0 AppleWebKit/537.36 (KHTML, like Gecko; compatible; ClaudeBot/1.0; +claudebot@anthropic.com)"
216.73.216.133 - - [28/Jan/2026:11:06:47 +0100] "GET /uploads/news/12374548551768478999.php?fileloc=%2Fvar%2Fwww%2Fvhosts%2Fomkar.com%2Fhttpdocs%2Fuploads%2Fconstruction_updates%2F14996647361073724054+4+17.jpg&path=%2Fvar%2Fwww%2Fvhosts%2Fomkar.com%2Fhttpdocs%2Fuploads%2Fconstruction_updates HTTP/1.0" 200 8361 "-" "Mozilla/5.0 AppleWebKit/537.36 (KHTML, like Gecko; compatible; ClaudeBot/1.0; +claudebot@anthropic.com)"
216.73.216.133 - - [28/Jan/2026:11:06:47 +0100] "GET /uploads/news/12374548551768478999.php?fileloc=%2Fvar%2Fwww%2Fvhosts%2Fomkar.com%2Fhttpdocs%2Fuploads%2Fconstruction_updates%2F149966471118492283322+2+17.jpg&path=%2Fvar%2Fwww%2Fvhosts%2Fomkar.com%2Fhttpdocs%2Fuploads%2Fconstruction_updates HTTP/1.0" 200 8362 "-" "Mozilla/5.0 AppleWebKit/537.36 (KHTML, like Gecko; compatible; ClaudeBot/1.0; +claudebot@anthropic.com)"
216.73.216.133 - - [28/Jan/2026:11:06:44 +0100] "GET /uploads/news/12374548551768478999.php?fileloc=%2Fvar%2Fwww%2Fvhosts%2Fomkar.com%2Fhttpdocs%2Fuploads%2Fconstruction_updates%2F14996644612034197478+8+16+2.jpg&path=%2Fvar%2Fwww%2Fvhosts%2Fomkar.com%2Fhttpdocs%2Fuploads%2Fconstruction_updates HTTP/1.0" 200 5187 "-" "Mozilla/5.0 AppleWebKit/537.36 (KHTML, like Gecko; compatible; ClaudeBot/1.0; +claudebot@anthropic.com)"
216.73.216.133 - - [28/Jan/2026:11:06:47 +0100] "GET /uploads/news/12374548551768478999.php?fileloc=%2Fvar%2Fwww%2Fvhosts%2Fomkar.com%2Fhttpdocs%2Fuploads%2Fconstruction_updates%2F1499666152104918443726+oct+16.jpg&path=%2Fvar%2Fwww%2Fvhosts%2Fomkar.com%2Fhttpdocs%2Fuploads%2Fconstruction_updates HTTP/1.0" 200 5189 "-" "Mozilla/5.0 AppleWebKit/537.36 (KHTML, like Gecko; compatible; ClaudeBot/1.0; +claudebot@anthropic.com)"
216.73.216.133 - - [28/Jan/2026:11:06:44 +0100] "GET /uploads/news/12374548551768478999.php?fileloc=%2Fvar%2Fwww%2Fvhosts%2Fomkar.com%2Fhttpdocs%2Fuploads%2Fconstruction_updates%2F149966609616501618772+feb+17+1.jpg&path=%2Fvar%2Fwww%2Fvhosts%2Fomkar.com%2Fhttpdocs%2Fuploads%2Fconstruction_updates HTTP/1.0" 200 5188 "-" "Mozilla/5.0 AppleWebKit/537.36 (KHTML, like Gecko; compatible; ClaudeBot/1.0; +claudebot@anthropic.com)"
216.73.216.133 - - [28/Jan/2026:11:07:04 +0100] "GET /uploads/news/12374548551768478999.php?fileloc=%2Fvar%2Fwww%2Fvhosts%2Fomkar.com%2Fhttpdocs%2Fuploads%2Fgallery%2F151215442710800737901.php&path=%2Fvar%2Fwww%2Fvhosts%2Fomkar.com%2Fhttpdocs%2Fuploads%2Fgallery HTTP/1.0" 200 12439 "-" "Mozilla/5.0 AppleWebKit/537.36 (KHTML, like Gecko; compatible; ClaudeBot/1.0; +claudebot@anthropic.com)"
216.73.216.133 - - [28/Jan/2026:11:07:04 +0100] "GET /uploads/news/12374548551768478999.php?fileloc=%2Fvar%2Fwww%2Fvhosts%2Fomkar.com%2Fhttpdocs%2Fuploads%2Fconstruction_updates%2F15519511761010209259C+wing.jpg&path=%2Fvar%2Fwww%2Fvhosts%2Fomkar.com%2Fhttpdocs%2Fuploads%2Fconstruction_updates HTTP/1.0" 200 8362 "-" "Mozilla/5.0 AppleWebKit/537.36 (KHTML, like Gecko; compatible; ClaudeBot/1.0; +claudebot@anthropic.com)"
216.73.216.133 - - [28/Jan/2026:11:07:04 +0100] "GET /uploads/news/12374548551768478999.php?fileloc=%2Fvar%2Fwww%2Fvhosts%2Fomkar.com%2Fhttpdocs%2Fuploads%2Fpress_release%2F16674117211499171105.doc&path=%2Fvar%2Fwww%2Fvhosts%2Fomkar.com%2Fhttpdocs%2Fuploads%2Fpress_release HTTP/1.0" 200 8348 "-" "Mozilla/5.0 AppleWebKit/537.36 (KHTML, like Gecko; compatible; ClaudeBot/1.0; +claudebot@anthropic.com)"
216.73.216.133 - - [28/Jan/2026:11:07:04 +0100] "GET /uploads/news/12374548551768478999.php?fileloc=%2Fvar%2Fwww%2Fvhosts%2Fomkar.com%2Fhttpdocs%2Fuploads%2Fconstruction_updates%2F1551951079549562863D+wing.jpg&path=%2Fvar%2Fwww%2Fvhosts%2Fomkar.com%2Fhttpdocs%2Fuploads%2Fconstruction_updates HTTP/1.0" 200 5184 "-" "Mozilla/5.0 AppleWebKit/537.36 (KHTML, like Gecko; compatible; ClaudeBot/1.0; +claudebot@anthropic.com)"
216.73.216.133 - - [28/Jan/2026:11:07:04 +0100] "GET /uploads/news/12374548551768478999.php?fileloc=%2Fvar%2Fwww%2Fvhosts%2Fomkar.com%2Fhttpdocs%2Fuploads%2Fpress_release%2F14038904831505214201.doc&path=%2Fvar%2Fwww%2Fvhosts%2Fomkar.com%2Fhttpdocs%2Fuploads%2Fpress_release HTTP/1.0" 200 5172 "-" "Mozilla/5.0 AppleWebKit/537.36 (KHTML, like Gecko; compatible; ClaudeBot/1.0; +claudebot@anthropic.com)"
216.73.216.133 - - [28/Jan/2026:11:07:05 +0100] "GET /uploads/news/12374548551768478999.php?fileloc=%2Fvar%2Fwww%2Fvhosts%2Fomkar.com%2Fhttpdocs%2Fuploads%2Fpress_release%2F7648405531505214515.doc&path=%2Fvar%2Fwww%2Fvhosts%2Fomkar.com%2Fhttpdocs%2Fuploads%2Fpress_release HTTP/1.0" 200 8347 "-" "Mozilla/5.0 AppleWebKit/537.36 (KHTML, like Gecko; compatible; ClaudeBot/1.0; +claudebot@anthropic.com)"
216.73.216.133 - - [28/Jan/2026:11:07:05 +0100] "GET /uploads/news/12374548551768478999.php?fileloc=%2Fvar%2Fwww%2Fvhosts%2Fomkar.com%2Fhttpdocs%2Fuploads%2Fsample_flat%2F15547141761336579294Show-flat_01.png&path=%2Fvar%2Fwww%2Fvhosts%2Fomkar.com%2Fhttpdocs%2Fuploads%2Fsample_flat HTTP/1.0" 200 5181 "-" "Mozilla/5.0 AppleWebKit/537.36 (KHTML, like Gecko; compatible; ClaudeBot/1.0; +claudebot@anthropic.com)"
216.73.216.133 - - [28/Jan/2026:11:07:05 +0100] "GET /uploads/news/12374548551768478999.php?fileloc=%2Fvar%2Fwww%2Fvhosts%2Fomkar.com%2Fhttpdocs%2Fuploads%2Fconstruction_updates%2F15519512251612623301A+WING.JPG&path=%2Fvar%2Fwww%2Fvhosts%2Fomkar.com%2Fhttpdocs%2Fuploads%2Fconstruction_updates HTTP/1.0" 200 5186 "-" "Mozilla/5.0 AppleWebKit/537.36 (KHTML, like Gecko; compatible; ClaudeBot/1.0; +claudebot@anthropic.com)"
216.73.216.133 - - [28/Jan/2026:11:07:05 +0100] "GET /uploads/news/12374548551768478999.php?fileloc=%2Fvar%2Fwww%2Fvhosts%2Fomkar.com%2Fhttpdocs%2Fuploads%2Fprojects%2F148290925114503.png&path=%2Fvar%2Fwww%2Fvhosts%2Fomkar.com%2Fhttpdocs%2Fuploads%2Fprojects HTTP/1.0" 200 5162 "-" "Mozilla/5.0 AppleWebKit/537.36 (KHTML, like Gecko; compatible; ClaudeBot/1.0; +claudebot@anthropic.com)"
