43.231.132.42 - - [28/Jan/2026:10:18:03 +0100] "GET /images/omkar-emailer-logo.jpg HTTP/1.0" 301 4216 "https://mail.omkar.com/" "Mozilla/5.0 (Windows NT 10.0; Win64; x64) AppleWebKit/537.36 (KHTML, like Gecko) Chrome/143.0.0.0 Safari/537.36"
43.231.132.42 - - [28/Jan/2026:10:18:03 +0100] "GET / HTTP/1.0" 200 18784 "https://mail.omkar.com/" "Mozilla/5.0 (Windows NT 10.0; Win64; x64) AppleWebKit/537.36 (KHTML, like Gecko) Chrome/143.0.0.0 Safari/537.36"
43.231.132.42 - - [28/Jan/2026:10:18:05 +0100] "GET /images/omkar-emailer-logo.jpg HTTP/1.0" 301 4216 "https://mail.omkar.com/" "Mozilla/5.0 (Windows NT 10.0; Win64; x64) AppleWebKit/537.36 (KHTML, like Gecko) Chrome/143.0.0.0 Safari/537.36"
43.231.132.42 - - [28/Jan/2026:10:18:06 +0100] "GET /images/omkar-emailer-logo.jpg HTTP/1.0" 301 1024 "https://mail.omkar.com/" "Mozilla/5.0 (Windows NT 10.0; Win64; x64) AppleWebKit/537.36 (KHTML, like Gecko) Chrome/143.0.0.0 Safari/537.36"
43.231.132.42 - - [28/Jan/2026:10:18:07 +0100] "GET /images/omkar-emailer-logo.jpg HTTP/1.0" 301 4216 "https://mail.omkar.com/" "Mozilla/5.0 (Windows NT 10.0; Win64; x64) AppleWebKit/537.36 (KHTML, like Gecko) Chrome/143.0.0.0 Safari/537.36"
43.231.132.42 - - [28/Jan/2026:10:18:06 +0100] "GET / HTTP/1.0" 200 18784 "https://mail.omkar.com/" "Mozilla/5.0 (Windows NT 10.0; Win64; x64) AppleWebKit/537.36 (KHTML, like Gecko) Chrome/143.0.0.0 Safari/537.36"
43.231.132.42 - - [28/Jan/2026:10:18:07 +0100] "GET /images/omkar-emailer-logo.jpg HTTP/1.0" 301 1024 "https://mail.omkar.com/" "Mozilla/5.0 (Windows NT 10.0; Win64; x64) AppleWebKit/537.36 (KHTML, like Gecko) Chrome/143.0.0.0 Safari/537.36"
43.231.132.42 - - [28/Jan/2026:10:18:08 +0100] "GET /images/omkar-emailer-logo.jpg HTTP/1.0" 301 1024 "https://mail.omkar.com/" "Mozilla/5.0 (Windows NT 10.0; Win64; x64) AppleWebKit/537.36 (KHTML, like Gecko) Chrome/143.0.0.0 Safari/537.36"
43.231.132.42 - - [28/Jan/2026:10:18:08 +0100] "GET /images/omkar-emailer-logo.jpg HTTP/1.0" 301 1024 "https://mail.omkar.com/" "Mozilla/5.0 (Windows NT 10.0; Win64; x64) AppleWebKit/537.36 (KHTML, like Gecko) Chrome/143.0.0.0 Safari/537.36"
43.231.132.42 - - [28/Jan/2026:10:18:08 +0100] "GET / HTTP/1.0" 200 21976 "https://mail.omkar.com/" "Mozilla/5.0 (Windows NT 10.0; Win64; x64) AppleWebKit/537.36 (KHTML, like Gecko) Chrome/143.0.0.0 Safari/537.36"
43.231.132.42 - - [28/Jan/2026:10:18:10 +0100] "GET / HTTP/1.0" 200 21976 "https://mail.omkar.com/" "Mozilla/5.0 (Windows NT 10.0; Win64; x64) AppleWebKit/537.36 (KHTML, like Gecko) Chrome/143.0.0.0 Safari/537.36"
43.231.132.42 - - [28/Jan/2026:10:18:11 +0100] "GET / HTTP/1.0" 200 21976 "https://mail.omkar.com/" "Mozilla/5.0 (Windows NT 10.0; Win64; x64) AppleWebKit/537.36 (KHTML, like Gecko) Chrome/143.0.0.0 Safari/537.36"
43.231.132.42 - - [28/Jan/2026:10:18:12 +0100] "GET / HTTP/1.0" 200 18784 "https://mail.omkar.com/" "Mozilla/5.0 (Windows NT 10.0; Win64; x64) AppleWebKit/537.36 (KHTML, like Gecko) Chrome/143.0.0.0 Safari/537.36"
43.231.132.42 - - [28/Jan/2026:10:18:13 +0100] "GET / HTTP/1.0" 200 21976 "https://mail.omkar.com/" "Mozilla/5.0 (Windows NT 10.0; Win64; x64) AppleWebKit/537.36 (KHTML, like Gecko) Chrome/143.0.0.0 Safari/537.36"
123.252.204.166 - - [28/Jan/2026:10:18:46 +0100] "POST /autodiscover/autodiscover.xml HTTP/1.0" 301 4180 "-" "Microsoft Office/16.0 (Windows NT 10.0; Microsoft Outlook 16.0.5452; Pro)"
123.252.204.166 - - [28/Jan/2026:10:18:47 +0100] "POST / HTTP/1.0" 200 91496 "-" "Microsoft Office/16.0 (Windows NT 10.0; Microsoft Outlook 16.0.5452; Pro)"
43.231.132.42 - - [28/Jan/2026:10:20:06 +0100] "GET /images/omkar-emailer-logo.jpg HTTP/1.0" 301 4216 "https://mail.omkar.com/" "Mozilla/5.0 (Windows NT 10.0; Win64; x64) AppleWebKit/537.36 (KHTML, like Gecko) Chrome/143.0.0.0 Safari/537.36"
43.231.132.42 - - [28/Jan/2026:10:20:07 +0100] "GET /images/omkar-emailer-logo.jpg HTTP/1.0" 301 4216 "https://mail.omkar.com/" "Mozilla/5.0 (Windows NT 10.0; Win64; x64) AppleWebKit/537.36 (KHTML, like Gecko) Chrome/143.0.0.0 Safari/537.36"
43.231.132.42 - - [28/Jan/2026:10:20:07 +0100] "GET / HTTP/1.0" 200 18784 "https://mail.omkar.com/" "Mozilla/5.0 (Windows NT 10.0; Win64; x64) AppleWebKit/537.36 (KHTML, like Gecko) Chrome/143.0.0.0 Safari/537.36"
43.231.132.42 - - [28/Jan/2026:10:20:08 +0100] "GET / HTTP/1.0" 200 21976 "https://mail.omkar.com/" "Mozilla/5.0 (Windows NT 10.0; Win64; x64) AppleWebKit/537.36 (KHTML, like Gecko) Chrome/143.0.0.0 Safari/537.36"
123.252.204.166 - - [28/Jan/2026:10:20:15 +0100] "GET /images/omkar-emailer-logo.jpg HTTP/1.0" 301 4216 "https://mail.omkar.com/" "Mozilla/5.0 (Windows NT 10.0; Win64; x64) AppleWebKit/537.36 (KHTML, like Gecko) Chrome/143.0.0.0 Safari/537.36"
123.252.204.166 - - [28/Jan/2026:10:20:16 +0100] "GET /images/omkar-emailer-logo.jpg HTTP/1.0" 301 1024 "https://mail.omkar.com/" "Mozilla/5.0 (Windows NT 10.0; Win64; x64) AppleWebKit/537.36 (KHTML, like Gecko) Chrome/143.0.0.0 Safari/537.36"
123.252.204.166 - - [28/Jan/2026:10:20:16 +0100] "GET / HTTP/1.0" 200 18784 "https://mail.omkar.com/" "Mozilla/5.0 (Windows NT 10.0; Win64; x64) AppleWebKit/537.36 (KHTML, like Gecko) Chrome/143.0.0.0 Safari/537.36"
123.252.204.166 - - [28/Jan/2026:10:20:17 +0100] "GET /images/omkar-emailer-logo.jpg HTTP/1.0" 301 4216 "https://mail.omkar.com/" "Mozilla/5.0 (Windows NT 10.0; Win64; x64) AppleWebKit/537.36 (KHTML, like Gecko) Chrome/143.0.0.0 Safari/537.36"
123.252.204.166 - - [28/Jan/2026:10:20:18 +0100] "GET /images/omkar-emailer-logo.jpg HTTP/1.0" 301 1024 "https://mail.omkar.com/" "Mozilla/5.0 (Windows NT 10.0; Win64; x64) AppleWebKit/537.36 (KHTML, like Gecko) Chrome/143.0.0.0 Safari/537.36"
123.252.204.166 - - [28/Jan/2026:10:20:18 +0100] "GET / HTTP/1.0" 200 21976 "https://mail.omkar.com/" "Mozilla/5.0 (Windows NT 10.0; Win64; x64) AppleWebKit/537.36 (KHTML, like Gecko) Chrome/143.0.0.0 Safari/537.36"
123.252.204.166 - - [28/Jan/2026:10:20:19 +0100] "GET / HTTP/1.0" 200 21976 "https://mail.omkar.com/" "Mozilla/5.0 (Windows NT 10.0; Win64; x64) AppleWebKit/537.36 (KHTML, like Gecko) Chrome/143.0.0.0 Safari/537.36"
123.252.204.166 - - [28/Jan/2026:10:20:20 +0100] "GET / HTTP/1.0" 200 21976 "https://mail.omkar.com/" "Mozilla/5.0 (Windows NT 10.0; Win64; x64) AppleWebKit/537.36 (KHTML, like Gecko) Chrome/143.0.0.0 Safari/537.36"
198.244.168.200 - - [28/Jan/2026:10:20:32 +0100] "GET / HTTP/1.0" 200 3964 "-" "Mozilla/5.0 (compatible; AhrefsBot/7.0; +http://ahrefs.com/robot/)"
66.249.84.193 - - [28/Jan/2026:10:20:41 +0100] "GET /images/omkar-emailer-logo.jpg HTTP/1.0" 301 4348 "-" "Mozilla/5.0 (Windows NT 5.1; rv:11.0) Gecko Firefox/11.0 (via ggpht.com GoogleImageProxy)"
66.249.84.194 - - [28/Jan/2026:10:20:43 +0100] "GET / HTTP/1.0" 200 22108 "-" "Mozilla/5.0 (Windows NT 5.1; rv:11.0) Gecko Firefox/11.0 (via ggpht.com GoogleImageProxy)"
123.252.204.166 - - [28/Jan/2026:10:20:56 +0100] "POST /autodiscover/autodiscover.xml HTTP/1.0" 301 4180 "-" "Microsoft Office/16.0 (Windows NT 10.0; Microsoft Outlook 16.0.5452; Pro)"
123.252.204.166 - - [28/Jan/2026:10:20:57 +0100] "POST / HTTP/1.0" 200 88320 "-" "Microsoft Office/16.0 (Windows NT 10.0; Microsoft Outlook 16.0.5452; Pro)"
18.192.166.72 - - [28/Jan/2026:10:21:09 +0100] "HEAD / HTTP/1.0" 200 4280 "http://www.omkar.com" "Mozilla/5.0+(compatible; UptimeRobot/2.0; http://www.uptimerobot.com/)"
66.249.84.193 - - [28/Jan/2026:10:21:10 +0100] "GET /images/omkar-emailer-logo.jpg HTTP/1.0" 301 4348 "-" "Mozilla/5.0 (Windows NT 5.1; rv:11.0) Gecko Firefox/11.0 (via ggpht.com GoogleImageProxy)"
66.249.84.193 - - [28/Jan/2026:10:21:11 +0100] "GET / HTTP/1.0" 200 22108 "-" "Mozilla/5.0 (Windows NT 5.1; rv:11.0) Gecko Firefox/11.0 (via ggpht.com GoogleImageProxy)"
66.249.84.194 - - [28/Jan/2026:10:21:22 +0100] "GET /images/omkar-emailer-logo.jpg HTTP/1.0" 301 4348 "-" "Mozilla/5.0 (Windows NT 5.1; rv:11.0) Gecko Firefox/11.0 (via ggpht.com GoogleImageProxy)"
66.249.84.193 - - [28/Jan/2026:10:21:23 +0100] "GET / HTTP/1.0" 200 22108 "-" "Mozilla/5.0 (Windows NT 5.1; rv:11.0) Gecko Firefox/11.0 (via ggpht.com GoogleImageProxy)"
123.252.204.166 - - [28/Jan/2026:10:21:25 +0100] "POST /autodiscover/autodiscover.xml HTTP/1.0" 301 4312 "-" "Microsoft Office/16.0 (Windows NT 10.0; Microsoft Outlook 16.0.5452; Pro)"
123.252.204.166 - - [28/Jan/2026:10:21:26 +0100] "POST / HTTP/1.0" 200 91496 "-" "Microsoft Office/16.0 (Windows NT 10.0; Microsoft Outlook 16.0.5452; Pro)"
66.249.84.193 - - [28/Jan/2026:10:21:31 +0100] "GET /images/omkar-emailer-logo.jpg HTTP/1.0" 301 4348 "-" "Mozilla/5.0 (Windows NT 5.1; rv:11.0) Gecko Firefox/11.0 (via ggpht.com GoogleImageProxy)"
66.249.84.193 - - [28/Jan/2026:10:21:32 +0100] "GET / HTTP/1.0" 200 18916 "-" "Mozilla/5.0 (Windows NT 5.1; rv:11.0) Gecko Firefox/11.0 (via ggpht.com GoogleImageProxy)"
103.163.199.91 - - [28/Jan/2026:10:21:34 +0100] "GET /assets/images/arrow-prev3.png HTTP/1.0" 200 4027 "https://www.omkar.com/assets/css/omkarStyle.css" "Mozilla/5.0 (Windows NT 10.0; Win64; x64) AppleWebKit/537.36 (KHTML, like Gecko) Chrome/144.0.0.0 Safari/537.36"
103.163.199.91 - - [28/Jan/2026:10:21:34 +0100] "GET /assets/images/arrow-next3.png HTTP/1.0" 200 4027 "https://www.omkar.com/assets/css/omkarStyle.css" "Mozilla/5.0 (Windows NT 10.0; Win64; x64) AppleWebKit/537.36 (KHTML, like Gecko) Chrome/144.0.0.0 Safari/537.36"
66.249.84.193 - - [28/Jan/2026:10:21:42 +0100] "GET /images/omkar-emailer-logo.jpg HTTP/1.0" 301 4348 "-" "Mozilla/5.0 (Windows NT 5.1; rv:11.0) Gecko Firefox/11.0 (via ggpht.com GoogleImageProxy)"
66.249.84.195 - - [28/Jan/2026:10:21:44 +0100] "GET / HTTP/1.0" 200 22108 "-" "Mozilla/5.0 (Windows NT 5.1; rv:11.0) Gecko Firefox/11.0 (via ggpht.com GoogleImageProxy)"
3.77.67.4 - - [28/Jan/2026:10:21:45 +0100] "HEAD / HTTP/1.0" 200 4248 "http://omkar.com/" "Mozilla/5.0+(compatible; UptimeRobot/2.0; http://www.uptimerobot.com/)"
103.163.199.91 - - [28/Jan/2026:10:21:57 +0100] "GET /assets/images/fancybox_overlay.png HTTP/1.0" 200 5047 "https://www.omkar.com/assets/css/jquery.fancybox.css" "Mozilla/5.0 (Windows NT 10.0; Win64; x64) AppleWebKit/537.36 (KHTML, like Gecko) Chrome/144.0.0.0 Safari/537.36"
103.163.199.91 - - [28/Jan/2026:10:21:57 +0100] "GET /assets/images/fancybox_sprite.png HTTP/1.0" 200 839 "https://www.omkar.com/assets/css/jquery.fancybox.css" "Mozilla/5.0 (Windows NT 10.0; Win64; x64) AppleWebKit/537.36 (KHTML, like Gecko) Chrome/144.0.0.0 Safari/537.36"
103.163.199.91 - - [28/Jan/2026:10:21:57 +0100] "GET /assets/images/blank.gif HTTP/1.0" 301 1024 "https://www.omkar.com/assets/css/jquery.fancybox.css" "Mozilla/5.0 (Windows NT 10.0; Win64; x64) AppleWebKit/537.36 (KHTML, like Gecko) Chrome/144.0.0.0 Safari/537.36"
103.163.199.91 - - [28/Jan/2026:10:21:58 +0100] "GET / HTTP/1.0" 200 18784 "https://www.omkar.com/assets/css/jquery.fancybox.css" "Mozilla/5.0 (Windows NT 10.0; Win64; x64) AppleWebKit/537.36 (KHTML, like Gecko) Chrome/144.0.0.0 Safari/537.36"
66.249.84.195 - - [28/Jan/2026:10:22:01 +0100] "GET /images/omkar-emailer-logo.jpg HTTP/1.0" 301 1156 "-" "Mozilla/5.0 (Windows NT 5.1; rv:11.0) Gecko Firefox/11.0 (via ggpht.com GoogleImageProxy)"
66.249.84.195 - - [28/Jan/2026:10:22:02 +0100] "GET / HTTP/1.0" 200 22108 "-" "Mozilla/5.0 (Windows NT 5.1; rv:11.0) Gecko Firefox/11.0 (via ggpht.com GoogleImageProxy)"
123.252.204.166 - - [28/Jan/2026:10:22:11 +0100] "POST /autodiscover/autodiscover.xml HTTP/1.0" 301 4180 "-" "Microsoft Office/16.0 (Windows NT 10.0; Microsoft Outlook 16.0.5452; Pro)"
123.252.204.166 - - [28/Jan/2026:10:22:11 +0100] "POST / HTTP/1.0" 200 88320 "-" "Microsoft Office/16.0 (Windows NT 10.0; Microsoft Outlook 16.0.5452; Pro)"
66.249.84.193 - - [28/Jan/2026:10:22:18 +0100] "GET /images/omkar-emailer-logo.jpg HTTP/1.0" 301 4348 "-" "Mozilla/5.0 (Windows NT 5.1; rv:11.0) Gecko Firefox/11.0 (via ggpht.com GoogleImageProxy)"
66.249.84.195 - - [28/Jan/2026:10:22:19 +0100] "GET / HTTP/1.0" 200 22108 "-" "Mozilla/5.0 (Windows NT 5.1; rv:11.0) Gecko Firefox/11.0 (via ggpht.com GoogleImageProxy)"
123.252.204.166 - - [28/Jan/2026:10:23:06 +0100] "POST /autodiscover/autodiscover.xml HTTP/1.0" 301 4180 "-" "Microsoft Office/16.0 (Windows NT 10.0; Microsoft Outlook 16.0.5452; Pro)"
123.252.204.166 - - [28/Jan/2026:10:23:07 +0100] "POST / HTTP/1.0" 200 91496 "-" "Microsoft Office/16.0 (Windows NT 10.0; Microsoft Outlook 16.0.5452; Pro)"
43.231.132.42 - - [28/Jan/2026:10:23:07 +0100] "POST /autodiscover/autodiscover.xml HTTP/1.0" 301 1004 "-" "Microsoft Office/16.0 (Windows NT 10.0; Microsoft Outlook 16.0.5452; Pro)"
43.231.132.42 - - [28/Jan/2026:10:23:09 +0100] "POST / HTTP/1.0" 200 91496 "-" "Microsoft Office/16.0 (Windows NT 10.0; Microsoft Outlook 16.0.5452; Pro)"
216.244.66.197 - - [28/Jan/2026:10:23:10 +0100] "GET /uploads/news_document/17400996071661204561.php?path=/home/omkar/www/assets/images_05apr2019 HTTP/1.0" 301 4312 "-" "Mozilla/5.0 (compatible; DotBot/1.2; +https://opensiteexplorer.org/dotbot; help@moz.com)"
216.244.66.197 - - [28/Jan/2026:10:23:16 +0100] "GET /uploads/news_document/17400996071661204561.php?path=/home/omkar/www/csr/assets/frontend/js HTTP/1.0" 301 4312 "-" "Mozilla/5.0 (compatible; DotBot/1.2; +https://opensiteexplorer.org/dotbot; help@moz.com)"
66.249.84.195 - - [28/Jan/2026:10:24:10 +0100] "GET /images/omkar-emailer-logo.jpg HTTP/1.0" 301 4348 "-" "Mozilla/5.0 (Windows NT 5.1; rv:11.0) Gecko Firefox/11.0 (via ggpht.com GoogleImageProxy)"
66.249.84.194 - - [28/Jan/2026:10:24:12 +0100] "GET / HTTP/1.0" 200 18916 "-" "Mozilla/5.0 (Windows NT 5.1; rv:11.0) Gecko Firefox/11.0 (via ggpht.com GoogleImageProxy)"
216.244.66.197 - - [28/Jan/2026:10:24:24 +0100] "GET /uploads/news_document/17400996071661204561.php?path=/home/omkar/www/.well-known/pki-validation HTTP/1.0" 301 4312 "-" "Mozilla/5.0 (compatible; DotBot/1.2; +https://opensiteexplorer.org/dotbot; help@moz.com)"
66.249.84.194 - - [28/Jan/2026:10:24:28 +0100] "GET /images/omkar-emailer-logo.jpg HTTP/1.0" 301 1140 "-" "Mozilla/5.0 (Windows NT 5.1; rv:11.0) Gecko Firefox/11.0 (via ggpht.com GoogleImageProxy)"
66.249.84.194 - - [28/Jan/2026:10:24:29 +0100] "GET / HTTP/1.0" 200 18900 "-" "Mozilla/5.0 (Windows NT 5.1; rv:11.0) Gecko Firefox/11.0 (via ggpht.com GoogleImageProxy)"
216.244.66.197 - - [28/Jan/2026:10:24:34 +0100] "GET /uploads/news_document/17400996071661204561.php?path=/home/omkar/www/blogs/modules/nvs_widget/src HTTP/1.0" 301 4312 "-" "Mozilla/5.0 (compatible; DotBot/1.2; +https://opensiteexplorer.org/dotbot; help@moz.com)"
216.244.66.197 - - [28/Jan/2026:10:24:45 +0100] "GET /uploads/news_document/17400996071661204561.php?path=/home/omkar/www/v1/system/libraries/Session HTTP/1.0" 301 4312 "-" "Mozilla/5.0 (compatible; DotBot/1.2; +https://opensiteexplorer.org/dotbot; help@moz.com)"
66.249.84.194 - - [28/Jan/2026:10:24:50 +0100] "GET /images/omkar-emailer-logo.jpg HTTP/1.0" 301 4348 "-" "Mozilla/5.0 (Windows NT 5.1; rv:11.0) Gecko Firefox/11.0 (via ggpht.com GoogleImageProxy)"
66.249.84.195 - - [28/Jan/2026:10:24:51 +0100] "GET / HTTP/1.0" 200 18916 "-" "Mozilla/5.0 (Windows NT 5.1; rv:11.0) Gecko Firefox/11.0 (via ggpht.com GoogleImageProxy)"
66.249.84.195 - - [28/Jan/2026:10:25:13 +0100] "GET /images/omkar-emailer-logo.jpg HTTP/1.0" 301 4348 "-" "Mozilla/5.0 (Windows NT 5.1; rv:11.0) Gecko Firefox/11.0 (via ggpht.com GoogleImageProxy)"
66.249.84.193 - - [28/Jan/2026:10:25:14 +0100] "GET / HTTP/1.0" 200 22108 "-" "Mozilla/5.0 (Windows NT 5.1; rv:11.0) Gecko Firefox/11.0 (via ggpht.com GoogleImageProxy)"
43.231.132.42 - - [28/Jan/2026:10:25:16 +0100] "POST /autodiscover/autodiscover.xml HTTP/1.0" 301 4180 "-" "Microsoft Office/16.0 (Windows NT 10.0; Microsoft Outlook 16.0.5452; Pro)"
43.231.132.42 - - [28/Jan/2026:10:25:17 +0100] "POST / HTTP/1.0" 200 91496 "-" "Microsoft Office/16.0 (Windows NT 10.0; Microsoft Outlook 16.0.5452; Pro)"
43.231.132.42 - - [28/Jan/2026:10:25:21 +0100] "GET /images/omkar-emailer-logo.jpg HTTP/1.0" 301 4348 "https://mail.omkar.com/" "Mozilla/5.0 (Windows NT 10.0; Win64; x64) AppleWebKit/537.36 (KHTML, like Gecko) Chrome/143.0.0.0 Safari/537.36"
66.249.84.195 - - [28/Jan/2026:10:25:21 +0100] "GET /images/omkar-emailer-logo.jpg HTTP/1.0" 301 1156 "-" "Mozilla/5.0 (Windows NT 5.1; rv:11.0) Gecko Firefox/11.0 (via ggpht.com GoogleImageProxy)"
43.231.132.42 - - [28/Jan/2026:10:25:22 +0100] "GET /images/omkar-emailer-logo.jpg HTTP/1.0" 301 4216 "https://mail.omkar.com/" "Mozilla/5.0 (Windows NT 10.0; Win64; x64) AppleWebKit/537.36 (KHTML, like Gecko) Chrome/143.0.0.0 Safari/537.36"
43.231.132.42 - - [28/Jan/2026:10:25:22 +0100] "GET / HTTP/1.0" 200 21976 "https://mail.omkar.com/" "Mozilla/5.0 (Windows NT 10.0; Win64; x64) AppleWebKit/537.36 (KHTML, like Gecko) Chrome/143.0.0.0 Safari/537.36"
66.249.84.194 - - [28/Jan/2026:10:25:22 +0100] "GET / HTTP/1.0" 200 22108 "-" "Mozilla/5.0 (Windows NT 5.1; rv:11.0) Gecko Firefox/11.0 (via ggpht.com GoogleImageProxy)"
43.231.132.42 - - [28/Jan/2026:10:25:23 +0100] "GET / HTTP/1.0" 200 21976 "https://mail.omkar.com/" "Mozilla/5.0 (Windows NT 10.0; Win64; x64) AppleWebKit/537.36 (KHTML, like Gecko) Chrome/143.0.0.0 Safari/537.36"
43.231.132.42 - - [28/Jan/2026:10:25:24 +0100] "GET /images/omkar-emailer-logo.jpg HTTP/1.0" 301 4216 "https://mail.omkar.com/" "Mozilla/5.0 (Windows NT 10.0; Win64; x64) AppleWebKit/537.36 (KHTML, like Gecko) Chrome/143.0.0.0 Safari/537.36"
43.231.132.42 - - [28/Jan/2026:10:25:25 +0100] "GET /images/omkar-emailer-logo.jpg HTTP/1.0" 301 1024 "https://mail.omkar.com/" "Mozilla/5.0 (Windows NT 10.0; Win64; x64) AppleWebKit/537.36 (KHTML, like Gecko) Chrome/143.0.0.0 Safari/537.36"
43.231.132.42 - - [28/Jan/2026:10:25:25 +0100] "GET / HTTP/1.0" 200 18784 "https://mail.omkar.com/" "Mozilla/5.0 (Windows NT 10.0; Win64; x64) AppleWebKit/537.36 (KHTML, like Gecko) Chrome/143.0.0.0 Safari/537.36"
1.38.123.10 - - [28/Jan/2026:10:25:25 +0100] "GET /images/omkar-emailer-logo.jpg HTTP/1.0" 301 1156 "-" "Mozilla/5.0 (iPhone; CPU iPhone OS 18_5 like Mac OS X) AppleWebKit/605.1.15 (KHTML, like Gecko) Mobile/15E148"
1.38.123.10 - - [28/Jan/2026:10:25:25 +0100] "GET /images/omkar-emailer-logo.jpg HTTP/1.0" 301 1156 "-" "Mozilla/5.0 (iPhone; CPU iPhone OS 18_5 like Mac OS X) AppleWebKit/605.1.15 (KHTML, like Gecko) Mobile/15E148"
43.231.132.42 - - [28/Jan/2026:10:25:26 +0100] "GET / HTTP/1.0" 200 18784 "https://mail.omkar.com/" "Mozilla/5.0 (Windows NT 10.0; Win64; x64) AppleWebKit/537.36 (KHTML, like Gecko) Chrome/143.0.0.0 Safari/537.36"
43.231.132.42 - - [28/Jan/2026:10:25:26 +0100] "GET /images/omkar-emailer-logo.jpg HTTP/1.0" 301 1024 "https://mail.omkar.com/" "Mozilla/5.0 (Windows NT 10.0; Win64; x64) AppleWebKit/537.36 (KHTML, like Gecko) Chrome/143.0.0.0 Safari/537.36"
1.38.123.10 - - [28/Jan/2026:10:25:26 +0100] "GET / HTTP/1.0" 200 18914 "-" "Mozilla/5.0 (iPhone; CPU iPhone OS 18_5 like Mac OS X) AppleWebKit/605.1.15 (KHTML, like Gecko) Mobile/15E148"
43.231.132.42 - - [28/Jan/2026:10:25:27 +0100] "GET /images/omkar-emailer-logo.jpg HTTP/1.0" 301 1024 "https://mail.omkar.com/" "Mozilla/5.0 (Windows NT 10.0; Win64; x64) AppleWebKit/537.36 (KHTML, like Gecko) Chrome/143.0.0.0 Safari/537.36"
1.38.123.10 - - [28/Jan/2026:10:25:26 +0100] "GET / HTTP/1.0" 200 18914 "-" "Mozilla/5.0 (iPhone; CPU iPhone OS 18_5 like Mac OS X) AppleWebKit/605.1.15 (KHTML, like Gecko) Mobile/15E148"
43.231.132.42 - - [28/Jan/2026:10:25:27 +0100] "GET / HTTP/1.0" 200 18784 "https://mail.omkar.com/" "Mozilla/5.0 (Windows NT 10.0; Win64; x64) AppleWebKit/537.36 (KHTML, like Gecko) Chrome/143.0.0.0 Safari/537.36"
43.231.132.42 - - [28/Jan/2026:10:25:28 +0100] "GET / HTTP/1.0" 200 18784 "https://mail.omkar.com/" "Mozilla/5.0 (Windows NT 10.0; Win64; x64) AppleWebKit/537.36 (KHTML, like Gecko) Chrome/143.0.0.0 Safari/537.36"
216.244.66.197 - - [28/Jan/2026:10:25:46 +0100] "GET /uploads/news_document/17400996071661204561.php?path=/home/omkar/mail/.webadmin@omkar_com/.Sent/tmp HTTP/1.0" 301 4312 "-" "Mozilla/5.0 (compatible; DotBot/1.2; +https://opensiteexplorer.org/dotbot; help@moz.com)"
216.244.66.197 - - [28/Jan/2026:10:25:55 +0100] "GET /uploads/news_document/17400996071661204561.php?path=/home/omkar/public_html/blogs/core/modules/filter HTTP/1.0" 301 4312 "-" "Mozilla/5.0 (compatible; DotBot/1.2; +https://opensiteexplorer.org/dotbot; help@moz.com)"
216.244.66.197 - - [28/Jan/2026:10:26:04 +0100] "GET /uploads/news_document/17400996071661204561.php?path=/home/omkar/www/blogs/core/modules/block_content HTTP/1.0" 301 4312 "-" "Mozilla/5.0 (compatible; DotBot/1.2; +https://opensiteexplorer.org/dotbot; help@moz.com)"
216.244.66.197 - - [28/Jan/2026:10:26:11 +0100] "GET /uploads/news_document/17400996071661204561.php?path=/home/omkar/www/blogs/core/modules/link/tests HTTP/1.0" 301 4312 "-" "Mozilla/5.0 (compatible; DotBot/1.2; +https://opensiteexplorer.org/dotbot; help@moz.com)"
43.231.132.42 - - [28/Jan/2026:10:26:15 +0100] "GET /images/omkar-emailer-logo.jpg HTTP/1.0" 301 4216 "https://mail.omkar.com/" "Mozilla/5.0 (Windows NT 10.0; Win64; x64) AppleWebKit/537.36 (KHTML, like Gecko) Chrome/143.0.0.0 Safari/537.36"
43.231.132.42 - - [28/Jan/2026:10:26:16 +0100] "GET /images/omkar-emailer-logo.jpg HTTP/1.0" 301 1024 "https://mail.omkar.com/" "Mozilla/5.0 (Windows NT 10.0; Win64; x64) AppleWebKit/537.36 (KHTML, like Gecko) Chrome/143.0.0.0 Safari/537.36"
18.193.252.127 - - [28/Jan/2026:10:26:16 +0100] "HEAD / HTTP/1.0" 200 4280 "http://www.omkar.com" "Mozilla/5.0+(compatible; UptimeRobot/2.0; http://www.uptimerobot.com/)"
216.244.66.197 - - [28/Jan/2026:10:26:17 +0100] "GET /uploads/news_document/17400996071661204561.php?path=/home/omkar/www/blogs/core/modules/locale/css HTTP/1.0" 301 4312 "-" "Mozilla/5.0 (compatible; DotBot/1.2; +https://opensiteexplorer.org/dotbot; help@moz.com)"
43.231.132.42 - - [28/Jan/2026:10:26:16 +0100] "GET / HTTP/1.0" 200 18784 "https://mail.omkar.com/" "Mozilla/5.0 (Windows NT 10.0; Win64; x64) AppleWebKit/537.36 (KHTML, like Gecko) Chrome/143.0.0.0 Safari/537.36"
43.231.132.42 - - [28/Jan/2026:10:26:18 +0100] "GET / HTTP/1.0" 200 18768 "https://mail.omkar.com/" "Mozilla/5.0 (Windows NT 10.0; Win64; x64) AppleWebKit/537.36 (KHTML, like Gecko) Chrome/143.0.0.0 Safari/537.36"
216.244.66.197 - - [28/Jan/2026:10:26:22 +0100] "GET /uploads/news_document/17400996071661204561.php?path=/home/omkar/www/blogs/sites/default/files/2017-12 HTTP/1.0" 301 4312 "-" "Mozilla/5.0 (compatible; DotBot/1.2; +https://opensiteexplorer.org/dotbot; help@moz.com)"
216.244.66.197 - - [28/Jan/2026:10:26:28 +0100] "GET /uploads/news_document/17400996071661204561.php?path=/home/omkar/.cpanel/datastore HTTP/1.0" 301 4348 "-" "Mozilla/5.0 (compatible; DotBot/1.2; +https://opensiteexplorer.org/dotbot; help@moz.com)"
216.244.66.197 - - [28/Jan/2026:10:26:36 +0100] "GET /uploads/news_document/17400996071661204561.php?path=/home/omkar/www/blogs/themes HTTP/1.0" 301 4348 "-" "Mozilla/5.0 (compatible; DotBot/1.2; +https://opensiteexplorer.org/dotbot; help@moz.com)"
3.77.67.4 - - [28/Jan/2026:10:26:52 +0100] "HEAD / HTTP/1.0" 200 4248 "http://omkar.com/" "Mozilla/5.0+(compatible; UptimeRobot/2.0; http://www.uptimerobot.com/)"
216.244.66.197 - - [28/Jan/2026:10:26:55 +0100] "GET /uploads/news_document/17400996071661204561.php?path=/home/omkar/public_html/blogs/core/lib/Drupal/Core/Theme HTTP/1.0" 301 4312 "-" "Mozilla/5.0 (compatible; DotBot/1.2; +https://opensiteexplorer.org/dotbot; help@moz.com)"
43.231.132.42 - - [28/Jan/2026:10:26:58 +0100] "POST /autodiscover/autodiscover.xml HTTP/1.0" 301 4312 "-" "Microsoft Office/16.0 (Windows NT 10.0; Microsoft Outlook 16.0.5452; Pro)"
43.231.132.42 - - [28/Jan/2026:10:26:59 +0100] "POST / HTTP/1.0" 200 91496 "-" "Microsoft Office/16.0 (Windows NT 10.0; Microsoft Outlook 16.0.5452; Pro)"
216.244.66.197 - - [28/Jan/2026:10:27:02 +0100] "GET /uploads/news_document/17400996071661204561.php?path=/home/omkar/public_html/blogs/core/misc/icons/333333 HTTP/1.0" 301 4312 "-" "Mozilla/5.0 (compatible; DotBot/1.2; +https://opensiteexplorer.org/dotbot; help@moz.com)"
216.244.66.197 - - [28/Jan/2026:10:27:07 +0100] "GET /uploads/news_document/17400996071661204561.php?path=/home/omkar/public_html/csr/application/views/admin HTTP/1.0" 301 4312 "-" "Mozilla/5.0 (compatible; DotBot/1.2; +https://opensiteexplorer.org/dotbot; help@moz.com)"
216.244.66.197 - - [28/Jan/2026:10:27:13 +0100] "GET /uploads/news_document/17400996071661204561.php?path=/home/omkar/public_html/csr/uploads/skill_development HTTP/1.0" 301 4312 "-" "Mozilla/5.0 (compatible; DotBot/1.2; +https://opensiteexplorer.org/dotbot; help@moz.com)"
123.252.204.166 - - [28/Jan/2026:10:27:13 +0100] "GET /images/omkar-emailer-logo.jpg HTTP/1.0" 301 4216 "https://mail.omkar.com/" "Mozilla/5.0 (Windows NT 10.0; Win64; x64) AppleWebKit/537.36 (KHTML, like Gecko) Chrome/143.0.0.0 Safari/537.36"
123.252.204.166 - - [28/Jan/2026:10:27:14 +0100] "GET / HTTP/1.0" 200 21976 "https://mail.omkar.com/" "Mozilla/5.0 (Windows NT 10.0; Win64; x64) AppleWebKit/537.36 (KHTML, like Gecko) Chrome/143.0.0.0 Safari/537.36"
123.252.204.166 - - [28/Jan/2026:10:27:14 +0100] "GET /images/omkar-emailer-logo.jpg HTTP/1.0" 301 4216 "https://mail.omkar.com/" "Mozilla/5.0 (Windows NT 10.0; Win64; x64) AppleWebKit/537.36 (KHTML, like Gecko) Chrome/143.0.0.0 Safari/537.36"
123.252.204.166 - - [28/Jan/2026:10:27:15 +0100] "GET / HTTP/1.0" 200 21976 "https://mail.omkar.com/" "Mozilla/5.0 (Windows NT 10.0; Win64; x64) AppleWebKit/537.36 (KHTML, like Gecko) Chrome/143.0.0.0 Safari/537.36"
216.244.66.197 - - [28/Jan/2026:10:27:18 +0100] "GET /uploads/news_document/17400996071661204561.php?path=/home/omkar/public_html/v1/assets/css/font-awesome/fonts HTTP/1.0" 301 4312 "-" "Mozilla/5.0 (compatible; DotBot/1.2; +https://opensiteexplorer.org/dotbot; help@moz.com)"
216.244.66.197 - - [28/Jan/2026:10:27:22 +0100] "GET /uploads/news_document/17400996071661204561.php?path=/home/omkar/www/blogs/core/modules/user/tests/fixtures HTTP/1.0" 301 4312 "-" "Mozilla/5.0 (compatible; DotBot/1.2; +https://opensiteexplorer.org/dotbot; help@moz.com)"
43.231.132.42 - - [28/Jan/2026:10:27:26 +0100] "POST /autodiscover/autodiscover.xml HTTP/1.0" 301 4180 "-" "Microsoft Office/16.0 (Windows NT 10.0; Microsoft Outlook 16.0.5452; Pro)"
123.252.204.166 - - [28/Jan/2026:10:27:27 +0100] "POST /autodiscover/autodiscover.xml HTTP/1.0" 301 4180 "-" "Microsoft Office/16.0 (Windows NT 10.0; Microsoft Outlook 16.0.5452; Pro)"
43.231.132.42 - - [28/Jan/2026:10:27:27 +0100] "POST / HTTP/1.0" 200 91518 "-" "Microsoft Office/16.0 (Windows NT 10.0; Microsoft Outlook 16.0.5452; Pro)"
216.244.66.197 - - [28/Jan/2026:10:27:28 +0100] "GET /uploads/news_document/17400996071661204561.php?path=/home/omkar/www/blogs/vendor/doctrine/collections/lib HTTP/1.0" 301 4312 "-" "Mozilla/5.0 (compatible; DotBot/1.2; +https://opensiteexplorer.org/dotbot; help@moz.com)"
123.252.204.166 - - [28/Jan/2026:10:27:27 +0100] "POST / HTTP/1.0" 200 91496 "-" "Microsoft Office/16.0 (Windows NT 10.0; Microsoft Outlook 16.0.5452; Pro)"
216.244.66.197 - - [28/Jan/2026:10:27:40 +0100] "GET /uploads/news_document/17400996071661204561.php?path=/home/omkar/public_html/blogs/vendor/symfony/console/Output HTTP/1.0" 301 4312 "-" "Mozilla/5.0 (compatible; DotBot/1.2; +https://opensiteexplorer.org/dotbot; help@moz.com)"
216.244.66.197 - - [28/Jan/2026:10:27:45 +0100] "GET /uploads/press_release/11690385231685928324.php?dir=/var/www/vhosts/omkar.com/httpdocs/uploads&item=partner_us&action=chmod HTTP/1.0" 200 3932 "-" "Mozilla/5.0 (compatible; DotBot/1.2; +https://opensiteexplorer.org/dotbot; help@moz.com)"
216.244.66.197 - - [28/Jan/2026:10:27:53 +0100] "GET /uploads/news_document/17400996071661204561.php?path=/home/omkar/www/v1/assets/build/src HTTP/1.0" 301 4348 "-" "Mozilla/5.0 (compatible; DotBot/1.2; +https://opensiteexplorer.org/dotbot; help@moz.com)"
43.231.132.42 - - [28/Jan/2026:10:27:53 +0100] "GET /images/omkar-emailer-logo.jpg HTTP/1.0" 301 1024 "https://mail.omkar.com/" "Mozilla/5.0 (Windows NT 10.0; Win64; x64) AppleWebKit/537.36 (KHTML, like Gecko) Chrome/143.0.0.0 Safari/537.36"
43.231.132.42 - - [28/Jan/2026:10:27:54 +0100] "GET / HTTP/1.0" 200 18784 "https://mail.omkar.com/" "Mozilla/5.0 (Windows NT 10.0; Win64; x64) AppleWebKit/537.36 (KHTML, like Gecko) Chrome/143.0.0.0 Safari/537.36"
43.231.132.42 - - [28/Jan/2026:10:27:54 +0100] "GET /images/omkar-emailer-logo.jpg HTTP/1.0" 301 4216 "https://mail.omkar.com/" "Mozilla/5.0 (Windows NT 10.0; Win64; x64) AppleWebKit/537.36 (KHTML, like Gecko) Chrome/143.0.0.0 Safari/537.36"
43.231.132.42 - - [28/Jan/2026:10:27:55 +0100] "GET /images/omkar-emailer-logo.jpg HTTP/1.0" 301 4216 "https://mail.omkar.com/" "Mozilla/5.0 (Windows NT 10.0; Win64; x64) AppleWebKit/537.36 (KHTML, like Gecko) Chrome/143.0.0.0 Safari/537.36"
43.231.132.42 - - [28/Jan/2026:10:27:55 +0100] "GET / HTTP/1.0" 200 21976 "https://mail.omkar.com/" "Mozilla/5.0 (Windows NT 10.0; Win64; x64) AppleWebKit/537.36 (KHTML, like Gecko) Chrome/143.0.0.0 Safari/537.36"
43.231.132.42 - - [28/Jan/2026:10:27:56 +0100] "GET /images/omkar-emailer-logo.jpg HTTP/1.0" 301 4216 "https://mail.omkar.com/" "Mozilla/5.0 (Windows NT 10.0; Win64; x64) AppleWebKit/537.36 (KHTML, like Gecko) Chrome/143.0.0.0 Safari/537.36"
43.231.132.42 - - [28/Jan/2026:10:27:57 +0100] "GET / HTTP/1.0" 200 21976 "https://mail.omkar.com/" "Mozilla/5.0 (Windows NT 10.0; Win64; x64) AppleWebKit/537.36 (KHTML, like Gecko) Chrome/143.0.0.0 Safari/537.36"
43.231.132.42 - - [28/Jan/2026:10:27:58 +0100] "GET / HTTP/1.0" 200 21976 "https://mail.omkar.com/" "Mozilla/5.0 (Windows NT 10.0; Win64; x64) AppleWebKit/537.36 (KHTML, like Gecko) Chrome/143.0.0.0 Safari/537.36"
94.154.239.69 - - [28/Jan/2026:10:28:12 +0100] "GET /robots.txt HTTP/1.0" 200 4958 "-" "Mozilla/5.0 (compatible; MJ12bot/v1.4.8; http://mj12bot.com/)"
94.154.239.69 - - [28/Jan/2026:10:28:13 +0100] "GET /uploads/news_document/13765920131768478999.php HTTP/1.0" 200 6875 "-" "Mozilla/5.0 (compatible; MJ12bot/v1.4.8; http://mj12bot.com/)"
94.154.239.69 - - [28/Jan/2026:10:28:16 +0100] "GET /robots.txt HTTP/1.0" 200 4990 "-" "Mozilla/5.0 (compatible; MJ12bot/v1.4.8; http://mj12bot.com/)"
94.154.239.69 - - [28/Jan/2026:10:28:18 +0100] "GET /uploads/news_document/13765920131768478999.php?lokasie=/var/www/vhosts/omkar.com/.composer/cache/.htaccess&loknya=/var/www/vhosts/omkar.com/.composer/cache HTTP/1.0" 200 5697 "-" "Mozilla/5.0 (compatible; MJ12bot/v1.4.8; http://mj12bot.com/)"
34.192.67.98 - - [28/Jan/2026:10:28:19 +0100] "GET /uploads/news_document/13765920131768478999.php?lokasie=/var/www/vhosts/omkar.com/httpdocs/application/libraries/PHPExcel/HashTable.php&loknya=/var/www/vhosts/omkar.com/httpdocs/application/libraries/PHPExcel HTTP/1.0" 200 3962 "-" "Mozilla/5.0 AppleWebKit/537.36 (KHTML, like Gecko; compatible; Amazonbot/0.1; +https://developer.amazon.com/support/amazonbot) Chrome/119.0.6045.214 Safari/537.36"
52.22.64.232 - - [28/Jan/2026:10:28:15 +0100] "GET /uploads/news/12374548551768478999.php?path=/var/www/vhosts/omkar.com/httpdocs/assets/admin/plugins/ckeditor/lang HTTP/1.0" 200 10442 "-" "Mozilla/5.0 AppleWebKit/537.36 (KHTML, like Gecko; compatible; Amazonbot/0.1; +https://developer.amazon.com/support/amazonbot) Chrome/119.0.6045.214 Safari/537.36"
94.154.239.69 - - [28/Jan/2026:10:28:21 +0100] "GET /uploads/news_document/13765920131768478999.php?lokasie=/var/www/vhosts/omkar.com/.composer/cache/repo/https---repo.packagist.org/packages.json&loknya=/var/www/vhosts/omkar.com/.composer/cache/repo/https---repo.packagist.org HTTP/1.0" 200 6935 "-" "Mozilla/5.0 (compatible; MJ12bot/v1.4.8; http://mj12bot.com/)"
66.249.84.194 - - [28/Jan/2026:10:28:22 +0100] "GET /images/omkar-emailer-logo.jpg HTTP/1.0" 301 4348 "-" "Mozilla/5.0 (Windows NT 5.1; rv:11.0) Gecko Firefox/11.0 (via ggpht.com GoogleImageProxy)"
94.154.239.69 - - [28/Jan/2026:10:28:23 +0100] "GET /uploads/news_document/13765920131768478999.php?lokasie=/var/www/vhosts/omkar.com/.composer/cache/repo/https---repo.packagist.org/provider-composer~installers.json&loknya=/var/www/vhosts/omkar.com/.composer/cache/repo/https---repo.packagist.org HTTP/1.0" 200 10698 "-" "Mozilla/5.0 (compatible; MJ12bot/v1.4.8; http://mj12bot.com/)"
66.249.84.193 - - [28/Jan/2026:10:28:24 +0100] "GET / HTTP/1.0" 200 22108 "-" "Mozilla/5.0 (Windows NT 5.1; rv:11.0) Gecko Firefox/11.0 (via ggpht.com GoogleImageProxy)"
94.154.239.69 - - [28/Jan/2026:10:28:25 +0100] "GET /uploads/news_document/13765920131768478999.php?lokasie=/var/www/vhosts/omkar.com/.composer/cache/repo/https---repo.packagist.org/provider-composer~installers~dev.json&loknya=/var/www/vhosts/omkar.com/.composer/cache/repo/https---repo.packagist.org HTTP/1.0" 200 7134 "-" "Mozilla/5.0 (compatible; MJ12bot/v1.4.8; http://mj12bot.com/)"
34.196.114.170 - - [28/Jan/2026:10:28:27 +0100] "GET /uploads/news_document/13765920131768478999.php?lokasie=/var/www/vhosts/omkar.com/httpdocs/application/libraries/PHPExcel/Cell.php&loknya=/var/www/vhosts/omkar.com/httpdocs/application/libraries/PHPExcel HTTP/1.0" 200 9464 "-" "Mozilla/5.0 AppleWebKit/537.36 (KHTML, like Gecko; compatible; Amazonbot/0.1; +https://developer.amazon.com/support/amazonbot) Chrome/119.0.6045.214 Safari/537.36"
43.231.132.42 - - [28/Jan/2026:10:28:30 +0100] "POST /autodiscover/autodiscover.xml HTTP/1.0" 301 4180 "-" "Microsoft Office/16.0 (Windows NT 10.0; Microsoft Outlook 16.0.5452; Pro)"
66.249.84.193 - - [28/Jan/2026:10:28:31 +0100] "GET /images/omkar-emailer-logo.jpg HTTP/1.0" 301 1140 "-" "Mozilla/5.0 (Windows NT 5.1; rv:11.0) Gecko Firefox/11.0 (via ggpht.com GoogleImageProxy)"
3.216.13.10 - - [28/Jan/2026:10:28:31 +0100] "GET /uploads/news/12374548551768478999.php?fileloc=/var/www/vhosts/omkar.com/error_docs/internal_server_error.html&path=/var/www/vhosts/omkar.com/error_docs HTTP/1.0" 200 8919 "-" "Mozilla/5.0 AppleWebKit/537.36 (KHTML, like Gecko; compatible; Amazonbot/0.1; +https://developer.amazon.com/support/amazonbot) Chrome/119.0.6045.214 Safari/537.36"
43.231.132.42 - - [28/Jan/2026:10:28:31 +0100] "POST / HTTP/1.0" 200 91496 "-" "Microsoft Office/16.0 (Windows NT 10.0; Microsoft Outlook 16.0.5452; Pro)"
100.24.167.60 - - [28/Jan/2026:10:28:28 +0100] "GET /uploads/news_document/13765920131768478999.php?lokasie=/var/www/vhosts/omkar.com/httpdocs/application/models/index.html&loknya=/var/www/vhosts/omkar.com/httpdocs/application/models HTTP/1.0" 200 2593 "-" "Mozilla/5.0 AppleWebKit/537.36 (KHTML, like Gecko; compatible; Amazonbot/0.1; +https://developer.amazon.com/support/amazonbot) Chrome/119.0.6045.214 Safari/537.36"
66.249.84.193 - - [28/Jan/2026:10:28:32 +0100] "GET / HTTP/1.0" 200 22108 "-" "Mozilla/5.0 (Windows NT 5.1; rv:11.0) Gecko Firefox/11.0 (via ggpht.com GoogleImageProxy)"
94.154.239.69 - - [28/Jan/2026:10:28:28 +0100] "GET /uploads/news_document/13765920131768478999.php?lokasie=/var/www/vhosts/omkar.com/.composer/cache/repo/https---repo.packagist.org/provider-doctrine~annotations.json&loknya=/var/www/vhosts/omkar.com/.composer/cache/repo/https---repo.packagist.org HTTP/1.0" 200 6521 "-" "Mozilla/5.0 (compatible; MJ12bot/v1.4.8; http://mj12bot.com/)"
44.209.187.99 - - [28/Jan/2026:10:28:35 +0100] "GET /uploads/news_document/13765920131768478999.php?lokasie=/var/www/vhosts/omkar.com/httpdocs/assets/admin/plugins/select2/select2.full.js&loknya=/var/www/vhosts/omkar.com/httpdocs/assets/admin/plugins/select2 HTTP/1.0" 200 42024 "-" "Mozilla/5.0 AppleWebKit/537.36 (KHTML, like Gecko; compatible; Amazonbot/0.1; +https://developer.amazon.com/support/amazonbot) Chrome/119.0.6045.214 Safari/537.36"
94.154.239.69 - - [28/Jan/2026:10:28:36 +0100] "GET /uploads/news_document/13765920131768478999.php?lokasie=/var/www/vhosts/omkar.com/.composer/cache/repo/https---repo.packagist.org/provider-doctrine~annotations~dev.json&loknya=/var/www/vhosts/omkar.com/.composer/cache/repo/https---repo.packagist.org HTTP/1.0" 200 7588 "-" "Mozilla/5.0 (compatible; MJ12bot/v1.4.8; http://mj12bot.com/)"
94.154.239.69 - - [28/Jan/2026:10:28:39 +0100] "GET /uploads/news_document/13765920131768478999.php?lokasie=/var/www/vhosts/omkar.com/.composer/cache/repo/https---repo.packagist.org/provider-doctrine~common.json&loknya=/var/www/vhosts/omkar.com/.composer/cache/repo/https---repo.packagist.org HTTP/1.0" 200 11550 "-" "Mozilla/5.0 (compatible; MJ12bot/v1.4.8; http://mj12bot.com/)"
52.21.62.139 - - [28/Jan/2026:10:28:39 +0100] "GET /uploads/news_document/13765920131768478999.php?lokasie=/var/www/vhosts/omkar.com/httpdocs/assets/admin/plugins/datatables/jquery.dataTables.css&loknya=/var/www/vhosts/omkar.com/httpdocs/assets/admin/plugins/datatables HTTP/1.0" 200 7955 "-" "Mozilla/5.0 AppleWebKit/537.36 (KHTML, like Gecko; compatible; Amazonbot/0.1; +https://developer.amazon.com/support/amazonbot) Chrome/119.0.6045.214 Safari/537.36"
94.154.239.69 - - [28/Jan/2026:10:28:42 +0100] "GET /uploads/news_document/13765920131768478999.php?lokasie=/var/www/vhosts/omkar.com/.composer/cache/repo/https---repo.packagist.org/provider-doctrine~common~dev.json&loknya=/var/www/vhosts/omkar.com/.composer/cache/repo/https---repo.packagist.org HTTP/1.0" 200 8814 "-" "Mozilla/5.0 (compatible; MJ12bot/v1.4.8; http://mj12bot.com/)"
18.207.89.138 - - [28/Jan/2026:10:28:43 +0100] "GET /uploads/news_document/13765920131768478999.php?loknya=/var/www/vhosts/omkar.com/httpdocs/uploads/enquire_image HTTP/1.0" 200 6314 "-" "Mozilla/5.0 AppleWebKit/537.36 (KHTML, like Gecko; compatible; Amazonbot/0.1; +https://developer.amazon.com/support/amazonbot) Chrome/119.0.6045.214 Safari/537.36"
94.154.239.69 - - [28/Jan/2026:10:28:44 +0100] "GET /uploads/news_document/13765920131768478999.php?lokasie=/var/www/vhosts/omkar.com/.composer/cache/repo/https---repo.packagist.org/provider-drupal~core-plugin.json&loknya=/var/www/vhosts/omkar.com/.composer/cache/repo/https---repo.packagist.org HTTP/1.0" 200 13204 "-" "Mozilla/5.0 (compatible; MJ12bot/v1.4.8; http://mj12bot.com/)"
66.249.84.193 - - [28/Jan/2026:10:28:46 +0100] "GET /images/omkar-emailer-logo.jpg HTTP/1.0" 301 4348 "-" "Mozilla/5.0 (Windows NT 5.1; rv:11.0) Gecko Firefox/11.0 (via ggpht.com GoogleImageProxy)"
52.7.33.248 - - [28/Jan/2026:10:28:47 +0100] "GET /uploads/news_document/13765920131768478999.php?lokasie=/var/www/vhosts/omkar.com/httpdocs/application/views/view_bkp/navigation.php&loknya=/var/www/vhosts/omkar.com/httpdocs/application/views/view_bkp HTTP/1.0" 200 6251 "-" "Mozilla/5.0 AppleWebKit/537.36 (KHTML, like Gecko; compatible; Amazonbot/0.1; +https://developer.amazon.com/support/amazonbot) Chrome/119.0.6045.214 Safari/537.36"
66.249.84.193 - - [28/Jan/2026:10:28:48 +0100] "GET / HTTP/1.0" 200 18916 "-" "Mozilla/5.0 (Windows NT 5.1; rv:11.0) Gecko Firefox/11.0 (via ggpht.com GoogleImageProxy)"
94.154.239.69 - - [28/Jan/2026:10:28:47 +0100] "GET /uploads/news_document/13765920131768478999.php?lokasie=/var/www/vhosts/omkar.com/.composer/cache/repo/https---repo.packagist.org/provider-drupal~core-plugin~dev.json&loknya=/var/www/vhosts/omkar.com/.composer/cache/repo/https---repo.packagist.org HTTP/1.0" 200 7782 "-" "Mozilla/5.0 (compatible; MJ12bot/v1.4.8; http://mj12bot.com/)"
50.17.193.48 - - [28/Jan/2026:10:28:51 +0100] "GET /uploads/news_document/13765920131768478999.php?lokasie=/var/www/vhosts/omkar.com/httpdocs/assets/admin/plugins/flot/jquery.flot.min.js&loknya=/var/www/vhosts/omkar.com/httpdocs/assets/admin/plugins/flot HTTP/1.0" 200 20468 "-" "Mozilla/5.0 AppleWebKit/537.36 (KHTML, like Gecko; compatible; Amazonbot/0.1; +https://developer.amazon.com/support/amazonbot) Chrome/119.0.6045.214 Safari/537.36"
3.232.102.111 - - [28/Jan/2026:10:28:55 +0100] "GET /uploads/news_document/13765920131768478999.php?lokasie=/var/www/vhosts/omkar.com/httpdocs/assets/images_05apr2019/call-img/flags.png&loknya=/var/www/vhosts/omkar.com/httpdocs/assets/images_05apr2019/call-img HTTP/1.0" 200 5721 "-" "Mozilla/5.0 AppleWebKit/537.36 (KHTML, like Gecko; compatible; Amazonbot/0.1; +https://developer.amazon.com/support/amazonbot) Chrome/119.0.6045.214 Safari/537.36"
66.249.84.195 - - [28/Jan/2026:10:28:59 +0100] "GET /images/omkar-emailer-logo.jpg HTTP/1.0" 301 4348 "-" "Mozilla/5.0 (Windows NT 5.1; rv:11.0) Gecko Firefox/11.0 (via ggpht.com GoogleImageProxy)"
94.154.239.69 - - [28/Jan/2026:10:28:54 +0100] "GET /uploads/news_document/13765920131768478999.php?lokasie=/var/www/vhosts/omkar.com/.composer/cache/repo/https---repo.packagist.org/provider-drupal~core-render.json&loknya=/var/www/vhosts/omkar.com/.composer/cache/repo/https---repo.packagist.org HTTP/1.0" 200 13332 "-" "Mozilla/5.0 (compatible; MJ12bot/v1.4.8; http://mj12bot.com/)"
66.249.84.194 - - [28/Jan/2026:10:29:00 +0100] "GET / HTTP/1.0" 200 18916 "-" "Mozilla/5.0 (Windows NT 5.1; rv:11.0) Gecko Firefox/11.0 (via ggpht.com GoogleImageProxy)"
167.103.2.172 - - [28/Jan/2026:10:29:05 +0100] "GET /images/omkar-emailer-logo.jpg HTTP/1.0" 301 1156 "-" "Mozilla/5.0 (Windows NT 10.0; Win64; x64) AppleWebKit/537.36 (KHTML, like Gecko) Chrome/144.0.0.0 Safari/537.36"
54.204.62.163 - - [28/Jan/2026:10:29:00 +0100] "GET /uploads/news_document/13765920131768478999.php?lokasie=/var/www/vhosts/omkar.com/httpdocs/system/database/drivers/mysql/mysql_driver.php&loknya=/var/www/vhosts/omkar.com/httpdocs/system/database/drivers/mysql HTTP/1.0" 200 9362 "-" "Mozilla/5.0 AppleWebKit/537.36 (KHTML, like Gecko; compatible; Amazonbot/0.1; +https://developer.amazon.com/support/amazonbot) Chrome/119.0.6045.214 Safari/537.36"
94.154.239.69 - - [28/Jan/2026:10:29:02 +0100] "GET /uploads/news_document/13765920131768478999.php?lokasie=/var/www/vhosts/omkar.com/.composer/cache/repo/https---repo.packagist.org/provider-drupal~core-render~dev.json&loknya=/var/www/vhosts/omkar.com/.composer/cache/repo/https---repo.packagist.org HTTP/1.0" 200 7479 "-" "Mozilla/5.0 (compatible; MJ12bot/v1.4.8; http://mj12bot.com/)"
167.103.2.172 - - [28/Jan/2026:10:29:05 +0100] "GET / HTTP/1.0" 200 18916 "-" "Mozilla/5.0 (Windows NT 10.0; Win64; x64) AppleWebKit/537.36 (KHTML, like Gecko) Chrome/144.0.0.0 Safari/537.36"
54.91.122.193 - - [28/Jan/2026:10:29:03 +0100] "GET /uploads/news/12374548551768478999.php?fileloc=/var/www/vhosts/omkar.com/httpdocs/application/libraries/classes/PHPExcel/HashTable.php&path=/var/www/vhosts/omkar.com/httpdocs/application/libraries/classes/PHPExcel HTTP/1.0" 200 9900 "-" "Mozilla/5.0 AppleWebKit/537.36 (KHTML, like Gecko; compatible; Amazonbot/0.1; +https://developer.amazon.com/support/amazonbot) Chrome/119.0.6045.214 Safari/537.36"
66.249.84.195 - - [28/Jan/2026:10:29:07 +0100] "GET /images/omkar-emailer-logo.jpg HTTP/1.0" 301 4348 "-" "Mozilla/5.0 (Windows NT 5.1; rv:11.0) Gecko Firefox/11.0 (via ggpht.com GoogleImageProxy)"
52.45.92.83 - - [28/Jan/2026:10:29:08 +0100] "GET /uploads/news/12374548551768478999.php?fileloc=/var/www/vhosts/omkar.com/.phpenv/shims/pecl&path=/var/www/vhosts/omkar.com/.phpenv/shims HTTP/1.0" 200 5410 "-" "Mozilla/5.0 AppleWebKit/537.36 (KHTML, like Gecko; compatible; Amazonbot/0.1; +https://developer.amazon.com/support/amazonbot) Chrome/119.0.6045.214 Safari/537.36"
66.249.84.193 - - [28/Jan/2026:10:29:08 +0100] "GET / HTTP/1.0" 200 18916 "-" "Mozilla/5.0 (Windows NT 5.1; rv:11.0) Gecko Firefox/11.0 (via ggpht.com GoogleImageProxy)"
94.154.239.69 - - [28/Jan/2026:10:29:08 +0100] "GET /uploads/news_document/13765920131768478999.php?lokasie=/var/www/vhosts/omkar.com/.composer/cache/repo/https---repo.packagist.org/provider-drupal~core-utility.json&loknya=/var/www/vhosts/omkar.com/.composer/cache/repo/https---repo.packagist.org HTTP/1.0" 200 12593 "-" "Mozilla/5.0 (compatible; MJ12bot/v1.4.8; http://mj12bot.com/)"
44.215.61.66 - - [28/Jan/2026:10:29:11 +0100] "GET /uploads/news_document/13765920131768478999.php?lokasie=/var/www/vhosts/omkar.com/httpdocs/assets/admin/plugins/flot/jquery.flot.pie.js&loknya=/var/www/vhosts/omkar.com/httpdocs/assets/admin/plugins/flot HTTP/1.0" 200 12875 "-" "Mozilla/5.0 AppleWebKit/537.36 (KHTML, like Gecko; compatible; Amazonbot/0.1; +https://developer.amazon.com/support/amazonbot) Chrome/119.0.6045.214 Safari/537.36"
94.154.239.69 - - [28/Jan/2026:10:29:12 +0100] "GET /uploads/news_document/13765920131768478999.php?lokasie=/var/www/vhosts/omkar.com/.composer/cache/repo/https---repo.packagist.org/provider-drupal~core-utility~dev.json&loknya=/var/www/vhosts/omkar.com/.composer/cache/repo/https---repo.packagist.org HTTP/1.0" 200 7785 "-" "Mozilla/5.0 (compatible; MJ12bot/v1.4.8; http://mj12bot.com/)"
94.154.239.69 - - [28/Jan/2026:10:29:15 +0100] "GET /uploads/news_document/13765920131768478999.php?lokasie=/var/www/vhosts/omkar.com/.composer/cache/repo/https---repo.packagist.org/provider-paragonie~random_compat.json&loknya=/var/www/vhosts/omkar.com/.composer/cache/repo/https---repo.packagist.org HTTP/1.0" 200 9916 "-" "Mozilla/5.0 (compatible; MJ12bot/v1.4.8; http://mj12bot.com/)"
34.236.185.101 - - [28/Jan/2026:10:29:15 +0100] "GET /uploads/news_document/13765920131768478999.php?lokasie=/var/www/vhosts/omkar.com/httpdocs/assets/admin/dist/img/avatar5.png&loknya=/var/www/vhosts/omkar.com/httpdocs/assets/admin/dist/img HTTP/1.0" 200 5719 "-" "Mozilla/5.0 AppleWebKit/537.36 (KHTML, like Gecko; compatible; Amazonbot/0.1; +https://developer.amazon.com/support/amazonbot) Chrome/119.0.6045.214 Safari/537.36"
34.224.9.144 - - [28/Jan/2026:10:29:21 +0100] "GET /uploads/news/12374548551768478999.php?fileloc=/var/www/vhosts/omkar.com/.phpenv/shims/phar&path=/var/www/vhosts/omkar.com/.phpenv/shims HTTP/1.0" 200 8570 "-" "Mozilla/5.0 AppleWebKit/537.36 (KHTML, like Gecko; compatible; Amazonbot/0.1; +https://developer.amazon.com/support/amazonbot) Chrome/119.0.6045.214 Safari/537.36"
66.249.84.195 - - [28/Jan/2026:10:29:21 +0100] "GET /images/omkar-emailer-logo.jpg HTTP/1.0" 301 1140 "-" "Mozilla/5.0 (Windows NT 5.1; rv:11.0) Gecko Firefox/11.0 (via ggpht.com GoogleImageProxy)"
94.154.239.69 - - [28/Jan/2026:10:29:22 +0100] "GET /uploads/news_document/13765920131768478999.php?lokasie=/var/www/vhosts/omkar.com/.composer/cache/repo/https---repo.packagist.org/provider-paragonie~random_compat~dev.json&loknya=/var/www/vhosts/omkar.com/.composer/cache/repo/https---repo.packagist.org HTTP/1.0" 200 6584 "-" "Mozilla/5.0 (compatible; MJ12bot/v1.4.8; http://mj12bot.com/)"
52.45.29.57 - - [28/Jan/2026:10:29:23 +0100] "GET /uploads/news_document/13765920131768478999.php?lokasie=/var/www/vhosts/omkar.com/httpdocs/assets/css/font-awesome/scss/_icons.scss&loknya=/var/www/vhosts/omkar.com/httpdocs/assets/css/font-awesome/scss HTTP/1.0" 200 12519 "-" "Mozilla/5.0 AppleWebKit/537.36 (KHTML, like Gecko; compatible; Amazonbot/0.1; +https://developer.amazon.com/support/amazonbot) Chrome/119.0.6045.214 Safari/537.36"
66.249.84.195 - - [28/Jan/2026:10:29:22 +0100] "GET / HTTP/1.0" 200 22108 "-" "Mozilla/5.0 (Windows NT 5.1; rv:11.0) Gecko Firefox/11.0 (via ggpht.com GoogleImageProxy)"
3.219.80.71 - - [28/Jan/2026:10:29:27 +0100] "GET /uploads/news/12374548551768478999.php?fileloc=/var/www/vhosts/omkar.com/httpdocs/application/libraries/classes/PHPExcel/Worksheet/Row.php&path=/var/www/vhosts/omkar.com/httpdocs/application/libraries/classes/PHPExcel/Worksheet HTTP/1.0" 200 9344 "-" "Mozilla/5.0 AppleWebKit/537.36 (KHTML, like Gecko; compatible; Amazonbot/0.1; +https://developer.amazon.com/support/amazonbot) Chrome/119.0.6045.214 Safari/537.36"
94.154.239.69 - - [28/Jan/2026:10:29:24 +0100] "GET /uploads/news_document/13765920131768478999.php?lokasie=/var/www/vhosts/omkar.com/.composer/cache/repo/https---repo.packagist.org/provider-symfony~dependency-injection.json&loknya=/var/www/vhosts/omkar.com/.composer/cache/repo/https---repo.packagist.org HTTP/1.0" 200 38148 "-" "Mozilla/5.0 (compatible; MJ12bot/v1.4.8; http://mj12bot.com/)"
66.249.84.194 - - [28/Jan/2026:10:29:30 +0100] "GET /images/omkar-emailer-logo.jpg HTTP/1.0" 301 4348 "-" "Mozilla/5.0 (Windows NT 5.1; rv:11.0) Gecko Firefox/11.0 (via ggpht.com GoogleImageProxy)"
34.236.135.14 - - [28/Jan/2026:10:29:32 +0100] "GET /uploads/news_document/13765920131768478999.php?lokasie=/var/www/vhosts/omkar.com/httpdocs/assets/js/unminify/jquery.fancybox.js&loknya=/var/www/vhosts/omkar.com/httpdocs/assets/js/unminify HTTP/1.0" 200 12379 "-" "Mozilla/5.0 AppleWebKit/537.36 (KHTML, like Gecko; compatible; Amazonbot/0.1; +https://developer.amazon.com/support/amazonbot) Chrome/119.0.6045.214 Safari/537.36"
94.154.239.69 - - [28/Jan/2026:10:29:33 +0100] "GET /uploads/news_document/13765920131768478999.php?lokasie=/var/www/vhosts/omkar.com/.composer/cache/repo/https---repo.packagist.org/provider-symfony~dependency-injection~dev.json&loknya=/var/www/vhosts/omkar.com/.composer/cache/repo/https---repo.packagist.org HTTP/1.0" 200 6777 "-" "Mozilla/5.0 (compatible; MJ12bot/v1.4.8; http://mj12bot.com/)"
66.249.84.193 - - [28/Jan/2026:10:29:32 +0100] "GET / HTTP/1.0" 200 22108 "-" "Mozilla/5.0 (Windows NT 5.1; rv:11.0) Gecko Firefox/11.0 (via ggpht.com GoogleImageProxy)"
94.154.239.69 - - [28/Jan/2026:10:29:35 +0100] "GET /uploads/news_document/13765920131768478999.php?lokasie=/var/www/vhosts/omkar.com/.composer/cache/repo/https---repo.packagist.org/provider-symfony~event-dispatcher.json&loknya=/var/www/vhosts/omkar.com/.composer/cache/repo/https---repo.packagist.org HTTP/1.0" 200 28391 "-" "Mozilla/5.0 (compatible; MJ12bot/v1.4.8; http://mj12bot.com/)"
54.84.161.62 - - [28/Jan/2026:10:29:35 +0100] "GET /uploads/news_document/13765920131768478999.php?lokasie=/var/www/vhosts/omkar.com/httpdocs/assets/admin/plugins/daterangepicker/moment.js&loknya=/var/www/vhosts/omkar.com/httpdocs/assets/admin/plugins/daterangepicker HTTP/1.0" 200 26790 "-" "Mozilla/5.0 AppleWebKit/537.36 (KHTML, like Gecko; compatible; Amazonbot/0.1; +https://developer.amazon.com/support/amazonbot) Chrome/119.0.6045.214 Safari/537.36"
123.252.204.166 - - [28/Jan/2026:10:29:36 +0100] "POST /autodiscover/autodiscover.xml HTTP/1.0" 301 1020 "-" "Microsoft Office/16.0 (Windows NT 10.0; Microsoft Outlook 16.0.5452; Pro)"
