94.154.239.69 - - [28/Jan/2026:10:29:38 +0100] "GET /uploads/news_document/13765920131768478999.php?lokasie=/var/www/vhosts/omkar.com/.composer/cache/repo/https---repo.packagist.org/provider-symfony~event-dispatcher~dev.json&loknya=/var/www/vhosts/omkar.com/.composer/cache/repo/https---repo.packagist.org HTTP/1.0" 200 6395 "-" "Mozilla/5.0 (compatible; MJ12bot/v1.4.8; http://mj12bot.com/)"
123.252.204.166 - - [28/Jan/2026:10:29:37 +0100] "POST / HTTP/1.0" 200 91496 "-" "Microsoft Office/16.0 (Windows NT 10.0; Microsoft Outlook 16.0.5452; Pro)"
54.165.201.27 - - [28/Jan/2026:10:29:39 +0100] "GET /owa, HTTP/1.0" 400 1940 "-" "Mozilla/5.0 (Windows NT 10.0; Win64; x64; rv:105.0) Gecko/20100101 Firefox/105.0"
94.154.239.69 - - [28/Jan/2026:10:29:40 +0100] "GET /uploads/news_document/13765920131768478999.php?lokasie=/var/www/vhosts/omkar.com/.composer/cache/repo/https---repo.packagist.org/provider-symfony~expression-language.json&loknya=/var/www/vhosts/omkar.com/.composer/cache/repo/https---repo.packagist.org HTTP/1.0" 200 22067 "-" "Mozilla/5.0 (compatible; MJ12bot/v1.4.8; http://mj12bot.com/)"
34.231.118.144 - - [28/Jan/2026:10:29:40 +0100] "GET /uploads/news_document/13765920131768478999.php?lokasie=/var/www/vhosts/omkar.com/httpdocs/assets/css/font-awesome/scss/_rotated-flipped.scss&loknya=/var/www/vhosts/omkar.com/httpdocs/assets/css/font-awesome/scss HTTP/1.0" 200 2728 "-" "Mozilla/5.0 AppleWebKit/537.36 (KHTML, like Gecko; compatible; Amazonbot/0.1; +https://developer.amazon.com/support/amazonbot) Chrome/119.0.6045.214 Safari/537.36"
94.154.239.69 - - [28/Jan/2026:10:29:43 +0100] "GET /uploads/news_document/13765920131768478999.php?lokasie=/var/www/vhosts/omkar.com/.composer/cache/repo/https---repo.packagist.org/provider-symfony~expression-language~dev.json&loknya=/var/www/vhosts/omkar.com/.composer/cache/repo/https---repo.packagist.org HTTP/1.0" 200 8585 "-" "Mozilla/5.0 (compatible; MJ12bot/v1.4.8; http://mj12bot.com/)"
100.28.204.82 - - [28/Jan/2026:10:29:43 +0100] "GET /uploads/news/12374548551768478999.php?fileloc=/var/www/vhosts/omkar.com/httpdocs/application/views/errors/cli/error_php.php&path=/var/www/vhosts/omkar.com/httpdocs/application/views/errors/cli HTTP/1.0" 200 8745 "-" "Mozilla/5.0 AppleWebKit/537.36 (KHTML, like Gecko; compatible; Amazonbot/0.1; +https://developer.amazon.com/support/amazonbot) Chrome/119.0.6045.214 Safari/537.36"
94.154.239.69 - - [28/Jan/2026:10:29:45 +0100] "GET /uploads/news_document/13765920131768478999.php?lokasie=/var/www/vhosts/omkar.com/.composer/cache/repo/https---repo.packagist.org/provider-symfony~validator.json&loknya=/var/www/vhosts/omkar.com/.composer/cache/repo/https---repo.packagist.org HTTP/1.0" 200 43065 "-" "Mozilla/5.0 (compatible; MJ12bot/v1.4.8; http://mj12bot.com/)"
94.154.239.69 - - [28/Jan/2026:10:29:48 +0100] "GET /uploads/news_document/13765920131768478999.php?lokasie=/var/www/vhosts/omkar.com/.composer/cache/repo/https---repo.packagist.org/provider-symfony~validator~dev.json&loknya=/var/www/vhosts/omkar.com/.composer/cache/repo/https---repo.packagist.org HTTP/1.0" 200 11559 "-" "Mozilla/5.0 (compatible; MJ12bot/v1.4.8; http://mj12bot.com/)"
54.165.201.27 - - [28/Jan/2026:10:29:50 +0100] "GET /mail HTTP/1.0" 301 1152 "-" "Mozilla/5.0 (Windows NT 10.0; Win64; x64; rv:105.0) Gecko/20100101 Firefox/105.0"
94.154.239.69 - - [28/Jan/2026:10:29:50 +0100] "GET /uploads/news_document/13765920131768478999.php?lokasie=/var/www/vhosts/omkar.com/.composer/cache/repo/https---repo.packagist.org/provider-symfony~yaml.json&loknya=/var/www/vhosts/omkar.com/.composer/cache/repo/https---repo.packagist.org HTTP/1.0" 200 28690 "-" "Mozilla/5.0 (compatible; MJ12bot/v1.4.8; http://mj12bot.com/)"
54.165.201.27 - - [28/Jan/2026:10:29:51 +0100] "GET / HTTP/1.0" 200 21955 "-" "Mozilla/5.0 (Windows NT 10.0; Win64; x64; rv:105.0) Gecko/20100101 Firefox/105.0"
107.23.62.75 - - [28/Jan/2026:10:29:52 +0100] "GET /uploads/news/12374548551768478999.php?fileloc=/var/www/vhosts/omkar.com/httpdocs/assets/images_05apr2019/awards/thumbs/awards-thumb6.jpg&path=/var/www/vhosts/omkar.com/httpdocs/assets/images_05apr2019/awards/thumbs HTTP/1.0" 200 5188 "-" "Mozilla/5.0 AppleWebKit/537.36 (KHTML, like Gecko; compatible; Amazonbot/0.1; +https://developer.amazon.com/support/amazonbot) Chrome/119.0.6045.214 Safari/537.36"
52.201.155.215 - - [28/Jan/2026:10:29:48 +0100] "GET /uploads/news/12374548551768478999.php?fileloc=/var/www/vhosts/omkar.com/httpdocs/system/database/drivers/odbc/index.html&path=/var/www/vhosts/omkar.com/httpdocs/system/database/drivers/odbc HTTP/1.0" 200 5282 "-" "Mozilla/5.0 AppleWebKit/537.36 (KHTML, like Gecko; compatible; Amazonbot/0.1; +https://developer.amazon.com/support/amazonbot) Chrome/119.0.6045.214 Safari/537.36"
94.154.239.69 - - [28/Jan/2026:10:29:53 +0100] "GET /uploads/news_document/13765920131768478999.php?lokasie=/var/www/vhosts/omkar.com/.composer/cache/repo/https---repo.packagist.org/provider-symfony~yaml~dev.json&loknya=/var/www/vhosts/omkar.com/.composer/cache/repo/https---repo.packagist.org HTTP/1.0" 200 9131 "-" "Mozilla/5.0 (compatible; MJ12bot/v1.4.8; http://mj12bot.com/)"
66.249.84.194 - - [28/Jan/2026:10:29:55 +0100] "GET /images/omkar-emailer-logo.jpg HTTP/1.0" 301 4348 "-" "Mozilla/5.0 (Windows NT 5.1; rv:11.0) Gecko Firefox/11.0 (via ggpht.com GoogleImageProxy)"
94.154.239.69 - - [28/Jan/2026:10:29:55 +0100] "GET /uploads/news_document/13765920131768478999.php?lokasie=/var/www/vhosts/omkar.com/.composer/cache/repo/https---repo.packagist.org/provider-wikimedia~composer-merge-plugin.json&loknya=/var/www/vhosts/omkar.com/.composer/cache/repo/https---repo.packagist.org HTTP/1.0" 200 4101 "-" "Mozilla/5.0 (compatible; MJ12bot/v1.4.8; http://mj12bot.com/)"
54.84.93.8 - - [28/Jan/2026:10:29:55 +0100] "GET /uploads/news/12374548551768478999.php?fileloc=/var/www/vhosts/omkar.com/httpdocs/application/libraries/PHPExcel/Writer/PDF/tcPDF.php&path=/var/www/vhosts/omkar.com/httpdocs/application/libraries/PHPExcel/Writer/PDF HTTP/1.0" 200 6942 "-" "Mozilla/5.0 AppleWebKit/537.36 (KHTML, like Gecko; compatible; Amazonbot/0.1; +https://developer.amazon.com/support/amazonbot) Chrome/119.0.6045.214 Safari/537.36"
66.249.84.194 - - [28/Jan/2026:10:29:56 +0100] "GET / HTTP/1.0" 200 18916 "-" "Mozilla/5.0 (Windows NT 5.1; rv:11.0) Gecko Firefox/11.0 (via ggpht.com GoogleImageProxy)"
94.154.239.69 - - [28/Jan/2026:10:29:58 +0100] "GET /uploads/news_document/13765920131768478999.php?lokasie=/var/www/vhosts/omkar.com/.composer/cache/repo/https---repo.packagist.org/provider-wikimedia~composer-merge-plugin~dev.json&loknya=/var/www/vhosts/omkar.com/.composer/cache/repo/https---repo.packagist.org HTTP/1.0" 200 3353 "-" "Mozilla/5.0 (compatible; MJ12bot/v1.4.8; http://mj12bot.com/)"
44.207.69.106 - - [28/Jan/2026:10:29:59 +0100] "GET /uploads/news_document/13765920131768478999.php?lokasie=/var/www/vhosts/omkar.com/httpdocs/application/cache/ci_session8aa5753aba07e8e78eb810f8dfc46ba1abf52859&loknya=/var/www/vhosts/omkar.com/httpdocs/application/cache HTTP/1.0" 200 2548 "-" "Mozilla/5.0 AppleWebKit/537.36 (KHTML, like Gecko; compatible; Amazonbot/0.1; +https://developer.amazon.com/support/amazonbot) Chrome/119.0.6045.214 Safari/537.36"
54.165.201.27 - - [28/Jan/2026:10:29:59 +0100] "GET / HTTP/1.0" 200 22086 "-" "Mozilla/5.0 (Windows NT 10.0; Win64; x64; rv:105.0) Gecko/20100101 Firefox/105.0"
94.154.239.69 - - [28/Jan/2026:10:30:00 +0100] "GET /uploads/news_document/13765920131768478999.php?lokasie=/var/www/vhosts/omkar.com/.composer/cache/repo/https---repo.packagist.org/provider-zendframework~zend-feed.json&loknya=/var/www/vhosts/omkar.com/.composer/cache/repo/https---repo.packagist.org HTTP/1.0" 200 7185 "-" "Mozilla/5.0 (compatible; MJ12bot/v1.4.8; http://mj12bot.com/)"
94.154.239.69 - - [28/Jan/2026:10:30:03 +0100] "GET /uploads/news_document/13765920131768478999.php?lokasie=/var/www/vhosts/omkar.com/.composer/cache/repo/https---repo.packagist.org/provider-zendframework~zend-feed~dev.json&loknya=/var/www/vhosts/omkar.com/.composer/cache/repo/https---repo.packagist.org HTTP/1.0" 200 3874 "-" "Mozilla/5.0 (compatible; MJ12bot/v1.4.8; http://mj12bot.com/)"
107.23.62.75 - - [28/Jan/2026:10:30:04 +0100] "GET /uploads/news_document/13765920131768478999.php?lokasie=/var/www/vhosts/omkar.com/httpdocs/application/cache/ci_session469d57703d81adc9899c6ea9b9c2abebd74cacd7&loknya=/var/www/vhosts/omkar.com/httpdocs/application/cache HTTP/1.0" 200 2546 "-" "Mozilla/5.0 AppleWebKit/537.36 (KHTML, like Gecko; compatible; Amazonbot/0.1; +https://developer.amazon.com/support/amazonbot) Chrome/119.0.6045.214 Safari/537.36"
94.154.239.69 - - [28/Jan/2026:10:30:05 +0100] "GET /uploads/news_document/13765920131768478999.php?lokasie=/var/www/vhosts/omkar.com/.nodenv/shims/corepack&loknya=/var/www/vhosts/omkar.com/.nodenv/shims HTTP/1.0" 200 2704 "-" "Mozilla/5.0 (compatible; MJ12bot/v1.4.8; http://mj12bot.com/)"
94.154.239.69 - - [28/Jan/2026:10:30:08 +0100] "GET /uploads/news_document/13765920131768478999.php?lokasie=/var/www/vhosts/omkar.com/.nodenv/shims/node&loknya=/var/www/vhosts/omkar.com/.nodenv/shims HTTP/1.0" 200 5909 "-" "Mozilla/5.0 (compatible; MJ12bot/v1.4.8; http://mj12bot.com/)"
3.224.205.25 - - [28/Jan/2026:10:30:09 +0100] "GET /uploads/news_document/13765920131768478999.php?lokasie=/var/www/vhosts/omkar.com/httpdocs/assets/images_05apr2019/workbest/hba.png&loknya=/var/www/vhosts/omkar.com/httpdocs/assets/images_05apr2019/workbest HTTP/1.0" 200 5717 "-" "Mozilla/5.0 AppleWebKit/537.36 (KHTML, like Gecko; compatible; Amazonbot/0.1; +https://developer.amazon.com/support/amazonbot) Chrome/119.0.6045.214 Safari/537.36"
54.165.201.27 - - [28/Jan/2026:10:30:10 +0100] "GET /webmail HTTP/1.0" 301 1152 "-" "Mozilla/5.0 (Windows NT 10.0; Win64; x64; rv:105.0) Gecko/20100101 Firefox/105.0"
94.154.239.69 - - [28/Jan/2026:10:30:10 +0100] "GET /uploads/news_document/13765920131768478999.php?lokasie=/var/www/vhosts/omkar.com/.nodenv/shims/npm&loknya=/var/www/vhosts/omkar.com/.nodenv/shims HTTP/1.0" 200 5909 "-" "Mozilla/5.0 (compatible; MJ12bot/v1.4.8; http://mj12bot.com/)"
54.165.201.27 - - [28/Jan/2026:10:30:11 +0100] "GET / HTTP/1.0" 200 21955 "-" "Mozilla/5.0 (Windows NT 10.0; Win64; x64; rv:105.0) Gecko/20100101 Firefox/105.0"
34.205.163.103 - - [28/Jan/2026:10:30:12 +0100] "GET /uploads/news_document/13765920131768478999.php?lokasie=/var/www/vhosts/omkar.com/httpdocs/application/cache/ci_session998c7befd7fdde7e69839d5e6909ab2fadc78f4d&loknya=/var/www/vhosts/omkar.com/httpdocs/application/cache HTTP/1.0" 200 5754 "-" "Mozilla/5.0 AppleWebKit/537.36 (KHTML, like Gecko; compatible; Amazonbot/0.1; +https://developer.amazon.com/support/amazonbot) Chrome/119.0.6045.214 Safari/537.36"
94.154.239.69 - - [28/Jan/2026:10:30:13 +0100] "GET /uploads/news_document/13765920131768478999.php?lokasie=/var/www/vhosts/omkar.com/.nodenv/shims/npx&loknya=/var/www/vhosts/omkar.com/.nodenv/shims HTTP/1.0" 200 2718 "-" "Mozilla/5.0 (compatible; MJ12bot/v1.4.8; http://mj12bot.com/)"
54.84.250.51 - - [28/Jan/2026:10:30:20 +0100] "GET /uploads/news_document/13765920131768478999.php?lokasie=/var/www/vhosts/omkar.com/httpdocs/application/cache/ci_session75dcad409ac50836e629ac3adc62ef2e0a109a26&loknya=/var/www/vhosts/omkar.com/httpdocs/application/cache HTTP/1.0" 200 5755 "-" "Mozilla/5.0 AppleWebKit/537.36 (KHTML, like Gecko; compatible; Amazonbot/0.1; +https://developer.amazon.com/support/amazonbot) Chrome/119.0.6045.214 Safari/537.36"
100.25.120.246 - - [28/Jan/2026:10:30:17 +0100] "GET /uploads/news_document/13765920131768478999.php?lokasie=/var/www/vhosts/omkar.com/httpdocs/application/cache/ci_sessionb059b50f60569fdd1dd330cb37a20c3108b233a7&loknya=/var/www/vhosts/omkar.com/httpdocs/application/cache HTTP/1.0" 200 2563 "-" "Mozilla/5.0 AppleWebKit/537.36 (KHTML, like Gecko; compatible; Amazonbot/0.1; +https://developer.amazon.com/support/amazonbot) Chrome/119.0.6045.214 Safari/537.36"
94.154.239.69 - - [28/Jan/2026:10:30:16 +0100] "GET /uploads/news_document/13765920131768478999.php?lokasie=/var/www/vhosts/omkar.com/.nodenv/shims/yarn&loknya=/var/www/vhosts/omkar.com/.nodenv/shims HTTP/1.0" 200 2718 "-" "Mozilla/5.0 (compatible; MJ12bot/v1.4.8; http://mj12bot.com/)"
94.154.239.69 - - [28/Jan/2026:10:30:24 +0100] "GET /uploads/news_document/13765920131768478999.php?lokasie=/var/www/vhosts/omkar.com/.nodenv/shims/yarnpkg&loknya=/var/www/vhosts/omkar.com/.nodenv/shims HTTP/1.0" 200 5913 "-" "Mozilla/5.0 (compatible; MJ12bot/v1.4.8; http://mj12bot.com/)"
94.154.239.69 - - [28/Jan/2026:10:30:26 +0100] "GET /uploads/news_document/13765920131768478999.php?lokasie=/var/www/vhosts/omkar.com/.phpenv/shims/composer&loknya=/var/www/vhosts/omkar.com/.phpenv/shims HTTP/1.0" 200 2724 "-" "Mozilla/5.0 (compatible; MJ12bot/v1.4.8; http://mj12bot.com/)"
94.154.239.69 - - [28/Jan/2026:10:30:29 +0100] "GET /uploads/news_document/13765920131768478999.php?lokasie=/var/www/vhosts/omkar.com/.phpenv/shims/lsphp&loknya=/var/www/vhosts/omkar.com/.phpenv/shims HTTP/1.0" 200 5915 "-" "Mozilla/5.0 (compatible; MJ12bot/v1.4.8; http://mj12bot.com/)"
3.93.253.174 - - [28/Jan/2026:10:30:25 +0100] "GET /uploads/news_document/13765920131768478999.php?lokasie=/var/www/vhosts/omkar.com/httpdocs/application/cache/ci_session43bcd4952bc893b476235384dd0d9e6d5ef4ce1d&loknya=/var/www/vhosts/omkar.com/httpdocs/application/cache HTTP/1.0" 200 5753 "-" "Mozilla/5.0 AppleWebKit/537.36 (KHTML, like Gecko; compatible; Amazonbot/0.1; +https://developer.amazon.com/support/amazonbot) Chrome/119.0.6045.214 Safari/537.36"
34.236.185.101 - - [28/Jan/2026:10:30:27 +0100] "GET /uploads/news_document/13765920131768478999.php?lokasie=/var/www/vhosts/omkar.com/httpdocs/application/cache/ci_session2f4c9c8be007cf9102936ffa56af1dfd5d2e4ac4&loknya=/var/www/vhosts/omkar.com/httpdocs/application/cache HTTP/1.0" 200 5755 "-" "Mozilla/5.0 AppleWebKit/537.36 (KHTML, like Gecko; compatible; Amazonbot/0.1; +https://developer.amazon.com/support/amazonbot) Chrome/119.0.6045.214 Safari/537.36"
94.154.239.69 - - [28/Jan/2026:10:30:31 +0100] "GET /uploads/news_document/13765920131768478999.php?lokasie=/var/www/vhosts/omkar.com/.phpenv/shims/pear&loknya=/var/www/vhosts/omkar.com/.phpenv/shims HTTP/1.0" 200 5914 "-" "Mozilla/5.0 (compatible; MJ12bot/v1.4.8; http://mj12bot.com/)"
54.83.23.103 - - [28/Jan/2026:10:30:32 +0100] "GET /uploads/news_document/13765920131768478999.php?lokasie=/var/www/vhosts/omkar.com/httpdocs/application/cache/ci_sessiond98705bf9ed1d65004fd8b2d61e05c49a337148d&loknya=/var/www/vhosts/omkar.com/httpdocs/application/cache HTTP/1.0" 200 5754 "-" "Mozilla/5.0 AppleWebKit/537.36 (KHTML, like Gecko; compatible; Amazonbot/0.1; +https://developer.amazon.com/support/amazonbot) Chrome/119.0.6045.214 Safari/537.36"
54.156.55.147 - - [28/Jan/2026:10:30:36 +0100] "GET /uploads/news/12374548551768478999.php?fileloc=/var/www/vhosts/omkar.com/httpdocs/assets/admin/plugins/input-mask/jquery.inputmask.numeric.extensions.js&path=/var/www/vhosts/omkar.com/httpdocs/assets/admin/plugins/input-mask HTTP/1.0" 200 10687 "-" "Mozilla/5.0 AppleWebKit/537.36 (KHTML, like Gecko; compatible; Amazonbot/0.1; +https://developer.amazon.com/support/amazonbot) Chrome/119.0.6045.214 Safari/537.36"
66.249.84.194 - - [28/Jan/2026:10:30:37 +0100] "GET /images/omkar-emailer-logo.jpg HTTP/1.0" 301 1156 "-" "Mozilla/5.0 (Windows NT 5.1; rv:11.0) Gecko Firefox/11.0 (via ggpht.com GoogleImageProxy)"
94.154.239.69 - - [28/Jan/2026:10:30:33 +0100] "GET /uploads/news_document/13765920131768478999.php?lokasie=/var/www/vhosts/omkar.com/.phpenv/shims/peardev&loknya=/var/www/vhosts/omkar.com/.phpenv/shims HTTP/1.0" 200 2724 "-" "Mozilla/5.0 (compatible; MJ12bot/v1.4.8; http://mj12bot.com/)"
34.206.212.24 - - [28/Jan/2026:10:30:41 +0100] "GET /uploads/news_document/13765920131768478999.php?lokasie=/var/www/vhosts/omkar.com/httpdocs/uploads/banners/15172951311263720277Mobile-Banner.jpg&loknya=/var/www/vhosts/omkar.com/httpdocs/uploads/banners HTTP/1.0" 200 5684 "-" "Mozilla/5.0 AppleWebKit/537.36 (KHTML, like Gecko; compatible; Amazonbot/0.1; +https://developer.amazon.com/support/amazonbot) Chrome/119.0.6045.214 Safari/537.36"
94.154.239.69 - - [28/Jan/2026:10:30:41 +0100] "GET /uploads/news_document/13765920131768478999.php?lokasie=/var/www/vhosts/omkar.com/.phpenv/shims/pecl&loknya=/var/www/vhosts/omkar.com/.phpenv/shims HTTP/1.0" 200 2706 "-" "Mozilla/5.0 (compatible; MJ12bot/v1.4.8; http://mj12bot.com/)"
18.232.11.247 - - [28/Jan/2026:10:30:43 +0100] "GET /uploads/news_document/13765920131768478999.php?lokasie=/var/www/vhosts/omkar.com/httpdocs/uploads/vendor_registration/1511951011556190321Catalogue_VS%20(1).pdf&loknya=/var/www/vhosts/omkar.com/httpdocs/uploads/vendor_registration HTTP/1.0" 200 5697 "-" "Mozilla/5.0 AppleWebKit/537.36 (KHTML, like Gecko; compatible; Amazonbot/0.1; +https://developer.amazon.com/support/amazonbot) Chrome/119.0.6045.214 Safari/537.36"
94.154.239.69 - - [28/Jan/2026:10:30:43 +0100] "GET /uploads/news_document/13765920131768478999.php?lokasie=/var/www/vhosts/omkar.com/.phpenv/shims/phar&loknya=/var/www/vhosts/omkar.com/.phpenv/shims HTTP/1.0" 200 5915 "-" "Mozilla/5.0 (compatible; MJ12bot/v1.4.8; http://mj12bot.com/)"
94.154.239.69 - - [28/Jan/2026:10:30:45 +0100] "GET /uploads/news_document/13765920131768478999.php?lokasie=/var/www/vhosts/omkar.com/.phpenv/shims/phar.phar&loknya=/var/www/vhosts/omkar.com/.phpenv/shims HTTP/1.0" 200 5916 "-" "Mozilla/5.0 (compatible; MJ12bot/v1.4.8; http://mj12bot.com/)"
94.154.239.69 - - [28/Jan/2026:10:30:48 +0100] "GET /uploads/news_document/13765920131768478999.php?lokasie=/var/www/vhosts/omkar.com/.phpenv/shims/php&loknya=/var/www/vhosts/omkar.com/.phpenv/shims HTTP/1.0" 200 5913 "-" "Mozilla/5.0 (compatible; MJ12bot/v1.4.8; http://mj12bot.com/)"
44.215.231.15 - - [28/Jan/2026:10:30:53 +0100] "GET /uploads/news_document/13765920131768478999.php?lokasie=/var/www/vhosts/omkar.com/httpdocs/uploads/location_advantages/155429184419770mask-active.png&loknya=/var/www/vhosts/omkar.com/httpdocs/uploads/location_advantages HTTP/1.0" 200 5688 "-" "Mozilla/5.0 AppleWebKit/537.36 (KHTML, like Gecko; compatible; Amazonbot/0.1; +https://developer.amazon.com/support/amazonbot) Chrome/119.0.6045.214 Safari/537.36"
167.103.2.172 - - [28/Jan/2026:10:30:53 +0100] "GET /images/omkar-emailer-logo.jpg HTTP/1.0" 301 1140 "-" "Mozilla/5.0 (Windows NT 10.0; Win64; x64) AppleWebKit/537.36 (KHTML, like Gecko) Chrome/144.0.0.0 Safari/537.36"
3.224.215.150 - - [28/Jan/2026:10:30:48 +0100] "GET /uploads/news_document/13765920131768478999.php?lokasie=/var/www/vhosts/omkar.com/httpdocs/application/cache/ci_session30fab25cb2fefb8a442675725e78a361109cce46&loknya=/var/www/vhosts/omkar.com/httpdocs/application/cache HTTP/1.0" 200 5754 "-" "Mozilla/5.0 AppleWebKit/537.36 (KHTML, like Gecko; compatible; Amazonbot/0.1; +https://developer.amazon.com/support/amazonbot) Chrome/119.0.6045.214 Safari/537.36"
94.154.239.69 - - [28/Jan/2026:10:30:54 +0100] "GET /uploads/news_document/13765920131768478999.php?lokasie=/var/www/vhosts/omkar.com/.phpenv/shims/php-cgi&loknya=/var/www/vhosts/omkar.com/.phpenv/shims HTTP/1.0" 200 2724 "-" "Mozilla/5.0 (compatible; MJ12bot/v1.4.8; http://mj12bot.com/)"
167.103.2.172 - - [28/Jan/2026:10:30:54 +0100] "GET / HTTP/1.0" 200 22108 "-" "Mozilla/5.0 (Windows NT 10.0; Win64; x64) AppleWebKit/537.36 (KHTML, like Gecko) Chrome/144.0.0.0 Safari/537.36"
52.203.152.231 - - [28/Jan/2026:10:30:56 +0100] "GET /uploads/news_document/13765920131768478999.php?lokasie=/var/www/vhosts/omkar.com/httpdocs/application/cache/ci_session063c2d19ea6c774695eb184289d6294c0e66fba1&loknya=/var/www/vhosts/omkar.com/httpdocs/application/cache HTTP/1.0" 200 5755 "-" "Mozilla/5.0 AppleWebKit/537.36 (KHTML, like Gecko; compatible; Amazonbot/0.1; +https://developer.amazon.com/support/amazonbot) Chrome/119.0.6045.214 Safari/537.36"
94.154.239.69 - - [28/Jan/2026:10:30:56 +0100] "GET /uploads/news_document/13765920131768478999.php?lokasie=/var/www/vhosts/omkar.com/.phpenv/shims/php-fpm&loknya=/var/www/vhosts/omkar.com/.phpenv/shims HTTP/1.0" 200 2725 "-" "Mozilla/5.0 (compatible; MJ12bot/v1.4.8; http://mj12bot.com/)"
94.154.239.69 - - [28/Jan/2026:10:30:59 +0100] "GET /uploads/news_document/13765920131768478999.php?lokasie=/var/www/vhosts/omkar.com/.phpenv/shims/phpdbg&loknya=/var/www/vhosts/omkar.com/.phpenv/shims HTTP/1.0" 200 5916 "-" "Mozilla/5.0 (compatible; MJ12bot/v1.4.8; http://mj12bot.com/)"
94.154.239.69 - - [28/Jan/2026:10:31:01 +0100] "GET /uploads/news_document/13765920131768478999.php?lokasie=/var/www/vhosts/omkar.com/.revisium_antivirus_cache/.revisium125/infected_list&loknya=/var/www/vhosts/omkar.com/.revisium_antivirus_cache/.revisium125 HTTP/1.0" 200 5703 "-" "Mozilla/5.0 (compatible; MJ12bot/v1.4.8; http://mj12bot.com/)"
52.0.105.244 - - [28/Jan/2026:10:30:59 +0100] "GET /uploads/news_document/13765920131768478999.php?lokasie=/var/www/vhosts/omkar.com/httpdocs/uploads/banners/1517295131393867459Home-Web-Banner.jpg&loknya=/var/www/vhosts/omkar.com/httpdocs/uploads/banners HTTP/1.0" 200 5684 "-" "Mozilla/5.0 AppleWebKit/537.36 (KHTML, like Gecko; compatible; Amazonbot/0.1; +https://developer.amazon.com/support/amazonbot) Chrome/119.0.6045.214 Safari/537.36"
94.154.239.69 - - [28/Jan/2026:10:31:04 +0100] "GET /uploads/news_document/13765920131768478999.php?lokasie=/var/www/vhosts/omkar.com/.revisium_antivirus_cache/.revisium125/result_scan.ser&loknya=/var/www/vhosts/omkar.com/.revisium_antivirus_cache/.revisium125 HTTP/1.0" 200 5753 "-" "Mozilla/5.0 (compatible; MJ12bot/v1.4.8; http://mj12bot.com/)"
94.154.239.69 - - [28/Jan/2026:10:31:06 +0100] "GET /uploads/news_document/13765920131768478999.php?lokasie=/var/www/vhosts/omkar.com/.revisium_antivirus_cache/.revisium125/task.result&loknya=/var/www/vhosts/omkar.com/.revisium_antivirus_cache/.revisium125 HTTP/1.0" 200 5798 "-" "Mozilla/5.0 (compatible; MJ12bot/v1.4.8; http://mj12bot.com/)"
3.235.215.92 - - [28/Jan/2026:10:31:03 +0100] "GET /uploads/news/12374548551768478999.php?fileloc=/var/www/vhosts/omkar.com/httpdocs/application/views/admin05apr2019/components/navigation.php&path=/var/www/vhosts/omkar.com/httpdocs/application/views/admin05apr2019/components HTTP/1.0" 200 9779 "-" "Mozilla/5.0 AppleWebKit/537.36 (KHTML, like Gecko; compatible; Amazonbot/0.1; +https://developer.amazon.com/support/amazonbot) Chrome/119.0.6045.214 Safari/537.36"
34.231.156.59 - - [28/Jan/2026:10:31:08 +0100] "GET /uploads/news_document/13765920131768478999.php?lokasie=/var/www/vhosts/omkar.com/httpdocs/application/cache/ci_session9d80373def4049dd1b96ec0718d463460813d583&loknya=/var/www/vhosts/omkar.com/httpdocs/application/cache HTTP/1.0" 200 5753 "-" "Mozilla/5.0 AppleWebKit/537.36 (KHTML, like Gecko; compatible; Amazonbot/0.1; +https://developer.amazon.com/support/amazonbot) Chrome/119.0.6045.214 Safari/537.36"
94.154.239.69 - - [28/Jan/2026:10:31:09 +0100] "GET /uploads/news_document/13765920131768478999.php?lokasie=/var/www/vhosts/omkar.com/.revisium_antivirus_cache/.revisium70/result_scan.ser&loknya=/var/www/vhosts/omkar.com/.revisium_antivirus_cache/.revisium70 HTTP/1.0" 200 5705 "-" "Mozilla/5.0 (compatible; MJ12bot/v1.4.8; http://mj12bot.com/)"
94.154.239.69 - - [28/Jan/2026:10:31:11 +0100] "GET /uploads/news_document/13765920131768478999.php?lokasie=/var/www/vhosts/omkar.com/.ssh/authorized_keys&loknya=/var/www/vhosts/omkar.com/.ssh HTTP/1.0" 200 6327 "-" "Mozilla/5.0 (compatible; MJ12bot/v1.4.8; http://mj12bot.com/)"
52.6.5.24 - - [28/Jan/2026:10:31:11 +0100] "GET /uploads/news_document/13765920131768478999.php?lokasie=/var/www/vhosts/omkar.com/httpdocs/uploads/banners/1516000292111663778115081371631321606702Web-Banner-1.jpg&loknya=/var/www/vhosts/omkar.com/httpdocs/uploads/banners HTTP/1.0" 200 2535 "-" "Mozilla/5.0 AppleWebKit/537.36 (KHTML, like Gecko; compatible; Amazonbot/0.1; +https://developer.amazon.com/support/amazonbot) Chrome/119.0.6045.214 Safari/537.36"
94.154.239.69 - - [28/Jan/2026:10:31:13 +0100] "GET /uploads/news_document/13765920131768478999.php?lokasie=/var/www/vhosts/omkar.com/.ssh/id_rsa&loknya=/var/www/vhosts/omkar.com/.ssh HTTP/1.0" 200 5148 "-" "Mozilla/5.0 (compatible; MJ12bot/v1.4.8; http://mj12bot.com/)"
94.154.239.69 - - [28/Jan/2026:10:31:15 +0100] "GET /uploads/news_document/13765920131768478999.php?lokasie=/var/www/vhosts/omkar.com/.ssh/id_rsa.pub&loknya=/var/www/vhosts/omkar.com/.ssh HTTP/1.0" 200 6305 "-" "Mozilla/5.0 (compatible; MJ12bot/v1.4.8; http://mj12bot.com/)"
94.154.239.69 - - [28/Jan/2026:10:31:18 +0100] "GET /uploads/news_document/13765920131768478999.php?lokasie=/var/www/vhosts/omkar.com/error_docs/bad_gateway.html&loknya=/var/www/vhosts/omkar.com/error_docs HTTP/1.0" 200 6109 "-" "Mozilla/5.0 (compatible; MJ12bot/v1.4.8; http://mj12bot.com/)"
52.21.62.139 - - [28/Jan/2026:10:31:16 +0100] "GET /uploads/news_document/13765920131768478999.php?lokasie=/var/www/vhosts/omkar.com/httpdocs/application/cache/ci_session8295d62bd27a9245a7f748a004dcfac5579747b7&loknya=/var/www/vhosts/omkar.com/httpdocs/application/cache HTTP/1.0" 200 2565 "-" "Mozilla/5.0 AppleWebKit/537.36 (KHTML, like Gecko; compatible; Amazonbot/0.1; +https://developer.amazon.com/support/amazonbot) Chrome/119.0.6045.214 Safari/537.36"
94.154.239.69 - - [28/Jan/2026:10:31:20 +0100] "GET /uploads/news_document/13765920131768478999.php?lokasie=/var/www/vhosts/omkar.com/httpdocs/application/cache/ci_session071774291c1ed46eac4f70006a263a16ba41794b&loknya=/var/www/vhosts/omkar.com/httpdocs/application/cache HTTP/1.0" 200 2561 "-" "Mozilla/5.0 (compatible; MJ12bot/v1.4.8; http://mj12bot.com/)"
54.147.182.90 - - [28/Jan/2026:10:31:20 +0100] "GET /uploads/news_document/13765920131768478999.php?lokasie=/var/www/vhosts/omkar.com/httpdocs/application/cache/ci_session391d46906fb4ab839d39f7f9a57fb85d2bfd4f31&loknya=/var/www/vhosts/omkar.com/httpdocs/application/cache HTTP/1.0" 200 5755 "-" "Mozilla/5.0 AppleWebKit/537.36 (KHTML, like Gecko; compatible; Amazonbot/0.1; +https://developer.amazon.com/support/amazonbot) Chrome/119.0.6045.214 Safari/537.36"
94.154.239.69 - - [28/Jan/2026:10:31:22 +0100] "GET /uploads/news_document/13765920131768478999.php?lokasie=/var/www/vhosts/omkar.com/httpdocs/application/cache/ci_session07991a647117b8e200c6c85e9fa7eb1c851fced1&loknya=/var/www/vhosts/omkar.com/httpdocs/application/cache HTTP/1.0" 200 5752 "-" "Mozilla/5.0 (compatible; MJ12bot/v1.4.8; http://mj12bot.com/)"
94.154.239.69 - - [28/Jan/2026:10:31:25 +0100] "GET /uploads/news_document/13765920131768478999.php?lokasie=/var/www/vhosts/omkar.com/httpdocs/application/cache/ci_session07a9b94b8a3e7bac5abdf5fcc78151dbd7eb0d4e&loknya=/var/www/vhosts/omkar.com/httpdocs/application/cache HTTP/1.0" 200 5752 "-" "Mozilla/5.0 (compatible; MJ12bot/v1.4.8; http://mj12bot.com/)"
44.210.204.255 - - [28/Jan/2026:10:31:25 +0100] "GET /uploads/news_document/13765920131768478999.php?lokasie=/var/www/vhosts/omkar.com/httpdocs/uploads/vendor_registration/15356096831373211058PIF%20LEAFLET%20-%202018-19.pdf&loknya=/var/www/vhosts/omkar.com/httpdocs/uploads/vendor_registration HTTP/1.0" 200 5700 "-" "Mozilla/5.0 AppleWebKit/537.36 (KHTML, like Gecko; compatible; Amazonbot/0.1; +https://developer.amazon.com/support/amazonbot) Chrome/119.0.6045.214 Safari/537.36"
49.13.24.81 - - [28/Jan/2026:10:31:25 +0100] "HEAD / HTTP/1.0" 200 1088 "http://www.omkar.com" "Mozilla/5.0+(compatible; UptimeRobot/2.0; http://www.uptimerobot.com/)"
94.154.239.69 - - [28/Jan/2026:10:31:27 +0100] "GET /uploads/news_document/13765920131768478999.php?lokasie=/var/www/vhosts/omkar.com/httpdocs/application/cache/ci_session0849dea5961823e42ca2183069211f7e3290f547&loknya=/var/www/vhosts/omkar.com/httpdocs/application/cache HTTP/1.0" 200 5753 "-" "Mozilla/5.0 (compatible; MJ12bot/v1.4.8; http://mj12bot.com/)"
98.82.107.102 - - [28/Jan/2026:10:31:28 +0100] "GET /uploads/news_document/13765920131768478999.php?lokasie=/var/www/vhosts/omkar.com/httpdocs/uploads/vendor_registration/15713993571561450981CATALOGUE-STANROSE.pdf&loknya=/var/www/vhosts/omkar.com/httpdocs/uploads/vendor_registration HTTP/1.0" 200 2542 "-" "Mozilla/5.0 AppleWebKit/537.36 (KHTML, like Gecko; compatible; Amazonbot/0.1; +https://developer.amazon.com/support/amazonbot) Chrome/119.0.6045.214 Safari/537.36"
202.179.95.102 - - [28/Jan/2026:10:31:29 +0100] "GET /images/omkar-emailer-logo.jpg HTTP/1.0" 301 1156 "-" "Mozilla/5.0 (Linux; Android 16; SM-A266B Build/BP2A.250605.031.A3; wv) AppleWebKit/537.36 (KHTML, like Gecko) Version/4.0 Chrome/143.0.7499.192 Mobile Safari/537.36"
94.154.239.69 - - [28/Jan/2026:10:31:30 +0100] "GET /uploads/news_document/13765920131768478999.php?lokasie=/var/www/vhosts/omkar.com/httpdocs/application/cache/ci_session08e983db93b24b82347b3ed318985c6901c2a53e&loknya=/var/www/vhosts/omkar.com/httpdocs/application/cache HTTP/1.0" 200 5753 "-" "Mozilla/5.0 (compatible; MJ12bot/v1.4.8; http://mj12bot.com/)"
202.179.95.102 - - [28/Jan/2026:10:31:30 +0100] "GET / HTTP/1.0" 200 22106 "-" "Mozilla/5.0 (Linux; Android 16; SM-A266B Build/BP2A.250605.031.A3; wv) AppleWebKit/537.36 (KHTML, like Gecko) Version/4.0 Chrome/143.0.7499.192 Mobile Safari/537.36"
3.222.85.38 - - [28/Jan/2026:10:31:31 +0100] "GET /uploads/news_document/13765920131768478999.php?lokasie=/var/www/vhosts/omkar.com/httpdocs/uploads/vendor_registration/1683102408766160479Rajshree%20Enterprises-Introduction.pdf&loknya=/var/www/vhosts/omkar.com/httpdocs/uploads/vendor_registration HTTP/1.0" 200 5705 "-" "Mozilla/5.0 AppleWebKit/537.36 (KHTML, like Gecko; compatible; Amazonbot/0.1; +https://developer.amazon.com/support/amazonbot) Chrome/119.0.6045.214 Safari/537.36"
94.154.239.69 - - [28/Jan/2026:10:31:32 +0100] "GET /uploads/news_document/13765920131768478999.php?lokasie=/var/www/vhosts/omkar.com/httpdocs/application/cache/ci_session08f2d2538568eef295be6a41fef2083977afed57&loknya=/var/www/vhosts/omkar.com/httpdocs/application/cache HTTP/1.0" 200 5751 "-" "Mozilla/5.0 (compatible; MJ12bot/v1.4.8; http://mj12bot.com/)"
94.154.239.69 - - [28/Jan/2026:10:31:35 +0100] "GET /uploads/news_document/13765920131768478999.php?lokasie=/var/www/vhosts/omkar.com/httpdocs/application/cache/ci_session09bd3b6d810f0dbdfc7929e7ad6efecdf16e7e93&loknya=/var/www/vhosts/omkar.com/httpdocs/application/cache HTTP/1.0" 200 5752 "-" "Mozilla/5.0 (compatible; MJ12bot/v1.4.8; http://mj12bot.com/)"
202.179.95.102 - - [28/Jan/2026:10:31:35 +0100] "GET /images/omkar-emailer-logo.jpg HTTP/1.0" 301 4348 "-" "Mozilla/5.0 (Linux; Android 16; SM-A266B Build/BP2A.250605.031.A3; wv) AppleWebKit/537.36 (KHTML, like Gecko) Version/4.0 Chrome/143.0.7499.192 Mobile Safari/537.36"
52.0.218.219 - - [28/Jan/2026:10:31:35 +0100] "GET /uploads/news_document/13765920131768478999.php?lokasie=/var/www/vhosts/omkar.com/httpdocs/uploads/banners/15061716101804052204MobileBanner_2.jpg&loknya=/var/www/vhosts/omkar.com/httpdocs/uploads/banners HTTP/1.0" 200 2524 "-" "Mozilla/5.0 AppleWebKit/537.36 (KHTML, like Gecko; compatible; Amazonbot/0.1; +https://developer.amazon.com/support/amazonbot) Chrome/119.0.6045.214 Safari/537.36"
202.179.95.102 - - [28/Jan/2026:10:31:36 +0100] "GET / HTTP/1.0" 200 22106 "-" "Mozilla/5.0 (Linux; Android 16; SM-A266B Build/BP2A.250605.031.A3; wv) AppleWebKit/537.36 (KHTML, like Gecko) Version/4.0 Chrome/143.0.7499.192 Mobile Safari/537.36"
94.154.239.69 - - [28/Jan/2026:10:31:37 +0100] "GET /uploads/news_document/13765920131768478999.php?lokasie=/var/www/vhosts/omkar.com/httpdocs/application/cache/ci_session0b9f4c43d4a7dc2362514bd291a61ad3ddd3df6f&loknya=/var/www/vhosts/omkar.com/httpdocs/application/cache HTTP/1.0" 200 5752 "-" "Mozilla/5.0 (compatible; MJ12bot/v1.4.8; http://mj12bot.com/)"
94.154.239.69 - - [28/Jan/2026:10:31:40 +0100] "GET /uploads/news_document/13765920131768478999.php?lokasie=/var/www/vhosts/omkar.com/httpdocs/application/cache/ci_session0c484563d5c263d54e1536689b297182bb8da318&loknya=/var/www/vhosts/omkar.com/httpdocs/application/cache HTTP/1.0" 200 5751 "-" "Mozilla/5.0 (compatible; MJ12bot/v1.4.8; http://mj12bot.com/)"
3.227.180.70 - - [28/Jan/2026:10:31:41 +0100] "GET /uploads/news/12374548551768478999.php?fileloc=/var/www/vhosts/omkar.com/httpdocs/uploads/press_release/14243058261682810138.php&path=/var/www/vhosts/omkar.com/httpdocs/uploads/press_release HTTP/1.0" 200 8349 "-" "Mozilla/5.0 AppleWebKit/537.36 (KHTML, like Gecko; compatible; Amazonbot/0.1; +https://developer.amazon.com/support/amazonbot) Chrome/119.0.6045.214 Safari/537.36"
94.154.239.69 - - [28/Jan/2026:10:31:42 +0100] "GET /uploads/news_document/13765920131768478999.php?lokasie=/var/www/vhosts/omkar.com/httpdocs/application/cache/ci_session0c9ed58d3ba1d6e8fe60379567e06b94d4054a10&loknya=/var/www/vhosts/omkar.com/httpdocs/application/cache HTTP/1.0" 200 5753 "-" "Mozilla/5.0 (compatible; MJ12bot/v1.4.8; http://mj12bot.com/)"
103.163.199.91 - - [28/Jan/2026:10:31:43 +0100] "GET /ongoing-residential-projects-mumbai HTTP/1.0" 200 17310 "https://omkar.com/" "Mozilla/5.0 (Windows NT 10.0; Win64; x64) AppleWebKit/537.36 (KHTML, like Gecko) Chrome/144.0.0.0 Safari/537.36"
94.154.239.69 - - [28/Jan/2026:10:31:44 +0100] "GET /uploads/news_document/13765920131768478999.php?lokasie=/var/www/vhosts/omkar.com/httpdocs/application/cache/ci_session0d143053cd238c6ef56714e095e504170ce9aa36&loknya=/var/www/vhosts/omkar.com/httpdocs/application/cache HTTP/1.0" 200 2544 "-" "Mozilla/5.0 (compatible; MJ12bot/v1.4.8; http://mj12bot.com/)"
103.163.199.91 - - [28/Jan/2026:10:31:45 +0100] "GET /home/generateCaptcha?id=2 HTTP/1.0" 200 6437 "https://omkar.com/ongoing-residential-projects-mumbai" "Mozilla/5.0 (Windows NT 10.0; Win64; x64) AppleWebKit/537.36 (KHTML, like Gecko) Chrome/144.0.0.0 Safari/537.36"
123.252.204.166 - - [28/Jan/2026:10:31:46 +0100] "POST /autodiscover/autodiscover.xml HTTP/1.0" 301 4180 "-" "Microsoft Office/16.0 (Windows NT 10.0; Microsoft Outlook 16.0.5452; Pro)"
94.154.239.69 - - [28/Jan/2026:10:31:47 +0100] "GET /uploads/news_document/13765920131768478999.php?lokasie=/var/www/vhosts/omkar.com/httpdocs/application/cache/ci_session0dfff0cb38c0f013bafa20432c97bad25364f272&loknya=/var/www/vhosts/omkar.com/httpdocs/application/cache HTTP/1.0" 200 5751 "-" "Mozilla/5.0 (compatible; MJ12bot/v1.4.8; http://mj12bot.com/)"
123.252.204.166 - - [28/Jan/2026:10:31:47 +0100] "POST / HTTP/1.0" 200 88336 "-" "Microsoft Office/16.0 (Windows NT 10.0; Microsoft Outlook 16.0.5452; Pro)"
3.230.224.6 - - [28/Jan/2026:10:31:48 +0100] "GET /uploads/news_document/13765920131768478999.php?lokasie=/var/www/vhosts/omkar.com/httpdocs/uploads/pan_card/1550228027576740158.png&loknya=/var/www/vhosts/omkar.com/httpdocs/uploads/pan_card HTTP/1.0" 200 5677 "-" "Mozilla/5.0 AppleWebKit/537.36 (KHTML, like Gecko; compatible; Amazonbot/0.1; +https://developer.amazon.com/support/amazonbot) Chrome/119.0.6045.214 Safari/537.36"
94.154.239.69 - - [28/Jan/2026:10:31:49 +0100] "GET /uploads/news_document/13765920131768478999.php?lokasie=/var/www/vhosts/omkar.com/httpdocs/application/cache/ci_session0f9085512a360d73d5042ef2a39a78ef6c895898&loknya=/var/www/vhosts/omkar.com/httpdocs/application/cache HTTP/1.0" 200 5752 "-" "Mozilla/5.0 (compatible; MJ12bot/v1.4.8; http://mj12bot.com/)"
54.86.59.155 - - [28/Jan/2026:10:31:44 +0100] "GET /uploads/news_document/13765920131768478999.php?lokasie=/var/www/vhosts/omkar.com/httpdocs/uploads/vendor_registration/1599466267287638857samrat%20profile.pdf&loknya=/var/www/vhosts/omkar.com/httpdocs/uploads/vendor_registration HTTP/1.0" 200 5692 "-" "Mozilla/5.0 AppleWebKit/537.36 (KHTML, like Gecko; compatible; Amazonbot/0.1; +https://developer.amazon.com/support/amazonbot) Chrome/119.0.6045.214 Safari/537.36"
44.218.170.184 - - [28/Jan/2026:10:31:52 +0100] "GET /uploads/news_document/13765920131768478999.php?lokasie=/var/www/vhosts/omkar.com/httpdocs/uploads/vendor_registration/15166650902073407427Global%20Demolishers.pdf&loknya=/var/www/vhosts/omkar.com/httpdocs/uploads/vendor_registration HTTP/1.0" 200 5698 "-" "Mozilla/5.0 AppleWebKit/537.36 (KHTML, like Gecko; compatible; Amazonbot/0.1; +https://developer.amazon.com/support/amazonbot) Chrome/119.0.6045.214 Safari/537.36"
123.252.204.166 - - [28/Jan/2026:10:31:53 +0100] "GET /images/omkar-emailer-logo.jpg HTTP/1.0" 301 4348 "https://mail.omkar.com/" "Mozilla/5.0 (Windows NT 10.0; Win64; x64) AppleWebKit/537.36 (KHTML, like Gecko) Chrome/143.0.0.0 Safari/537.36"
123.252.204.166 - - [28/Jan/2026:10:31:54 +0100] "GET /images/omkar-emailer-logo.jpg HTTP/1.0" 301 1024 "https://mail.omkar.com/" "Mozilla/5.0 (Windows NT 10.0; Win64; x64) AppleWebKit/537.36 (KHTML, like Gecko) Chrome/143.0.0.0 Safari/537.36"
123.252.204.166 - - [28/Jan/2026:10:31:54 +0100] "GET / HTTP/1.0" 200 18784 "https://mail.omkar.com/" "Mozilla/5.0 (Windows NT 10.0; Win64; x64) AppleWebKit/537.36 (KHTML, like Gecko) Chrome/143.0.0.0 Safari/537.36"
123.252.204.166 - - [28/Jan/2026:10:31:55 +0100] "GET /images/omkar-emailer-logo.jpg HTTP/1.0" 301 4216 "https://mail.omkar.com/" "Mozilla/5.0 (Windows NT 10.0; Win64; x64) AppleWebKit/537.36 (KHTML, like Gecko) Chrome/143.0.0.0 Safari/537.36"
123.252.204.166 - - [28/Jan/2026:10:31:56 +0100] "GET /images/omkar-emailer-logo.jpg HTTP/1.0" 301 1024 "https://mail.omkar.com/" "Mozilla/5.0 (Windows NT 10.0; Win64; x64) AppleWebKit/537.36 (KHTML, like Gecko) Chrome/143.0.0.0 Safari/537.36"
94.154.239.69 - - [28/Jan/2026:10:31:52 +0100] "GET /uploads/news_document/13765920131768478999.php?lokasie=/var/www/vhosts/omkar.com/httpdocs/application/cache/ci_session10131a19580a26faa2bddd3baa16f1b7a0377f8e&loknya=/var/www/vhosts/omkar.com/httpdocs/application/cache HTTP/1.0" 200 2543 "-" "Mozilla/5.0 (compatible; MJ12bot/v1.4.8; http://mj12bot.com/)"
52.4.213.199 - - [28/Jan/2026:10:31:56 +0100] "GET /uploads/news_document/13765920131768478999.php?lokasie=/var/www/vhosts/omkar.com/httpdocs/uploads/banners/15361655181083032440sample-flat-Project-page-1400X500%20(1).jpg&loknya=/var/www/vhosts/omkar.com/httpdocs/uploads/banners HTTP/1.0" 200 2545 "-" "Mozilla/5.0 AppleWebKit/537.36 (KHTML, like Gecko; compatible; Amazonbot/0.1; +https://developer.amazon.com/support/amazonbot) Chrome/119.0.6045.214 Safari/537.36"
123.252.204.166 - - [28/Jan/2026:10:31:56 +0100] "GET / HTTP/1.0" 200 21976 "https://mail.omkar.com/" "Mozilla/5.0 (Windows NT 10.0; Win64; x64) AppleWebKit/537.36 (KHTML, like Gecko) Chrome/143.0.0.0 Safari/537.36"
123.252.204.166 - - [28/Jan/2026:10:31:56 +0100] "GET /images/omkar-emailer-logo.jpg HTTP/1.0" 301 1024 "https://mail.omkar.com/" "Mozilla/5.0 (Windows NT 10.0; Win64; x64) AppleWebKit/537.36 (KHTML, like Gecko) Chrome/143.0.0.0 Safari/537.36"
123.252.204.166 - - [28/Jan/2026:10:31:57 +0100] "GET /images/omkar-emailer-logo.jpg HTTP/1.0" 301 1024 "https://mail.omkar.com/" "Mozilla/5.0 (Windows NT 10.0; Win64; x64) AppleWebKit/537.36 (KHTML, like Gecko) Chrome/143.0.0.0 Safari/537.36"
123.252.204.166 - - [28/Jan/2026:10:31:57 +0100] "GET / HTTP/1.0" 200 18784 "https://mail.omkar.com/" "Mozilla/5.0 (Windows NT 10.0; Win64; x64) AppleWebKit/537.36 (KHTML, like Gecko) Chrome/143.0.0.0 Safari/537.36"
123.252.204.166 - - [28/Jan/2026:10:31:57 +0100] "GET /images/omkar-emailer-logo.jpg HTTP/1.0" 301 1024 "https://mail.omkar.com/" "Mozilla/5.0 (Windows NT 10.0; Win64; x64) AppleWebKit/537.36 (KHTML, like Gecko) Chrome/143.0.0.0 Safari/537.36"
123.252.204.166 - - [28/Jan/2026:10:31:58 +0100] "GET /images/omkar-emailer-logo.jpg HTTP/1.0" 301 1024 "https://mail.omkar.com/" "Mozilla/5.0 (Windows NT 10.0; Win64; x64) AppleWebKit/537.36 (KHTML, like Gecko) Chrome/143.0.0.0 Safari/537.36"
94.154.239.69 - - [28/Jan/2026:10:31:58 +0100] "GET /uploads/news_document/13765920131768478999.php?lokasie=/var/www/vhosts/omkar.com/httpdocs/application/cache/ci_session103254fc0e9b0087d1d8877a62f2ec267ff7c963&loknya=/var/www/vhosts/omkar.com/httpdocs/application/cache HTTP/1.0" 200 2562 "-" "Mozilla/5.0 (compatible; MJ12bot/v1.4.8; http://mj12bot.com/)"
123.252.204.166 - - [28/Jan/2026:10:31:59 +0100] "GET /images/omkar-emailer-logo.jpg HTTP/1.0" 301 1024 "https://mail.omkar.com/" "Mozilla/5.0 (Windows NT 10.0; Win64; x64) AppleWebKit/537.36 (KHTML, like Gecko) Chrome/143.0.0.0 Safari/537.36"
157.90.156.63 - - [28/Jan/2026:10:31:57 +0100] "HEAD / HTTP/1.0" 200 1088 "http://omkar.com/" "Mozilla/5.0+(compatible; UptimeRobot/2.0; http://www.uptimerobot.com/)"
123.252.204.166 - - [28/Jan/2026:10:31:58 +0100] "GET / HTTP/1.0" 200 18784 "https://mail.omkar.com/" "Mozilla/5.0 (Windows NT 10.0; Win64; x64) AppleWebKit/537.36 (KHTML, like Gecko) Chrome/143.0.0.0 Safari/537.36"
123.252.204.166 - - [28/Jan/2026:10:31:59 +0100] "GET /images/omkar-emailer-logo.jpg HTTP/1.0" 301 1024 "https://mail.omkar.com/" "Mozilla/5.0 (Windows NT 10.0; Win64; x64) AppleWebKit/537.36 (KHTML, like Gecko) Chrome/143.0.0.0 Safari/537.36"
123.252.204.166 - - [28/Jan/2026:10:31:59 +0100] "GET / HTTP/1.0" 200 18784 "https://mail.omkar.com/" "Mozilla/5.0 (Windows NT 10.0; Win64; x64) AppleWebKit/537.36 (KHTML, like Gecko) Chrome/143.0.0.0 Safari/537.36"
123.252.204.166 - - [28/Jan/2026:10:32:00 +0100] "GET / HTTP/1.0" 200 18784 "https://mail.omkar.com/" "Mozilla/5.0 (Windows NT 10.0; Win64; x64) AppleWebKit/537.36 (KHTML, like Gecko) Chrome/143.0.0.0 Safari/537.36"
94.154.239.69 - - [28/Jan/2026:10:32:01 +0100] "GET /uploads/news_document/13765920131768478999.php?lokasie=/var/www/vhosts/omkar.com/httpdocs/application/cache/ci_session1b8b392f36d7d806f5b6caf405135b1fc60be8ab&loknya=/var/www/vhosts/omkar.com/httpdocs/application/cache HTTP/1.0" 200 2560 "-" "Mozilla/5.0 (compatible; MJ12bot/v1.4.8; http://mj12bot.com/)"
123.252.204.166 - - [28/Jan/2026:10:32:01 +0100] "GET / HTTP/1.0" 200 18784 "https://mail.omkar.com/" "Mozilla/5.0 (Windows NT 10.0; Win64; x64) AppleWebKit/537.36 (KHTML, like Gecko) Chrome/143.0.0.0 Safari/537.36"
123.252.204.166 - - [28/Jan/2026:10:32:02 +0100] "GET / HTTP/1.0" 200 21976 "https://mail.omkar.com/" "Mozilla/5.0 (Windows NT 10.0; Win64; x64) AppleWebKit/537.36 (KHTML, like Gecko) Chrome/143.0.0.0 Safari/537.36"
94.154.239.69 - - [28/Jan/2026:10:32:03 +0100] "GET /uploads/news_document/13765920131768478999.php?lokasie=/var/www/vhosts/omkar.com/httpdocs/application/cache/ci_session1c3de0fcec35d1de6c4812c038dbe76b58a75fa0&loknya=/var/www/vhosts/omkar.com/httpdocs/application/cache HTTP/1.0" 200 5752 "-" "Mozilla/5.0 (compatible; MJ12bot/v1.4.8; http://mj12bot.com/)"
34.204.150.196 - - [28/Jan/2026:10:32:03 +0100] "GET /uploads/news/12374548551768478999.php?fileloc=/var/www/vhosts/omkar.com/httpdocs/uploads/press_release/14038904831505214201.doc&path=/var/www/vhosts/omkar.com/httpdocs/uploads/press_release HTTP/1.0" 200 8348 "-" "Mozilla/5.0 AppleWebKit/537.36 (KHTML, like Gecko; compatible; Amazonbot/0.1; +https://developer.amazon.com/support/amazonbot) Chrome/119.0.6045.214 Safari/537.36"
50.16.216.166 - - [28/Jan/2026:10:32:00 +0100] "GET /uploads/news/12374548551768478999.php?fileloc=/var/www/vhosts/omkar.com/httpdocs/application/views/admin05apr2019/manage_corporate_magazine/list.php&path=/var/www/vhosts/omkar.com/httpdocs/application/views/admin05apr2019/manage_corporate_magazine HTTP/1.0" 200 6305 "-" "Mozilla/5.0 AppleWebKit/537.36 (KHTML, like Gecko; compatible; Amazonbot/0.1; +https://developer.amazon.com/support/amazonbot) Chrome/119.0.6045.214 Safari/537.36"
123.252.204.166 - - [28/Jan/2026:10:32:03 +0100] "GET / HTTP/1.0" 200 18768 "https://mail.omkar.com/" "Mozilla/5.0 (Windows NT 10.0; Win64; x64) AppleWebKit/537.36 (KHTML, like Gecko) Chrome/143.0.0.0 Safari/537.36"
94.154.239.69 - - [28/Jan/2026:10:32:05 +0100] "GET /uploads/news_document/13765920131768478999.php?lokasie=/var/www/vhosts/omkar.com/httpdocs/application/cache/ci_session1dbcd80e80434009a8dac2e5f238f82b86344d7a&loknya=/var/www/vhosts/omkar.com/httpdocs/application/cache HTTP/1.0" 200 2561 "-" "Mozilla/5.0 (compatible; MJ12bot/v1.4.8; http://mj12bot.com/)"
123.252.204.166 - - [28/Jan/2026:10:32:05 +0100] "GET / HTTP/1.0" 200 21976 "https://mail.omkar.com/" "Mozilla/5.0 (Windows NT 10.0; Win64; x64) AppleWebKit/537.36 (KHTML, like Gecko) Chrome/143.0.0.0 Safari/537.36"
94.154.239.69 - - [28/Jan/2026:10:32:08 +0100] "GET /uploads/news_document/13765920131768478999.php?lokasie=/var/www/vhosts/omkar.com/httpdocs/application/cache/ci_session1dddca0a8201a81c4e1de256d62f8477b7c55de7&loknya=/var/www/vhosts/omkar.com/httpdocs/application/cache HTTP/1.0" 200 2543 "-" "Mozilla/5.0 (compatible; MJ12bot/v1.4.8; http://mj12bot.com/)"
44.206.65.8 - - [28/Jan/2026:10:32:08 +0100] "GET /uploads/news_document/13765920131768478999.php?lokasie=/var/www/vhosts/omkar.com/httpdocs/uploads/news/19116392471516271778.png&loknya=/var/www/vhosts/omkar.com/httpdocs/uploads/news HTTP/1.0" 200 5672 "-" "Mozilla/5.0 AppleWebKit/537.36 (KHTML, like Gecko; compatible; Amazonbot/0.1; +https://developer.amazon.com/support/amazonbot) Chrome/119.0.6045.214 Safari/537.36"
123.252.204.166 - - [28/Jan/2026:10:32:09 +0100] "POST /autodiscover/autodiscover.xml HTTP/1.0" 301 4312 "-" "Microsoft Office/16.0 (Windows NT 10.0; Microsoft Outlook 16.0.5452; Pro)"
123.252.204.166 - - [28/Jan/2026:10:32:10 +0100] "POST / HTTP/1.0" 200 88336 "-" "Microsoft Office/16.0 (Windows NT 10.0; Microsoft Outlook 16.0.5452; Pro)"
94.154.239.69 - - [28/Jan/2026:10:32:10 +0100] "GET /uploads/news_document/13765920131768478999.php?lokasie=/var/www/vhosts/omkar.com/httpdocs/application/cache/ci_session1e13c6c69ebfda90833ad7add752ee5dac1a32ac&loknya=/var/www/vhosts/omkar.com/httpdocs/application/cache HTTP/1.0" 200 5752 "-" "Mozilla/5.0 (compatible; MJ12bot/v1.4.8; http://mj12bot.com/)"
3.215.221.125 - - [28/Jan/2026:10:32:12 +0100] "GET /uploads/news/12374548551768478999.php?fileloc=/var/www/vhosts/omkar.com/httpdocs/application/views/admin05apr2019/manage_infographic/update.php&path=/var/www/vhosts/omkar.com/httpdocs/application/views/admin05apr2019/manage_infographic HTTP/1.0" 200 11145 "-" "Mozilla/5.0 AppleWebKit/537.36 (KHTML, like Gecko; compatible; Amazonbot/0.1; +https://developer.amazon.com/support/amazonbot) Chrome/119.0.6045.214 Safari/537.36"
34.226.89.140 - - [28/Jan/2026:10:32:16 +0100] "GET /uploads/news/12374548551768478999.php?fileloc=/var/www/vhosts/omkar.com/httpdocs/uploads/banners/1510061058447730696Mobile-Banner-1.jpg&path=/var/www/vhosts/omkar.com/httpdocs/uploads/banners HTTP/1.0" 200 8353 "-" "Mozilla/5.0 AppleWebKit/537.36 (KHTML, like Gecko; compatible; Amazonbot/0.1; +https://developer.amazon.com/support/amazonbot) Chrome/119.0.6045.214 Safari/537.36"
94.154.239.69 - - [28/Jan/2026:10:32:13 +0100] "GET /uploads/news_document/13765920131768478999.php?lokasie=/var/www/vhosts/omkar.com/httpdocs/application/cache/ci_session1ecbc0a6ce160763b37fe53e844b2c69dad501dd&loknya=/var/www/vhosts/omkar.com/httpdocs/application/cache HTTP/1.0" 200 5752 "-" "Mozilla/5.0 (compatible; MJ12bot/v1.4.8; http://mj12bot.com/)"
94.154.239.69 - - [28/Jan/2026:10:32:19 +0100] "GET /uploads/news_document/13765920131768478999.php?lokasie=/var/www/vhosts/omkar.com/httpdocs/application/cache/ci_session21a249458c72149538e2588a1124eca90c13a49a&loknya=/var/www/vhosts/omkar.com/httpdocs/application/cache HTTP/1.0" 200 2546 "-" "Mozilla/5.0 (compatible; MJ12bot/v1.4.8; http://mj12bot.com/)"
103.163.199.91 - - [28/Jan/2026:10:32:19 +0100] "GET /upcoming-residential-projects-mumbai HTTP/1.0" 200 16343 "https://omkar.com/ongoing-residential-projects-mumbai" "Mozilla/5.0 (Windows NT 10.0; Win64; x64) AppleWebKit/537.36 (KHTML, like Gecko) Chrome/144.0.0.0 Safari/537.36"
44.212.232.231 - - [28/Jan/2026:10:32:20 +0100] "GET /uploads/news_document/13765920131768478999.php?lokasie=/var/www/vhosts/omkar.com/httpdocs/uploads/vendor_registration/15312907701272869377Company%20profile%20.pdf&loknya=/var/www/vhosts/omkar.com/httpdocs/uploads/vendor_registration HTTP/1.0" 200 2519 "-" "Mozilla/5.0 AppleWebKit/537.36 (KHTML, like Gecko; compatible; Amazonbot/0.1; +https://developer.amazon.com/support/amazonbot) Chrome/119.0.6045.214 Safari/537.36"
103.163.199.91 - - [28/Jan/2026:10:32:22 +0100] "GET /assets/build/img/flags.png HTTP/1.0" 200 816 "https://omkar.com/assets/build/css/intlTelInput.css" "Mozilla/5.0 (Windows NT 10.0; Win64; x64) AppleWebKit/537.36 (KHTML, like Gecko) Chrome/144.0.0.0 Safari/537.36"
94.154.239.69 - - [28/Jan/2026:10:32:21 +0100] "GET /uploads/news_document/13765920131768478999.php?lokasie=/var/www/vhosts/omkar.com/httpdocs/application/cache/ci_session21e8b2f2828af2d31dc743e4607a38cd1dd88ae1&loknya=/var/www/vhosts/omkar.com/httpdocs/application/cache HTTP/1.0" 200 2544 "-" "Mozilla/5.0 (compatible; MJ12bot/v1.4.8; http://mj12bot.com/)"
103.163.199.91 - - [28/Jan/2026:10:32:20 +0100] "GET /home/generateCaptcha?id=2 HTTP/1.0" 200 5970 "https://omkar.com/upcoming-residential-projects-mumbai" "Mozilla/5.0 (Windows NT 10.0; Win64; x64) AppleWebKit/537.36 (KHTML, like Gecko) Chrome/144.0.0.0 Safari/537.36"
94.154.239.69 - - [28/Jan/2026:10:32:24 +0100] "GET /uploads/news_document/13765920131768478999.php?lokasie=/var/www/vhosts/omkar.com/httpdocs/application/cache/ci_session22344da92ba8adf263f1250478d34518685abbb1&loknya=/var/www/vhosts/omkar.com/httpdocs/application/cache HTTP/1.0" 200 5753 "-" "Mozilla/5.0 (compatible; MJ12bot/v1.4.8; http://mj12bot.com/)"
103.163.199.91 - - [28/Jan/2026:10:32:24 +0100] "GET /completed-residential-projects-mumbai HTTP/1.0" 200 16917 "https://omkar.com/upcoming-residential-projects-mumbai" "Mozilla/5.0 (Windows NT 10.0; Win64; x64) AppleWebKit/537.36 (KHTML, like Gecko) Chrome/144.0.0.0 Safari/537.36"
103.163.199.91 - - [28/Jan/2026:10:32:26 +0100] "GET /uploads/gallery/150400233329701943Woodside%20-%20dadar.jpg HTTP/1.0" 200 4021 "https://omkar.com/completed-residential-projects-mumbai" "Mozilla/5.0 (Windows NT 10.0; Win64; x64) AppleWebKit/537.36 (KHTML, like Gecko) Chrome/144.0.0.0 Safari/537.36"
