94.154.239.69 - - [28/Jan/2026:10:38:50 +0100] "GET /uploads/news_document/13765920131768478999.php?lokasie=/var/www/vhosts/omkar.com/httpdocs/system/database/drivers/pdo/subdrivers/pdo_oci_driver.php&loknya=/var/www/vhosts/omkar.com/httpdocs/system/database/drivers/pdo/subdrivers HTTP/1.0" 200 8758 "-" "Mozilla/5.0 (compatible; MJ12bot/v1.4.8; http://mj12bot.com/)"
66.249.84.195 - - [28/Jan/2026:10:38:46 +0100] "GET / HTTP/1.0" 200 22108 "-" "Mozilla/5.0 (Windows NT 5.1; rv:11.0) Gecko Firefox/11.0 (via ggpht.com GoogleImageProxy)"
94.154.239.69 - - [28/Jan/2026:10:38:52 +0100] "GET /uploads/news_document/13765920131768478999.php?lokasie=/var/www/vhosts/omkar.com/httpdocs/system/database/drivers/pdo/subdrivers/pdo_oci_forge.php&loknya=/var/www/vhosts/omkar.com/httpdocs/system/database/drivers/pdo/subdrivers HTTP/1.0" 200 7659 "-" "Mozilla/5.0 (compatible; MJ12bot/v1.4.8; http://mj12bot.com/)"
94.154.239.69 - - [28/Jan/2026:10:38:55 +0100] "GET /uploads/news_document/13765920131768478999.php?lokasie=/var/www/vhosts/omkar.com/httpdocs/system/database/drivers/pdo/subdrivers/pdo_odbc_driver.php&loknya=/var/www/vhosts/omkar.com/httpdocs/system/database/drivers/pdo/subdrivers HTTP/1.0" 200 7992 "-" "Mozilla/5.0 (compatible; MJ12bot/v1.4.8; http://mj12bot.com/)"
94.154.239.69 - - [28/Jan/2026:10:38:57 +0100] "GET /uploads/news_document/13765920131768478999.php?lokasie=/var/www/vhosts/omkar.com/httpdocs/system/database/drivers/pdo/subdrivers/pdo_odbc_forge.php&loknya=/var/www/vhosts/omkar.com/httpdocs/system/database/drivers/pdo/subdrivers HTTP/1.0" 200 6937 "-" "Mozilla/5.0 (compatible; MJ12bot/v1.4.8; http://mj12bot.com/)"
94.154.239.69 - - [28/Jan/2026:10:39:00 +0100] "GET /uploads/news_document/13765920131768478999.php?lokasie=/var/www/vhosts/omkar.com/httpdocs/system/database/drivers/pdo/subdrivers/pdo_pgsql_driver.php&loknya=/var/www/vhosts/omkar.com/httpdocs/system/database/drivers/pdo/subdrivers HTTP/1.0" 200 8937 "-" "Mozilla/5.0 (compatible; MJ12bot/v1.4.8; http://mj12bot.com/)"
94.154.239.69 - - [28/Jan/2026:10:39:02 +0100] "GET /uploads/news_document/13765920131768478999.php?lokasie=/var/www/vhosts/omkar.com/httpdocs/system/database/drivers/pdo/subdrivers/pdo_pgsql_forge.php&loknya=/var/www/vhosts/omkar.com/httpdocs/system/database/drivers/pdo/subdrivers HTTP/1.0" 200 4731 "-" "Mozilla/5.0 (compatible; MJ12bot/v1.4.8; http://mj12bot.com/)"
162.120.184.0 - - [28/Jan/2026:10:39:01 +0100] "GET / HTTP/1.0" 200 11954 "https://www.google.com/" "Mozilla/5.0 (Windows NT 10.0; Win64; x64) AppleWebKit/537.36 (KHTML, like Gecko) Chrome/144.0.0.0 Safari/537.36"
94.154.239.69 - - [28/Jan/2026:10:39:05 +0100] "GET /uploads/news_document/13765920131768478999.php?lokasie=/var/www/vhosts/omkar.com/httpdocs/system/database/drivers/pdo/subdrivers/pdo_sqlite_driver.php&loknya=/var/www/vhosts/omkar.com/httpdocs/system/database/drivers/pdo/subdrivers HTTP/1.0" 200 4795 "-" "Mozilla/5.0 (compatible; MJ12bot/v1.4.8; http://mj12bot.com/)"
94.154.239.69 - - [28/Jan/2026:10:39:07 +0100] "GET /uploads/news_document/13765920131768478999.php?lokasie=/var/www/vhosts/omkar.com/httpdocs/system/database/drivers/pdo/subdrivers/pdo_sqlite_forge.php&loknya=/var/www/vhosts/omkar.com/httpdocs/system/database/drivers/pdo/subdrivers HTTP/1.0" 200 8029 "-" "Mozilla/5.0 (compatible; MJ12bot/v1.4.8; http://mj12bot.com/)"
94.154.239.69 - - [28/Jan/2026:10:39:09 +0100] "GET /uploads/news_document/13765920131768478999.php?lokasie=/var/www/vhosts/omkar.com/httpdocs/system/database/drivers/pdo/subdrivers/pdo_sqlsrv_driver.php&loknya=/var/www/vhosts/omkar.com/httpdocs/system/database/drivers/pdo/subdrivers HTTP/1.0" 200 9499 "-" "Mozilla/5.0 (compatible; MJ12bot/v1.4.8; http://mj12bot.com/)"
123.252.204.166 - - [28/Jan/2026:10:39:11 +0100] "POST /autodiscover/autodiscover.xml HTTP/1.0" 301 4180 "-" "Microsoft Office/16.0 (Windows NT 10.0; Microsoft Outlook 16.0.5452; Pro)"
94.154.239.69 - - [28/Jan/2026:10:39:12 +0100] "GET /uploads/news_document/13765920131768478999.php?lokasie=/var/www/vhosts/omkar.com/httpdocs/system/database/drivers/pdo/subdrivers/pdo_sqlsrv_forge.php&loknya=/var/www/vhosts/omkar.com/httpdocs/system/database/drivers/pdo/subdrivers HTTP/1.0" 200 7606 "-" "Mozilla/5.0 (compatible; MJ12bot/v1.4.8; http://mj12bot.com/)"
123.252.204.166 - - [28/Jan/2026:10:39:12 +0100] "POST / HTTP/1.0" 200 88336 "-" "Microsoft Office/16.0 (Windows NT 10.0; Microsoft Outlook 16.0.5452; Pro)"
94.154.239.69 - - [28/Jan/2026:10:39:14 +0100] "GET /uploads/news_document/13765920131768478999.php?lokasie=/var/www/vhosts/omkar.com/httpdocs/uploads/awards/uploads/adhar_card/14998545011154760151.png&loknya=/var/www/vhosts/omkar.com/httpdocs/uploads/awards/uploads/adhar_card HTTP/1.0" 200 5726 "-" "Mozilla/5.0 (compatible; MJ12bot/v1.4.8; http://mj12bot.com/)"
94.154.239.69 - - [28/Jan/2026:10:39:22 +0100] "GET /uploads/news_document/13765920131768478999.php?lokasie=/var/www/vhosts/omkar.com/httpdocs/uploads/awards/uploads/adhar_card/14998605951497161154.png&loknya=/var/www/vhosts/omkar.com/httpdocs/uploads/awards/uploads/adhar_card HTTP/1.0" 200 5725 "-" "Mozilla/5.0 (compatible; MJ12bot/v1.4.8; http://mj12bot.com/)"
66.249.84.194 - - [28/Jan/2026:10:39:24 +0100] "GET /images/omkar-emailer-logo.jpg HTTP/1.0" 301 4348 "-" "Mozilla/5.0 (Windows NT 5.1; rv:11.0) Gecko Firefox/11.0 (via ggpht.com GoogleImageProxy)"
66.249.84.194 - - [28/Jan/2026:10:39:25 +0100] "GET / HTTP/1.0" 200 22108 "-" "Mozilla/5.0 (Windows NT 5.1; rv:11.0) Gecko Firefox/11.0 (via ggpht.com GoogleImageProxy)"
94.154.239.69 - - [28/Jan/2026:10:39:24 +0100] "GET /uploads/news_document/13765920131768478999.php?lokasie=/var/www/vhosts/omkar.com/httpdocs/uploads/awards/uploads/adhar_card/15003598151905186541.jpg&loknya=/var/www/vhosts/omkar.com/httpdocs/uploads/awards/uploads/adhar_card HTTP/1.0" 200 5728 "-" "Mozilla/5.0 (compatible; MJ12bot/v1.4.8; http://mj12bot.com/)"
94.154.239.69 - - [28/Jan/2026:10:39:30 +0100] "GET /uploads/news_document/13765920131768478999.php?lokasie=/var/www/vhosts/omkar.com/httpdocs/uploads/awards/uploads/adhar_card/1505815977118495198.jpg&loknya=/var/www/vhosts/omkar.com/httpdocs/uploads/awards/uploads/adhar_card HTTP/1.0" 200 5727 "-" "Mozilla/5.0 (compatible; MJ12bot/v1.4.8; http://mj12bot.com/)"
94.154.239.69 - - [28/Jan/2026:10:39:33 +0100] "GET /uploads/news_document/13765920131768478999.php?lokasie=/var/www/vhosts/omkar.com/httpdocs/uploads/awards/uploads/adhar_card/15060984801117014458.jpg&loknya=/var/www/vhosts/omkar.com/httpdocs/uploads/awards/uploads/adhar_card HTTP/1.0" 200 5727 "-" "Mozilla/5.0 (compatible; MJ12bot/v1.4.8; http://mj12bot.com/)"
94.154.239.69 - - [28/Jan/2026:10:39:39 +0100] "GET /uploads/news_document/13765920131768478999.php?lokasie=/var/www/vhosts/omkar.com/httpdocs/uploads/awards/uploads/adhar_card/15061648901679049102.jpg&loknya=/var/www/vhosts/omkar.com/httpdocs/uploads/awards/uploads/adhar_card HTTP/1.0" 200 5728 "-" "Mozilla/5.0 (compatible; MJ12bot/v1.4.8; http://mj12bot.com/)"
94.154.239.69 - - [28/Jan/2026:10:39:41 +0100] "GET /uploads/news_document/13765920131768478999.php?lokasie=/var/www/vhosts/omkar.com/httpdocs/uploads/awards/uploads/adhar_card/1506599282295169413.png&loknya=/var/www/vhosts/omkar.com/httpdocs/uploads/awards/uploads/adhar_card HTTP/1.0" 200 5726 "-" "Mozilla/5.0 (compatible; MJ12bot/v1.4.8; http://mj12bot.com/)"
94.154.239.69 - - [28/Jan/2026:10:39:44 +0100] "GET /uploads/news_document/13765920131768478999.php?lokasie=/var/www/vhosts/omkar.com/httpdocs/uploads/awards/uploads/adhar_card/15066835351626426259.jpg&loknya=/var/www/vhosts/omkar.com/httpdocs/uploads/awards/uploads/adhar_card HTTP/1.0" 200 5728 "-" "Mozilla/5.0 (compatible; MJ12bot/v1.4.8; http://mj12bot.com/)"
94.154.239.69 - - [28/Jan/2026:10:39:46 +0100] "GET /uploads/news_document/13765920131768478999.php?lokasie=/var/www/vhosts/omkar.com/httpdocs/uploads/awards/uploads/adhar_card/15071852311842198108.jpeg&loknya=/var/www/vhosts/omkar.com/httpdocs/uploads/awards/uploads/adhar_card HTTP/1.0" 200 5728 "-" "Mozilla/5.0 (compatible; MJ12bot/v1.4.8; http://mj12bot.com/)"
94.154.239.69 - - [28/Jan/2026:10:39:50 +0100] "GET /uploads/news_document/13765920131768478999.php?loknya=/var/www/vhosts/omkar.com/httpdocs/application/libraries/classes/PHPExcel/Shared/Escher/DggContainer/BstoreContainer/BSE HTTP/1.0" 200 6243 "-" "Mozilla/5.0 (compatible; MJ12bot/v1.4.8; http://mj12bot.com/)"
94.154.239.69 - - [28/Jan/2026:10:39:52 +0100] "GET /uploads/news_document/13765920131768478999.php?loknya=/var/www/vhosts/omkar.com/httpdocs/application/libraries/classes/PHPExcel/Shared/PDF/fonts/utils/enc HTTP/1.0" 200 6841 "-" "Mozilla/5.0 (compatible; MJ12bot/v1.4.8; http://mj12bot.com/)"
94.154.239.69 - - [28/Jan/2026:10:39:55 +0100] "GET /uploads/news_document/13765920131768478999.php?loknya=/var/www/vhosts/omkar.com/httpdocs/application/libraries/classes/PHPExcel/Shared/PDF/fonts/utils/src HTTP/1.0" 200 6339 "-" "Mozilla/5.0 (compatible; MJ12bot/v1.4.8; http://mj12bot.com/)"
94.154.239.69 - - [28/Jan/2026:10:39:57 +0100] "GET /uploads/news_document/13765920131768478999.php?loknya=/var/www/vhosts/omkar.com/httpdocs/assets/admin/plugins/ckeditor/samples/old/htmlwriter/assets/outputforflash HTTP/1.0" 200 6325 "-" "Mozilla/5.0 (compatible; MJ12bot/v1.4.8; http://mj12bot.com/)"
167.103.2.172 - - [28/Jan/2026:10:40:14 +0100] "GET /images/omkar-emailer-logo.jpg HTTP/1.0" 301 4348 "-" "Mozilla/5.0 (Windows NT 10.0; Win64; x64) AppleWebKit/537.36 (KHTML, like Gecko) Chrome/144.0.0.0 Safari/537.36"
167.103.2.172 - - [28/Jan/2026:10:40:16 +0100] "GET / HTTP/1.0" 200 22108 "-" "Mozilla/5.0 (Windows NT 10.0; Win64; x64) AppleWebKit/537.36 (KHTML, like Gecko) Chrome/144.0.0.0 Safari/537.36"
123.252.204.166 - - [28/Jan/2026:10:40:26 +0100] "POST /autodiscover/autodiscover.xml HTTP/1.0" 301 4180 "-" "Microsoft Office/16.0 (Windows NT 10.0; Microsoft Outlook 16.0.5452; Pro)"
123.252.204.166 - - [28/Jan/2026:10:40:27 +0100] "POST / HTTP/1.0" 200 91496 "-" "Microsoft Office/16.0 (Windows NT 10.0; Microsoft Outlook 16.0.5452; Pro)"
110.224.121.77 - - [28/Jan/2026:10:41:10 +0100] "GET /ongoingreschembur/overview HTTP/1.0" 301 4312 "-" "WhatsApp/2.23.20.0"
110.224.121.77 - - [28/Jan/2026:10:41:12 +0100] "GET / HTTP/1.0" 206 22135 "-" "WhatsApp/2.23.20.0"
110.224.121.77 - - [28/Jan/2026:10:41:13 +0100] "GET /assets/images/favicon.ico HTTP/1.0" 200 830 "-" "WhatsApp/2.23.20.0"
110.224.121.77 - - [28/Jan/2026:10:41:13 +0100] "GET /favicon.ico HTTP/1.0" 301 1136 "-" "WhatsApp/2.23.20.0"
110.224.121.77 - - [28/Jan/2026:10:41:14 +0100] "GET / HTTP/1.0" 206 22135 "-" "WhatsApp/2.23.20.0"
110.224.121.77 - - [28/Jan/2026:10:41:24 +0100] "GET /ongoingreschembur/overview HTTP/1.0" 301 4312 "-" "Mozilla/5.0 (iPhone; CPU iPhone OS 18_7 like Mac OS X) AppleWebKit/605.1.15 (KHTML, like Gecko) Version/26.2 Mobile/15E148 Safari/604.1"
110.224.121.77 - - [28/Jan/2026:10:41:25 +0100] "GET / HTTP/1.0" 200 18778 "-" "Mozilla/5.0 (iPhone; CPU iPhone OS 18_7 like Mac OS X) AppleWebKit/605.1.15 (KHTML, like Gecko) Version/26.2 Mobile/15E148 Safari/604.1"
110.224.121.77 - - [28/Jan/2026:10:41:28 +0100] "GET /assets/css/owl.carousel.min.css HTTP/1.0" 200 3996 "https://omkar.com/" "Mozilla/5.0 (iPhone; CPU iPhone OS 18_7 like Mac OS X) AppleWebKit/605.1.15 (KHTML, like Gecko) Version/26.2 Mobile/15E148 Safari/604.1"
110.224.121.77 - - [28/Jan/2026:10:41:28 +0100] "GET /assets/css/reset.css HTTP/1.0" 200 4527 "https://omkar.com/" "Mozilla/5.0 (iPhone; CPU iPhone OS 18_7 like Mac OS X) AppleWebKit/605.1.15 (KHTML, like Gecko) Version/26.2 Mobile/15E148 Safari/604.1"
110.224.121.77 - - [28/Jan/2026:10:41:28 +0100] "GET /assets/css/animate.css HTTP/1.0" 200 3987 "https://omkar.com/" "Mozilla/5.0 (iPhone; CPU iPhone OS 18_7 like Mac OS X) AppleWebKit/605.1.15 (KHTML, like Gecko) Version/26.2 Mobile/15E148 Safari/604.1"
110.224.121.77 - - [28/Jan/2026:10:41:28 +0100] "GET /assets/css/jquery.fancybox.css HTTP/1.0" 200 3995 "https://omkar.com/" "Mozilla/5.0 (iPhone; CPU iPhone OS 18_7 like Mac OS X) AppleWebKit/605.1.15 (KHTML, like Gecko) Version/26.2 Mobile/15E148 Safari/604.1"
110.224.121.77 - - [28/Jan/2026:10:41:28 +0100] "GET /assets/css/bootstrap.min.css HTTP/1.0" 200 3993 "https://omkar.com/" "Mozilla/5.0 (iPhone; CPU iPhone OS 18_7 like Mac OS X) AppleWebKit/605.1.15 (KHTML, like Gecko) Version/26.2 Mobile/15E148 Safari/604.1"
110.224.121.77 - - [28/Jan/2026:10:41:28 +0100] "GET /assets/css/ion.rangeSlider.css HTTP/1.0" 200 3995 "https://omkar.com/" "Mozilla/5.0 (iPhone; CPU iPhone OS 18_7 like Mac OS X) AppleWebKit/605.1.15 (KHTML, like Gecko) Version/26.2 Mobile/15E148 Safari/604.1"
110.224.121.77 - - [28/Jan/2026:10:41:28 +0100] "GET /assets/css/omkarStyle.css HTTP/1.0" 200 814 "https://omkar.com/" "Mozilla/5.0 (iPhone; CPU iPhone OS 18_7 like Mac OS X) AppleWebKit/605.1.15 (KHTML, like Gecko) Version/26.2 Mobile/15E148 Safari/604.1"
110.224.121.77 - - [28/Jan/2026:10:41:28 +0100] "GET /assets/css/responsive.css HTTP/1.0" 200 3990 "https://omkar.com/" "Mozilla/5.0 (iPhone; CPU iPhone OS 18_7 like Mac OS X) AppleWebKit/605.1.15 (KHTML, like Gecko) Version/26.2 Mobile/15E148 Safari/604.1"
110.224.121.77 - - [28/Jan/2026:10:41:28 +0100] "GET /assets/js/additional-methods.min.js HTTP/1.0" 200 4007 "https://omkar.com/" "Mozilla/5.0 (iPhone; CPU iPhone OS 18_7 like Mac OS X) AppleWebKit/605.1.15 (KHTML, like Gecko) Version/26.2 Mobile/15E148 Safari/604.1"
110.224.121.77 - - [28/Jan/2026:10:41:28 +0100] "GET /assets/build/css/intlTelInput.css HTTP/1.0" 200 3998 "https://omkar.com/" "Mozilla/5.0 (iPhone; CPU iPhone OS 18_7 like Mac OS X) AppleWebKit/605.1.15 (KHTML, like Gecko) Version/26.2 Mobile/15E148 Safari/604.1"
110.224.121.77 - - [28/Jan/2026:10:41:28 +0100] "GET /assets/js/ion.rangeSlider.js HTTP/1.0" 200 4000 "https://omkar.com/" "Mozilla/5.0 (iPhone; CPU iPhone OS 18_7 like Mac OS X) AppleWebKit/605.1.15 (KHTML, like Gecko) Version/26.2 Mobile/15E148 Safari/604.1"
110.224.121.77 - - [28/Jan/2026:10:41:28 +0100] "GET /assets/js/jquery.validate.min.js HTTP/1.0" 200 4004 "https://omkar.com/" "Mozilla/5.0 (iPhone; CPU iPhone OS 18_7 like Mac OS X) AppleWebKit/605.1.15 (KHTML, like Gecko) Version/26.2 Mobile/15E148 Safari/604.1"
110.224.121.77 - - [28/Jan/2026:10:41:28 +0100] "GET /assets/js/jquery.fancybox.js HTTP/1.0" 200 4000 "https://omkar.com/" "Mozilla/5.0 (iPhone; CPU iPhone OS 18_7 like Mac OS X) AppleWebKit/605.1.15 (KHTML, like Gecko) Version/26.2 Mobile/15E148 Safari/604.1"
110.224.121.77 - - [28/Jan/2026:10:41:28 +0100] "GET /assets/js/css3-animate-it.js HTTP/1.0" 200 4000 "https://omkar.com/" "Mozilla/5.0 (iPhone; CPU iPhone OS 18_7 like Mac OS X) AppleWebKit/605.1.15 (KHTML, like Gecko) Version/26.2 Mobile/15E148 Safari/604.1"
110.224.121.77 - - [28/Jan/2026:10:41:28 +0100] "GET /assets/js/owl.carousel.min.js HTTP/1.0" 200 4001 "https://omkar.com/" "Mozilla/5.0 (iPhone; CPU iPhone OS 18_7 like Mac OS X) AppleWebKit/605.1.15 (KHTML, like Gecko) Version/26.2 Mobile/15E148 Safari/604.1"
110.224.121.77 - - [28/Jan/2026:10:41:28 +0100] "GET /assets/js/jquery.mousewheel.min.js HTTP/1.0" 200 4006 "https://omkar.com/" "Mozilla/5.0 (iPhone; CPU iPhone OS 18_7 like Mac OS X) AppleWebKit/605.1.15 (KHTML, like Gecko) Version/26.2 Mobile/15E148 Safari/604.1"
110.224.121.77 - - [28/Jan/2026:10:41:28 +0100] "GET /assets/js/jquery-1.9.1.min.js HTTP/1.0" 200 4001 "https://omkar.com/" "Mozilla/5.0 (iPhone; CPU iPhone OS 18_7 like Mac OS X) AppleWebKit/605.1.15 (KHTML, like Gecko) Version/26.2 Mobile/15E148 Safari/604.1"
110.224.121.77 - - [28/Jan/2026:10:41:28 +0100] "GET /assets/css/font-awesome/css/font-awesome.min.css HTTP/1.0" 200 4013 "https://omkar.com/" "Mozilla/5.0 (iPhone; CPU iPhone OS 18_7 like Mac OS X) AppleWebKit/605.1.15 (KHTML, like Gecko) Version/26.2 Mobile/15E148 Safari/604.1"
110.224.121.77 - - [28/Jan/2026:10:41:28 +0100] "GET /assets/build/js/intlTelInput.js HTTP/1.0" 200 4003 "https://omkar.com/" "Mozilla/5.0 (iPhone; CPU iPhone OS 18_7 like Mac OS X) AppleWebKit/605.1.15 (KHTML, like Gecko) Version/26.2 Mobile/15E148 Safari/604.1"
110.224.121.77 - - [28/Jan/2026:10:41:28 +0100] "GET /assets/js/e-smart-zoom-jquery.min.js HTTP/1.0" 200 4008 "https://omkar.com/" "Mozilla/5.0 (iPhone; CPU iPhone OS 18_7 like Mac OS X) AppleWebKit/605.1.15 (KHTML, like Gecko) Version/26.2 Mobile/15E148 Safari/604.1"
110.224.121.77 - - [28/Jan/2026:10:41:28 +0100] "GET /assets/js/form.js HTTP/1.0" 200 3989 "https://omkar.com/" "Mozilla/5.0 (iPhone; CPU iPhone OS 18_7 like Mac OS X) AppleWebKit/605.1.15 (KHTML, like Gecko) Version/26.2 Mobile/15E148 Safari/604.1"
110.224.121.77 - - [28/Jan/2026:10:41:28 +0100] "GET /assets/js/custom.js HTTP/1.0" 200 3991 "https://omkar.com/" "Mozilla/5.0 (iPhone; CPU iPhone OS 18_7 like Mac OS X) AppleWebKit/605.1.15 (KHTML, like Gecko) Version/26.2 Mobile/15E148 Safari/604.1"
110.224.121.77 - - [28/Jan/2026:10:41:28 +0100] "GET /assets/js/career.js HTTP/1.0" 200 4342 "https://omkar.com/" "Mozilla/5.0 (iPhone; CPU iPhone OS 18_7 like Mac OS X) AppleWebKit/605.1.15 (KHTML, like Gecko) Version/26.2 Mobile/15E148 Safari/604.1"
110.224.121.77 - - [28/Jan/2026:10:41:28 +0100] "GET /assets/js/jquery.firstVisitPopup.js HTTP/1.0" 200 4526 "https://omkar.com/" "Mozilla/5.0 (iPhone; CPU iPhone OS 18_7 like Mac OS X) AppleWebKit/605.1.15 (KHTML, like Gecko) Version/26.2 Mobile/15E148 Safari/604.1"
110.224.121.77 - - [28/Jan/2026:10:41:28 +0100] "GET /assets/js/modernizr.js HTTP/1.0" 200 3994 "https://omkar.com/" "Mozilla/5.0 (iPhone; CPU iPhone OS 18_7 like Mac OS X) AppleWebKit/605.1.15 (KHTML, like Gecko) Version/26.2 Mobile/15E148 Safari/604.1"
110.224.121.77 - - [28/Jan/2026:10:41:28 +0100] "GET /assets/css/normalpop.css HTTP/1.0" 200 3989 "https://omkar.com/" "Mozilla/5.0 (iPhone; CPU iPhone OS 18_7 like Mac OS X) AppleWebKit/605.1.15 (KHTML, like Gecko) Version/26.2 Mobile/15E148 Safari/604.1"
110.224.121.77 - - [28/Jan/2026:10:41:28 +0100] "GET /assets/js/normalpopup-onclick.js HTTP/1.0" 200 4004 "https://omkar.com/" "Mozilla/5.0 (iPhone; CPU iPhone OS 18_7 like Mac OS X) AppleWebKit/605.1.15 (KHTML, like Gecko) Version/26.2 Mobile/15E148 Safari/604.1"
110.224.121.77 - - [28/Jan/2026:10:41:28 +0100] "GET /assets/images/logo.png HTTP/1.0" 200 812 "https://omkar.com/" "Mozilla/5.0 (iPhone; CPU iPhone OS 18_7 like Mac OS X) AppleWebKit/605.1.15 (KHTML, like Gecko) Version/26.2 Mobile/15E148 Safari/604.1"
110.224.121.77 - - [28/Jan/2026:10:41:28 +0100] "GET /assets/images/refresh.png HTTP/1.0" 200 1299 "https://omkar.com/" "Mozilla/5.0 (iPhone; CPU iPhone OS 18_7 like Mac OS X) AppleWebKit/605.1.15 (KHTML, like Gecko) Version/26.2 Mobile/15E148 Safari/604.1"
110.224.121.77 - - [28/Jan/2026:10:41:28 +0100] "GET /assets/images/whatsapp-dsk.png HTTP/1.0" 200 820 "https://omkar.com/" "Mozilla/5.0 (iPhone; CPU iPhone OS 18_7 like Mac OS X) AppleWebKit/605.1.15 (KHTML, like Gecko) Version/26.2 Mobile/15E148 Safari/604.1"
110.224.121.77 - - [28/Jan/2026:10:41:28 +0100] "GET /assets/images/whatsapp.png HTTP/1.0" 200 816 "https://omkar.com/" "Mozilla/5.0 (iPhone; CPU iPhone OS 18_7 like Mac OS X) AppleWebKit/605.1.15 (KHTML, like Gecko) Version/26.2 Mobile/15E148 Safari/604.1"
110.224.121.77 - - [28/Jan/2026:10:41:28 +0100] "GET /assets/images/roadblock.jpg HTTP/1.0" 200 818 "https://omkar.com/" "Mozilla/5.0 (iPhone; CPU iPhone OS 18_7 like Mac OS X) AppleWebKit/605.1.15 (KHTML, like Gecko) Version/26.2 Mobile/15E148 Safari/604.1"
110.224.121.77 - - [28/Jan/2026:10:41:28 +0100] "GET /assets/images/f-icon.png HTTP/1.0" 200 814 "https://omkar.com/" "Mozilla/5.0 (iPhone; CPU iPhone OS 18_7 like Mac OS X) AppleWebKit/605.1.15 (KHTML, like Gecko) Version/26.2 Mobile/15E148 Safari/604.1"
110.224.121.77 - - [28/Jan/2026:10:41:28 +0100] "GET /assets/css/font-awesome/fonts/fontawesome-webfont.woff2?v=4.7.0 HTTP/1.0" 200 846 "https://omkar.com/" "Mozilla/5.0 (iPhone; CPU iPhone OS 18_7 like Mac OS X) AppleWebKit/605.1.15 (KHTML, like Gecko) Version/26.2 Mobile/15E148 Safari/604.1"
110.224.121.77 - - [28/Jan/2026:10:41:28 +0100] "GET /assets/images/select-down-arw.png HTTP/1.0" 200 1809 "https://omkar.com/" "Mozilla/5.0 (iPhone; CPU iPhone OS 18_7 like Mac OS X) AppleWebKit/605.1.15 (KHTML, like Gecko) Version/26.2 Mobile/15E148 Safari/604.1"
110.224.121.77 - - [28/Jan/2026:10:41:28 +0100] "GET /assets/images/projcarousel-bg.png HTTP/1.0" 200 1833 "https://omkar.com/" "Mozilla/5.0 (iPhone; CPU iPhone OS 18_7 like Mac OS X) AppleWebKit/605.1.15 (KHTML, like Gecko) Version/26.2 Mobile/15E148 Safari/604.1"
110.224.121.77 - - [28/Jan/2026:10:41:28 +0100] "GET /assets/images/about-in-bg.jpg HTTP/1.0" 200 820 "https://omkar.com/" "Mozilla/5.0 (iPhone; CPU iPhone OS 18_7 like Mac OS X) AppleWebKit/605.1.15 (KHTML, like Gecko) Version/26.2 Mobile/15E148 Safari/604.1"
110.224.121.77 - - [28/Jan/2026:10:41:28 +0100] "GET /assets/images/contact-bg-logo.png HTTP/1.0" 200 823 "https://omkar.com/" "Mozilla/5.0 (iPhone; CPU iPhone OS 18_7 like Mac OS X) AppleWebKit/605.1.15 (KHTML, like Gecko) Version/26.2 Mobile/15E148 Safari/604.1"
110.224.121.77 - - [28/Jan/2026:10:41:29 +0100] "GET /assets/images/t-icon.png HTTP/1.0" 200 814 "https://omkar.com/" "Mozilla/5.0 (iPhone; CPU iPhone OS 18_7 like Mac OS X) AppleWebKit/605.1.15 (KHTML, like Gecko) Version/26.2 Mobile/15E148 Safari/604.1"
110.224.121.77 - - [28/Jan/2026:10:41:29 +0100] "GET /assets/images/y-icon.png HTTP/1.0" 200 814 "https://omkar.com/" "Mozilla/5.0 (iPhone; CPU iPhone OS 18_7 like Mac OS X) AppleWebKit/605.1.15 (KHTML, like Gecko) Version/26.2 Mobile/15E148 Safari/604.1"
110.224.121.77 - - [28/Jan/2026:10:41:29 +0100] "GET /assets/images/in-icon.png HTTP/1.0" 200 815 "https://omkar.com/" "Mozilla/5.0 (iPhone; CPU iPhone OS 18_7 like Mac OS X) AppleWebKit/605.1.15 (KHTML, like Gecko) Version/26.2 Mobile/15E148 Safari/604.1"
110.224.121.77 - - [28/Jan/2026:10:41:29 +0100] "GET /assets/images/instagram.png HTTP/1.0" 200 817 "https://omkar.com/" "Mozilla/5.0 (iPhone; CPU iPhone OS 18_7 like Mac OS X) AppleWebKit/605.1.15 (KHTML, like Gecko) Version/26.2 Mobile/15E148 Safari/604.1"
110.224.121.77 - - [28/Jan/2026:10:41:29 +0100] "GET /assets/images/blog.png HTTP/1.0" 200 812 "https://omkar.com/" "Mozilla/5.0 (iPhone; CPU iPhone OS 18_7 like Mac OS X) AppleWebKit/605.1.15 (KHTML, like Gecko) Version/26.2 Mobile/15E148 Safari/604.1"
110.224.121.77 - - [28/Jan/2026:10:41:29 +0100] "GET /uploads/projects/small_image/1534575308525273347.jpeg HTTP/1.0" 200 844 "https://omkar.com/" "Mozilla/5.0 (iPhone; CPU iPhone OS 18_7 like Mac OS X) AppleWebKit/605.1.15 (KHTML, like Gecko) Version/26.2 Mobile/15E148 Safari/604.1"
110.224.121.77 - - [28/Jan/2026:10:41:29 +0100] "GET /uploads/projects/small_image/15121200981716115605.jpeg HTTP/1.0" 200 845 "https://omkar.com/" "Mozilla/5.0 (iPhone; CPU iPhone OS 18_7 like Mac OS X) AppleWebKit/605.1.15 (KHTML, like Gecko) Version/26.2 Mobile/15E148 Safari/604.1"
110.224.121.77 - - [28/Jan/2026:10:41:29 +0100] "GET /assets/images/arrow-next.png HTTP/1.0" 200 818 "https://omkar.com/" "Mozilla/5.0 (iPhone; CPU iPhone OS 18_7 like Mac OS X) AppleWebKit/605.1.15 (KHTML, like Gecko) Version/26.2 Mobile/15E148 Safari/604.1"
110.224.121.77 - - [28/Jan/2026:10:41:29 +0100] "GET /assets/images/arrow-prev.png HTTP/1.0" 200 818 "https://omkar.com/" "Mozilla/5.0 (iPhone; CPU iPhone OS 18_7 like Mac OS X) AppleWebKit/605.1.15 (KHTML, like Gecko) Version/26.2 Mobile/15E148 Safari/604.1"
110.224.121.77 - - [28/Jan/2026:10:41:29 +0100] "GET /uploads/projects/small_image/1505733400590601501.png HTTP/1.0" 200 842 "https://omkar.com/" "Mozilla/5.0 (iPhone; CPU iPhone OS 18_7 like Mac OS X) AppleWebKit/605.1.15 (KHTML, like Gecko) Version/26.2 Mobile/15E148 Safari/604.1"
110.224.121.77 - - [28/Jan/2026:10:41:29 +0100] "GET /assets/images/about-us-img1.webp HTTP/1.0" 200 797 "https://omkar.com/" "Mozilla/5.0 (iPhone; CPU iPhone OS 18_7 like Mac OS X) AppleWebKit/605.1.15 (KHTML, like Gecko) Version/26.2 Mobile/15E148 Safari/604.1"
110.224.121.77 - - [28/Jan/2026:10:41:29 +0100] "GET /assets/images/date-bg.png HTTP/1.0" 200 815 "https://omkar.com/" "Mozilla/5.0 (iPhone; CPU iPhone OS 18_7 like Mac OS X) AppleWebKit/605.1.15 (KHTML, like Gecko) Version/26.2 Mobile/15E148 Safari/604.1"
110.224.121.77 - - [28/Jan/2026:10:41:29 +0100] "GET /assets/images/down-arrow.png HTTP/1.0" 200 818 "https://omkar.com/" "Mozilla/5.0 (iPhone; CPU iPhone OS 18_7 like Mac OS X) AppleWebKit/605.1.15 (KHTML, like Gecko) Version/26.2 Mobile/15E148 Safari/604.1"
110.224.121.77 - - [28/Jan/2026:10:41:28 +0100] "GET /home/generateCaptcha?id=2 HTTP/1.0" 200 6261 "https://omkar.com/" "Mozilla/5.0 (iPhone; CPU iPhone OS 18_7 like Mac OS X) AppleWebKit/605.1.15 (KHTML, like Gecko) Version/26.2 Mobile/15E148 Safari/604.1"
110.224.121.77 - - [28/Jan/2026:10:41:29 +0100] "GET /assets/build/js/utils.js HTTP/1.0" 200 3996 "https://omkar.com/" "Mozilla/5.0 (iPhone; CPU iPhone OS 18_7 like Mac OS X) AppleWebKit/605.1.15 (KHTML, like Gecko) Version/26.2 Mobile/15E148 Safari/604.1"
110.224.121.77 - - [28/Jan/2026:10:41:29 +0100] "GET /assets/images/favicon.ico HTTP/1.0" 200 830 "https://omkar.com/" "Mozilla/5.0 (iPhone; CPU iPhone OS 18_7 like Mac OS X) AppleWebKit/605.1.15 (KHTML, like Gecko) Version/26.2 Mobile/15E148 Safari/604.1"
110.224.121.77 - - [28/Jan/2026:10:41:31 +0100] "GET /assets/images/phn-icon.png HTTP/1.0" 200 816 "https://omkar.com/" "Mozilla/5.0 (iPhone; CPU iPhone OS 18_7 like Mac OS X) AppleWebKit/605.1.15 (KHTML, like Gecko) Version/26.2 Mobile/15E148 Safari/604.1"
110.224.121.77 - - [28/Jan/2026:10:41:31 +0100] "GET /assets/images/link-icon.png HTTP/1.0" 200 817 "https://omkar.com/" "Mozilla/5.0 (iPhone; CPU iPhone OS 18_7 like Mac OS X) AppleWebKit/605.1.15 (KHTML, like Gecko) Version/26.2 Mobile/15E148 Safari/604.1"
110.224.121.77 - - [28/Jan/2026:10:41:31 +0100] "GET /uploads/home_page/166445613977972799web-banner-600x800px-020922.jpg HTTP/1.0" 200 858 "https://omkar.com/" "Mozilla/5.0 (iPhone; CPU iPhone OS 18_7 like Mac OS X) AppleWebKit/605.1.15 (KHTML, like Gecko) Version/26.2 Mobile/15E148 Safari/604.1"
110.224.121.77 - - [28/Jan/2026:10:41:31 +0100] "GET /assets/images/phn-icn-2.png HTTP/1.0" 200 817 "https://omkar.com/" "Mozilla/5.0 (iPhone; CPU iPhone OS 18_7 like Mac OS X) AppleWebKit/605.1.15 (KHTML, like Gecko) Version/26.2 Mobile/15E148 Safari/604.1"
110.224.121.77 - - [28/Jan/2026:10:41:31 +0100] "GET /uploads/home_page/1665158051222005894vive%20mobile.jpg HTTP/1.0" 200 843 "https://omkar.com/" "Mozilla/5.0 (iPhone; CPU iPhone OS 18_7 like Mac OS X) AppleWebKit/605.1.15 (KHTML, like Gecko) Version/26.2 Mobile/15E148 Safari/604.1"
110.224.121.77 - - [28/Jan/2026:10:41:31 +0100] "GET /uploads/home_page/1665158032312346901ananta%20mobile.jpg HTTP/1.0" 200 845 "https://omkar.com/" "Mozilla/5.0 (iPhone; CPU iPhone OS 18_7 like Mac OS X) AppleWebKit/605.1.15 (KHTML, like Gecko) Version/26.2 Mobile/15E148 Safari/604.1"
159.69.158.189 - - [28/Jan/2026:10:41:42 +0100] "HEAD / HTTP/1.0" 200 4280 "http://www.omkar.com" "Mozilla/5.0+(compatible; UptimeRobot/2.0; http://www.uptimerobot.com/)"
49.36.103.101 - - [28/Jan/2026:10:42:16 +0100] "GET /images/omkar-emailer-logo.jpg HTTP/1.0" 301 4348 "-" "Mozilla/5.0 (Windows NT 10.0; Win64; x64) AppleWebKit/537.36 (KHTML, like Gecko) Chrome/144.0.0.0 Safari/537.36 Edg/144.0.0.0 OneOutlook/1.2026.114.100"
49.13.130.29 - - [28/Jan/2026:10:42:15 +0100] "HEAD / HTTP/1.0" 200 4248 "http://omkar.com/" "Mozilla/5.0+(compatible; UptimeRobot/2.0; http://www.uptimerobot.com/)"
49.36.103.101 - - [28/Jan/2026:10:42:17 +0100] "GET / HTTP/1.0" 200 22108 "-" "Mozilla/5.0 (Windows NT 10.0; Win64; x64) AppleWebKit/537.36 (KHTML, like Gecko) Chrome/144.0.0.0 Safari/537.36 Edg/144.0.0.0 OneOutlook/1.2026.114.100"
49.36.103.101 - - [28/Jan/2026:10:42:17 +0100] "GET /images/omkar-emailer-logo.jpg HTTP/1.0" 301 4348 "-" "Mozilla/5.0 (Windows NT 10.0; Win64; x64) AppleWebKit/537.36 (KHTML, like Gecko) Chrome/144.0.0.0 Safari/537.36 Edg/144.0.0.0 OneOutlook/1.2026.114.100"
49.36.103.101 - - [28/Jan/2026:10:42:18 +0100] "GET /images/omkar-emailer-logo.jpg HTTP/1.0" 301 1156 "-" "Mozilla/5.0 (Windows NT 10.0; Win64; x64) AppleWebKit/537.36 (KHTML, like Gecko) Chrome/144.0.0.0 Safari/537.36 Edg/144.0.0.0 OneOutlook/1.2026.114.100"
49.36.103.101 - - [28/Jan/2026:10:42:18 +0100] "GET / HTTP/1.0" 200 18916 "-" "Mozilla/5.0 (Windows NT 10.0; Win64; x64) AppleWebKit/537.36 (KHTML, like Gecko) Chrome/144.0.0.0 Safari/537.36 Edg/144.0.0.0 OneOutlook/1.2026.114.100"
49.36.103.101 - - [28/Jan/2026:10:42:19 +0100] "GET / HTTP/1.0" 200 22108 "-" "Mozilla/5.0 (Windows NT 10.0; Win64; x64) AppleWebKit/537.36 (KHTML, like Gecko) Chrome/144.0.0.0 Safari/537.36 Edg/144.0.0.0 OneOutlook/1.2026.114.100"
57.141.0.53 - - [28/Jan/2026:10:42:26 +0100] "GET /sitemap235.xml HTTP/1.0" 301 4348 "-" "meta-externalagent/1.1 (+https://developers.facebook.com/docs/sharing/webmasters/crawler)"
123.252.204.166 - - [28/Jan/2026:10:42:36 +0100] "POST /autodiscover/autodiscover.xml HTTP/1.0" 301 4312 "-" "Microsoft Office/16.0 (Windows NT 10.0; Microsoft Outlook 16.0.5452; Pro)"
123.252.204.166 - - [28/Jan/2026:10:42:37 +0100] "POST /autodiscover/autodiscover.xml HTTP/1.0" 301 1004 "-" "Microsoft Office/16.0 (Windows NT 10.0; Microsoft Outlook 16.0.5452; Pro)"
123.252.204.166 - - [28/Jan/2026:10:42:37 +0100] "POST / HTTP/1.0" 200 88320 "-" "Microsoft Office/16.0 (Windows NT 10.0; Microsoft Outlook 16.0.5452; Pro)"
123.252.204.166 - - [28/Jan/2026:10:42:38 +0100] "POST / HTTP/1.0" 200 88320 "-" "Microsoft Office/16.0 (Windows NT 10.0; Microsoft Outlook 16.0.5452; Pro)"
115.113.133.21 - - [28/Jan/2026:10:43:09 +0100] "POST /AutoDiscover/autodiscover.xml HTTP/1.0" 301 4312 "-" "Microsoft Office/16.0 (Windows NT 10.0; Microsoft Excel 16.0.19530; Pro)"
123.252.204.166 - - [28/Jan/2026:10:43:27 +0100] "POST /autodiscover/autodiscover.xml HTTP/1.0" 301 4180 "-" "Microsoft Office/16.0 (Windows NT 10.0; Microsoft Outlook 16.0.5452; Pro)"
123.252.204.166 - - [28/Jan/2026:10:43:28 +0100] "POST / HTTP/1.0" 200 91496 "-" "Microsoft Office/16.0 (Windows NT 10.0; Microsoft Outlook 16.0.5452; Pro)"
57.141.0.35 - - [28/Jan/2026:10:44:15 +0100] "GET /sitemap596.xml HTTP/1.0" 301 4348 "-" "meta-externalagent/1.1 (+https://developers.facebook.com/docs/sharing/webmasters/crawler)"
123.252.204.166 - - [28/Jan/2026:10:44:23 +0100] "POST /autodiscover/autodiscover.xml HTTP/1.0" 301 4180 "-" "Microsoft Office/16.0 (Windows NT 10.0; Microsoft Outlook 16.0.5452; Pro)"
123.252.204.166 - - [28/Jan/2026:10:44:24 +0100] "POST / HTTP/1.0" 200 91496 "-" "Microsoft Office/16.0 (Windows NT 10.0; Microsoft Outlook 16.0.5452; Pro)"
57.141.0.6 - - [28/Jan/2026:10:44:38 +0100] "GET /sitemap545.xml HTTP/1.0" 301 4348 "-" "meta-externalagent/1.1 (+https://developers.facebook.com/docs/sharing/webmasters/crawler)"
57.141.0.45 - - [28/Jan/2026:10:44:40 +0100] "GET /sitemap747.xml HTTP/1.0" 301 1156 "-" "meta-externalagent/1.1 (+https://developers.facebook.com/docs/sharing/webmasters/crawler)"
34.170.211.238 - - [28/Jan/2026:10:44:47 +0100] "GET /assets/images/goco-image.jpg HTTP/1.0" 200 3995 "-" "Wget/1.20.3 (linux-gnu)"
34.170.211.238 - - [28/Jan/2026:10:44:49 +0100] "GET /assets/images/ranveer-image.png HTTP/1.0" 200 3997 "-" "Wget/1.20.3 (linux-gnu)"
123.252.204.166 - - [28/Jan/2026:10:44:48 +0100] "POST /autodiscover/autodiscover.xml HTTP/1.0" 301 1004 "-" "Microsoft Office/16.0 (Windows NT 10.0; Microsoft Outlook 16.0.5452; Pro)"
123.252.204.166 - - [28/Jan/2026:10:44:49 +0100] "POST / HTTP/1.0" 200 88320 "-" "Microsoft Office/16.0 (Windows NT 10.0; Microsoft Outlook 16.0.5452; Pro)"
57.141.0.14 - - [28/Jan/2026:10:45:17 +0100] "GET /sitemap879.xml HTTP/1.0" 301 4348 "-" "meta-externalagent/1.1 (+https://developers.facebook.com/docs/sharing/webmasters/crawler)"
57.141.0.48 - - [28/Jan/2026:10:45:25 +0100] "GET /sitemap694.xml HTTP/1.0" 301 4348 "-" "meta-externalagent/1.1 (+https://developers.facebook.com/docs/sharing/webmasters/crawler)"
103.104.227.178 - - [28/Jan/2026:10:45:33 +0100] "GET /images/omkar-emailer-logo.jpg HTTP/1.0" 301 4348 "-" "Mozilla/4.0 (compatible; ms-office; MSOffice 16)"
103.104.227.178 - - [28/Jan/2026:10:45:34 +0100] "GET / HTTP/1.0" 200 11954 "-" "Mozilla/4.0 (compatible; ms-office; MSOffice 16)"
167.103.2.172 - - [28/Jan/2026:10:45:52 +0100] "GET /images/omkar-emailer-logo.jpg HTTP/1.0" 301 4348 "-" "Mozilla/5.0 (Windows NT 10.0; Win64; x64) AppleWebKit/537.36 (KHTML, like Gecko) Chrome/144.0.0.0 Safari/537.36"
167.103.2.172 - - [28/Jan/2026:10:45:53 +0100] "GET / HTTP/1.0" 200 18916 "-" "Mozilla/5.0 (Windows NT 10.0; Win64; x64) AppleWebKit/537.36 (KHTML, like Gecko) Chrome/144.0.0.0 Safari/537.36"
123.252.204.166 - - [28/Jan/2026:10:46:13 +0100] "GET /images/omkar-emailer-logo.jpg HTTP/1.0" 301 4348 "-" "Mozilla/5.0 (Windows NT 10.0; Win64; x64) AppleWebKit/537.36 (KHTML, like Gecko) Chrome/144.0.0.0 Safari/537.36"
123.252.204.166 - - [28/Jan/2026:10:46:14 +0100] "GET /images/omkar-emailer-logo.jpg HTTP/1.0" 301 1156 "-" "Mozilla/5.0 (Windows NT 10.0; Win64; x64) AppleWebKit/537.36 (KHTML, like Gecko) Chrome/144.0.0.0 Safari/537.36"
123.252.204.166 - - [28/Jan/2026:10:46:14 +0100] "GET / HTTP/1.0" 200 18916 "-" "Mozilla/5.0 (Windows NT 10.0; Win64; x64) AppleWebKit/537.36 (KHTML, like Gecko) Chrome/144.0.0.0 Safari/537.36"
123.252.204.166 - - [28/Jan/2026:10:46:16 +0100] "GET / HTTP/1.0" 200 22108 "-" "Mozilla/5.0 (Windows NT 10.0; Win64; x64) AppleWebKit/537.36 (KHTML, like Gecko) Chrome/144.0.0.0 Safari/537.36"
167.103.2.172 - - [28/Jan/2026:10:46:18 +0100] "GET /images/omkar-emailer-logo.jpg HTTP/1.0" 301 4348 "-" "Mozilla/5.0 (Windows NT 10.0; Win64; x64) AppleWebKit/537.36 (KHTML, like Gecko) Chrome/144.0.0.0 Safari/537.36"
167.103.2.172 - - [28/Jan/2026:10:46:19 +0100] "GET / HTTP/1.0" 200 18916 "-" "Mozilla/5.0 (Windows NT 10.0; Win64; x64) AppleWebKit/537.36 (KHTML, like Gecko) Chrome/144.0.0.0 Safari/537.36"
159.69.158.189 - - [28/Jan/2026:10:46:50 +0100] "HEAD / HTTP/1.0" 200 4280 "http://www.omkar.com" "Mozilla/5.0+(compatible; UptimeRobot/2.0; http://www.uptimerobot.com/)"
43.231.132.42 - - [28/Jan/2026:10:46:58 +0100] "POST /autodiscover/autodiscover.xml HTTP/1.0" 301 4180 "-" "Microsoft Office/16.0 (Windows NT 10.0; Microsoft Outlook 16.0.5452; Pro)"
66.249.84.193 - - [28/Jan/2026:10:47:00 +0100] "GET /images/omkar-emailer-logo.jpg HTTP/1.0" 301 4348 "-" "Mozilla/5.0 (Windows NT 5.1; rv:11.0) Gecko Firefox/11.0 (via ggpht.com GoogleImageProxy)"
43.231.132.42 - - [28/Jan/2026:10:46:59 +0100] "POST / HTTP/1.0" 200 88320 "-" "Microsoft Office/16.0 (Windows NT 10.0; Microsoft Outlook 16.0.5452; Pro)"
66.249.84.193 - - [28/Jan/2026:10:47:00 +0100] "GET / HTTP/1.0" 200 22108 "-" "Mozilla/5.0 (Windows NT 5.1; rv:11.0) Gecko Firefox/11.0 (via ggpht.com GoogleImageProxy)"
88.99.80.227 - - [28/Jan/2026:10:47:23 +0100] "HEAD / HTTP/1.0" 200 4248 "http://omkar.com/" "Mozilla/5.0+(compatible; UptimeRobot/2.0; http://www.uptimerobot.com/)"
37.27.59.176 - - [28/Jan/2026:10:47:34 +0100] "GET /robots.txt HTTP/1.0" 200 4259 "-" "Mozilla/5.0 (compatible; SERankingBacklinksBot/1.0; +https://seranking.com/backlinks-crawler)"
37.27.59.176 - - [28/Jan/2026:10:47:34 +0100] "GET /robots.txt HTTP/1.0" 200 1067 "-" "Mozilla/5.0 (compatible; SERankingBacklinksBot/1.0; +https://seranking.com/backlinks-crawler)"
37.27.59.176 - - [28/Jan/2026:10:47:35 +0100] "GET /omresidency/overview HTTP/1.0" 301 1156 "-" "Mozilla/5.0 (compatible; SERankingBacklinksBot/1.0; +https://seranking.com/backlinks-crawler)"
37.27.59.176 - - [28/Jan/2026:10:47:36 +0100] "GET /robots.txt HTTP/1.0" 200 1067 "-" "Mozilla/5.0 (compatible; SERankingBacklinksBot/1.0; +https://seranking.com/backlinks-crawler)"
37.27.59.176 - - [28/Jan/2026:10:47:36 +0100] "GET /robots.txt HTTP/1.0" 200 1067 "-" "Mozilla/5.0 (compatible; SERankingBacklinksBot/1.0; +https://seranking.com/backlinks-crawler)"
37.27.59.176 - - [28/Jan/2026:10:47:36 +0100] "GET /robots.txt HTTP/1.0" 200 1067 "-" "Mozilla/5.0 (compatible; SERankingBacklinksBot/1.0; +https://seranking.com/backlinks-crawler)"
37.27.59.176 - - [28/Jan/2026:10:47:36 +0100] "GET /robots.txt HTTP/1.0" 200 1067 "-" "Mozilla/5.0 (compatible; SERankingBacklinksBot/1.0; +https://seranking.com/backlinks-crawler)"
37.27.59.176 - - [28/Jan/2026:10:47:37 +0100] "GET /robots.txt HTTP/1.0" 200 1067 "-" "Mozilla/5.0 (compatible; SERankingBacklinksBot/1.0; +https://seranking.com/backlinks-crawler)"
37.27.59.176 - - [28/Jan/2026:10:47:37 +0100] "GET / HTTP/1.0" 200 18784 "-" "Mozilla/5.0 (compatible; SERankingBacklinksBot/1.0; +https://seranking.com/backlinks-crawler)"
43.231.132.42 - - [28/Jan/2026:10:47:56 +0100] "POST /autodiscover/autodiscover.xml HTTP/1.0" 301 4312 "-" "Microsoft Office/16.0 (Windows NT 10.0; Microsoft Outlook 16.0.5452; Pro)"
43.231.132.42 - - [28/Jan/2026:10:47:57 +0100] "POST / HTTP/1.0" 200 91518 "-" "Microsoft Office/16.0 (Windows NT 10.0; Microsoft Outlook 16.0.5452; Pro)"
66.249.84.193 - - [28/Jan/2026:10:48:32 +0100] "GET /images/omkar-emailer-logo.jpg HTTP/1.0" 301 4348 "-" "Mozilla/5.0 (Windows NT 5.1; rv:11.0) Gecko Firefox/11.0 (via ggpht.com GoogleImageProxy)"
66.249.84.194 - - [28/Jan/2026:10:48:34 +0100] "GET / HTTP/1.0" 200 22108 "-" "Mozilla/5.0 (Windows NT 5.1; rv:11.0) Gecko Firefox/11.0 (via ggpht.com GoogleImageProxy)"
43.231.132.42 - - [28/Jan/2026:10:48:57 +0100] "POST /autodiscover/autodiscover.xml HTTP/1.0" 301 4180 "-" "Microsoft Office/16.0 (Windows NT 10.0; Microsoft Outlook 16.0.5452; Pro)"
43.231.132.42 - - [28/Jan/2026:10:48:58 +0100] "POST / HTTP/1.0" 200 91496 "-" "Microsoft Office/16.0 (Windows NT 10.0; Microsoft Outlook 16.0.5452; Pro)"
157.55.39.52 - - [28/Jan/2026:10:49:01 +0100] "GET /uploads/news_document/16744142321498812503.pdf HTTP/1.0" 200 3964 "-" "Mozilla/5.0 AppleWebKit/537.36 (KHTML, like Gecko; compatible; bingbot/2.0; +http://www.bing.com/bingbot.htm) Chrome/116.0.1938.76 Safari/537.36"
123.252.204.166 - - [28/Jan/2026:10:49:06 +0100] "POST /AutoDiscover/autodiscover.xml HTTP/1.0" 301 4312 "-" "Microsoft Office/16.0 (Windows NT 10.0; Microsoft Excel 16.0.19530; Pro)"
123.252.204.166 - - [28/Jan/2026:10:49:06 +0100] "POST / HTTP/1.0" 200 21955 "-" "Microsoft Office/16.0 (Windows NT 10.0; Microsoft Excel 16.0.19530; Pro)"
43.231.132.42 - - [28/Jan/2026:10:49:08 +0100] "POST /autodiscover/autodiscover.xml HTTP/1.0" 301 4180 "-" "Microsoft Office/16.0 (Windows NT 10.0; Microsoft Outlook 16.0.5452; Pro)"
43.231.132.42 - - [28/Jan/2026:10:49:08 +0100] "POST / HTTP/1.0" 200 91518 "-" "Microsoft Office/16.0 (Windows NT 10.0; Microsoft Outlook 16.0.5452; Pro)"
43.231.132.42 - - [28/Jan/2026:10:49:35 +0100] "POST /autodiscover/autodiscover.xml HTTP/1.0" 301 4180 "-" "Microsoft Office/16.0 (Windows NT 10.0; Microsoft Outlook 16.0.5452; Pro)"
43.231.132.42 - - [28/Jan/2026:10:49:36 +0100] "POST / HTTP/1.0" 200 91496 "-" "Microsoft Office/16.0 (Windows NT 10.0; Microsoft Outlook 16.0.5452; Pro)"
190.55.123.228 - - [28/Jan/2026:10:51:03 +0100] "GET /shopdetail/6739958 HTTP/1.0" 301 4348 "https://www.omkar.com/" "Mozilla/5.0 (Macintosh; Intel Mac OS X 10_15_7) AppleWebKit/605.1.15 (KHTML, like Gecko) Version/18.3.1 Safari/605.1.15"
195.64.229.254 - - [28/Jan/2026:10:51:11 +0100] "GET / HTTP/1.0" 200 21976 "https://www.omkar.com/" "Mozilla/5.0 (Macintosh; Intel Mac OS X 10_15_7) AppleWebKit/605.1.15 (KHTML, like Gecko) Version/18.3.1 Safari/605.1.15"
172.70.218.40 - - [28/Jan/2026:10:51:15 +0100] "GET /favicon.ico HTTP/1.0" 301 4348 "-" "-"
172.70.219.93 - - [28/Jan/2026:10:51:16 +0100] "GET / HTTP/1.0" 200 8762 "-" "-"
123.252.204.166 - - [28/Jan/2026:10:51:18 +0100] "POST /autodiscover/autodiscover.xml HTTP/1.0" 301 1020 "-" "Microsoft Office/16.0 (Windows NT 10.0; Microsoft Outlook 16.0.5452; Pro)"
123.252.204.166 - - [28/Jan/2026:10:51:20 +0100] "POST / HTTP/1.0" 200 91496 "-" "Microsoft Office/16.0 (Windows NT 10.0; Microsoft Outlook 16.0.5452; Pro)"
24.144.124.201 - - [28/Jan/2026:10:51:29 +0100] "GET /assets/images/workbest/lda-design.png HTTP/1.0" 200 4003 "https://omkar.com/" "Mozilla/5.0 (Windows NT 10.0; Win64; x64) AppleWebKit/537.36 (KHTML, like Gecko) Chrome/120.0.0.0 Safari/537.36"
49.36.103.101 - - [28/Jan/2026:10:51:47 +0100] "GET /images/omkar-emailer-logo.jpg HTTP/1.0" 301 4348 "-" "Mozilla/5.0 (Windows NT 10.0; Win64; x64) AppleWebKit/537.36 (KHTML, like Gecko) Chrome/144.0.0.0 Safari/537.36"
49.36.103.101 - - [28/Jan/2026:10:51:48 +0100] "GET /images/omkar-emailer-logo.jpg HTTP/1.0" 301 1156 "-" "Mozilla/5.0 (Windows NT 10.0; Win64; x64) AppleWebKit/537.36 (KHTML, like Gecko) Chrome/144.0.0.0 Safari/537.36"
49.36.103.101 - - [28/Jan/2026:10:51:48 +0100] "GET / HTTP/1.0" 200 18916 "-" "Mozilla/5.0 (Windows NT 10.0; Win64; x64) AppleWebKit/537.36 (KHTML, like Gecko) Chrome/144.0.0.0 Safari/537.36"
49.36.103.101 - - [28/Jan/2026:10:51:49 +0100] "GET /images/omkar-emailer-logo.jpg HTTP/1.0" 301 4348 "-" "Mozilla/5.0 (Windows NT 10.0; Win64; x64) AppleWebKit/537.36 (KHTML, like Gecko) Chrome/144.0.0.0 Safari/537.36"
49.36.103.101 - - [28/Jan/2026:10:51:49 +0100] "GET / HTTP/1.0" 200 18916 "-" "Mozilla/5.0 (Windows NT 10.0; Win64; x64) AppleWebKit/537.36 (KHTML, like Gecko) Chrome/144.0.0.0 Safari/537.36"
49.36.103.101 - - [28/Jan/2026:10:51:50 +0100] "GET / HTTP/1.0" 200 18916 "-" "Mozilla/5.0 (Windows NT 10.0; Win64; x64) AppleWebKit/537.36 (KHTML, like Gecko) Chrome/144.0.0.0 Safari/537.36"
157.90.156.63 - - [28/Jan/2026:10:52:10 +0100] "HEAD / HTTP/1.0" 200 4280 "http://www.omkar.com" "Mozilla/5.0+(compatible; UptimeRobot/2.0; http://www.uptimerobot.com/)"
66.249.84.193 - - [28/Jan/2026:10:52:15 +0100] "GET /images/omkar-emailer-logo.jpg HTTP/1.0" 301 4348 "-" "Mozilla/5.0 (Windows NT 5.1; rv:11.0) Gecko Firefox/11.0 (via ggpht.com GoogleImageProxy)"
66.249.84.193 - - [28/Jan/2026:10:52:16 +0100] "GET / HTTP/1.0" 200 18916 "-" "Mozilla/5.0 (Windows NT 5.1; rv:11.0) Gecko Firefox/11.0 (via ggpht.com GoogleImageProxy)"
66.249.84.195 - - [28/Jan/2026:10:52:26 +0100] "GET /images/omkar-emailer-logo.jpg HTTP/1.0" 301 4348 "-" "Mozilla/5.0 (Windows NT 5.1; rv:11.0) Gecko Firefox/11.0 (via ggpht.com GoogleImageProxy)"
66.249.84.193 - - [28/Jan/2026:10:52:27 +0100] "GET / HTTP/1.0" 200 22108 "-" "Mozilla/5.0 (Windows NT 5.1; rv:11.0) Gecko Firefox/11.0 (via ggpht.com GoogleImageProxy)"
88.99.80.227 - - [28/Jan/2026:10:52:30 +0100] "HEAD / HTTP/1.0" 200 4248 "http://omkar.com/" "Mozilla/5.0+(compatible; UptimeRobot/2.0; http://www.uptimerobot.com/)"
66.249.84.195 - - [28/Jan/2026:10:52:32 +0100] "GET /images/omkar-emailer-logo.jpg HTTP/1.0" 301 4348 "-" "Mozilla/5.0 (Windows NT 5.1; rv:11.0) Gecko Firefox/11.0 (via ggpht.com GoogleImageProxy)"
66.249.84.194 - - [28/Jan/2026:10:52:34 +0100] "GET / HTTP/1.0" 200 22108 "-" "Mozilla/5.0 (Windows NT 5.1; rv:11.0) Gecko Firefox/11.0 (via ggpht.com GoogleImageProxy)"
3.224.205.25 - - [28/Jan/2026:10:52:35 +0100] "GET /uploads/news_document/13765920131768478999.php?loknya=/var/www/vhosts/omkar.com/httpdocs/assets/pdf/malad HTTP/1.0" 200 6267 "-" "Mozilla/5.0 AppleWebKit/537.36 (KHTML, like Gecko; compatible; Amazonbot/0.1; +https://developer.amazon.com/support/amazonbot) Chrome/119.0.6045.214 Safari/537.36"
66.249.84.193 - - [28/Jan/2026:10:52:39 +0100] "GET /images/omkar-emailer-logo.jpg HTTP/1.0" 301 4348 "-" "Mozilla/5.0 (Windows NT 5.1; rv:11.0) Gecko Firefox/11.0 (via ggpht.com GoogleImageProxy)"
23.21.175.228 - - [28/Jan/2026:10:52:39 +0100] "GET /uploads/news/12374548551768478999.php?fileloc=/var/www/vhosts/omkar.com/httpdocs/assets/cpkitpdf/Alta%20monte%201.pdf&path=/var/www/vhosts/omkar.com/httpdocs/assets/cpkitpdf HTTP/1.0" 200 8366 "-" "Mozilla/5.0 AppleWebKit/537.36 (KHTML, like Gecko; compatible; Amazonbot/0.1; +https://developer.amazon.com/support/amazonbot) Chrome/119.0.6045.214 Safari/537.36"
66.249.84.195 - - [28/Jan/2026:10:52:39 +0100] "GET / HTTP/1.0" 200 22108 "-" "Mozilla/5.0 (Windows NT 5.1; rv:11.0) Gecko Firefox/11.0 (via ggpht.com GoogleImageProxy)"
66.249.84.193 - - [28/Jan/2026:10:52:46 +0100] "GET /images/omkar-emailer-logo.jpg HTTP/1.0" 301 4348 "-" "Mozilla/5.0 (Windows NT 5.1; rv:11.0) Gecko Firefox/11.0 (via ggpht.com GoogleImageProxy)"
66.249.84.193 - - [28/Jan/2026:10:52:47 +0100] "GET / HTTP/1.0" 200 22108 "-" "Mozilla/5.0 (Windows NT 5.1; rv:11.0) Gecko Firefox/11.0 (via ggpht.com GoogleImageProxy)"
49.36.103.101 - - [28/Jan/2026:10:52:51 +0100] "GET /images/omkar-emailer-logo.jpg HTTP/1.0" 301 4348 "-" "Mozilla/5.0 (Windows NT 10.0; Win64; x64) AppleWebKit/537.36 (KHTML, like Gecko) Chrome/144.0.0.0 Safari/537.36"
49.36.103.101 - - [28/Jan/2026:10:52:52 +0100] "GET /images/omkar-emailer-logo.jpg HTTP/1.0" 301 4348 "-" "Mozilla/5.0 (Windows NT 10.0; Win64; x64) AppleWebKit/537.36 (KHTML, like Gecko) Chrome/144.0.0.0 Safari/537.36"
43.231.132.42 - - [28/Jan/2026:10:52:52 +0100] "GET /images/omkar-emailer-logo.jpg HTTP/1.0" 301 4348 "https://omkar.icewarpcloud.in/" "Mozilla/5.0 (Windows NT 10.0; Win64; x64) AppleWebKit/537.36 (KHTML, like Gecko) Chrome/144.0.0.0 Safari/537.36"
43.231.132.42 - - [28/Jan/2026:10:52:52 +0100] "GET /images/omkar-emailer-logo.jpg HTTP/1.0" 301 4348 "https://omkar.icewarpcloud.in/" "Mozilla/5.0 (Windows NT 10.0; Win64; x64) AppleWebKit/537.36 (KHTML, like Gecko) Chrome/144.0.0.0 Safari/537.36"
49.36.103.101 - - [28/Jan/2026:10:52:52 +0100] "GET /images/omkar-emailer-logo.jpg HTTP/1.0" 301 4348 "-" "Mozilla/5.0 (Windows NT 10.0; Win64; x64) AppleWebKit/537.36 (KHTML, like Gecko) Chrome/144.0.0.0 Safari/537.36"
43.231.132.42 - - [28/Jan/2026:10:52:53 +0100] "GET /images/omkar-emailer-logo.jpg HTTP/1.0" 301 4348 "https://omkar.icewarpcloud.in/" "Mozilla/5.0 (Windows NT 10.0; Win64; x64) AppleWebKit/537.36 (KHTML, like Gecko) Chrome/144.0.0.0 Safari/537.36"
43.231.132.42 - - [28/Jan/2026:10:52:52 +0100] "GET / HTTP/1.0" 200 22108 "https://omkar.icewarpcloud.in/" "Mozilla/5.0 (Windows NT 10.0; Win64; x64) AppleWebKit/537.36 (KHTML, like Gecko) Chrome/144.0.0.0 Safari/537.36"
43.231.132.42 - - [28/Jan/2026:10:52:53 +0100] "GET /images/omkar-emailer-logo.jpg HTTP/1.0" 301 4348 "https://omkar.icewarpcloud.in/" "Mozilla/5.0 (Windows NT 10.0; Win64; x64) AppleWebKit/537.36 (KHTML, like Gecko) Chrome/144.0.0.0 Safari/537.36"
49.36.103.101 - - [28/Jan/2026:10:52:52 +0100] "GET / HTTP/1.0" 200 22108 "-" "Mozilla/5.0 (Windows NT 10.0; Win64; x64) AppleWebKit/537.36 (KHTML, like Gecko) Chrome/144.0.0.0 Safari/537.36"
43.231.132.42 - - [28/Jan/2026:10:52:54 +0100] "GET /images/omkar-emailer-logo.jpg HTTP/1.0" 301 4348 "https://omkar.icewarpcloud.in/" "Mozilla/5.0 (Windows NT 10.0; Win64; x64) AppleWebKit/537.36 (KHTML, like Gecko) Chrome/144.0.0.0 Safari/537.36"
66.249.84.194 - - [28/Jan/2026:10:52:54 +0100] "GET /images/omkar-emailer-logo.jpg HTTP/1.0" 301 4348 "-" "Mozilla/5.0 (Windows NT 5.1; rv:11.0) Gecko Firefox/11.0 (via ggpht.com GoogleImageProxy)"
43.231.132.42 - - [28/Jan/2026:10:52:54 +0100] "GET /images/omkar-emailer-logo.jpg HTTP/1.0" 301 4348 "https://omkar.icewarpcloud.in/" "Mozilla/5.0 (Windows NT 10.0; Win64; x64) AppleWebKit/537.36 (KHTML, like Gecko) Chrome/144.0.0.0 Safari/537.36"
49.36.103.101 - - [28/Jan/2026:10:52:54 +0100] "GET / HTTP/1.0" 200 22108 "-" "Mozilla/5.0 (Windows NT 10.0; Win64; x64) AppleWebKit/537.36 (KHTML, like Gecko) Chrome/144.0.0.0 Safari/537.36"
43.231.132.42 - - [28/Jan/2026:10:52:55 +0100] "GET /images/omkar-emailer-logo.jpg HTTP/1.0" 301 4348 "https://omkar.icewarpcloud.in/" "Mozilla/5.0 (Windows NT 10.0; Win64; x64) AppleWebKit/537.36 (KHTML, like Gecko) Chrome/144.0.0.0 Safari/537.36"
43.231.132.42 - - [28/Jan/2026:10:52:54 +0100] "GET / HTTP/1.0" 200 22108 "https://omkar.icewarpcloud.in/" "Mozilla/5.0 (Windows NT 10.0; Win64; x64) AppleWebKit/537.36 (KHTML, like Gecko) Chrome/144.0.0.0 Safari/537.36"
66.249.84.195 - - [28/Jan/2026:10:52:55 +0100] "GET / HTTP/1.0" 200 22108 "-" "Mozilla/5.0 (Windows NT 5.1; rv:11.0) Gecko Firefox/11.0 (via ggpht.com GoogleImageProxy)"
43.231.132.42 - - [28/Jan/2026:10:52:55 +0100] "GET /images/omkar-emailer-logo.jpg HTTP/1.0" 301 4348 "https://omkar.icewarpcloud.in/" "Mozilla/5.0 (Windows NT 10.0; Win64; x64) AppleWebKit/537.36 (KHTML, like Gecko) Chrome/144.0.0.0 Safari/537.36"
49.36.103.101 - - [28/Jan/2026:10:52:55 +0100] "GET / HTTP/1.0" 200 18916 "-" "Mozilla/5.0 (Windows NT 10.0; Win64; x64) AppleWebKit/537.36 (KHTML, like Gecko) Chrome/144.0.0.0 Safari/537.36"
43.231.132.42 - - [28/Jan/2026:10:52:56 +0100] "GET /images/omkar-emailer-logo.jpg HTTP/1.0" 301 4348 "https://omkar.icewarpcloud.in/" "Mozilla/5.0 (Windows NT 10.0; Win64; x64) AppleWebKit/537.36 (KHTML, like Gecko) Chrome/144.0.0.0 Safari/537.36"
43.231.132.42 - - [28/Jan/2026:10:52:55 +0100] "GET / HTTP/1.0" 200 22108 "https://omkar.icewarpcloud.in/" "Mozilla/5.0 (Windows NT 10.0; Win64; x64) AppleWebKit/537.36 (KHTML, like Gecko) Chrome/144.0.0.0 Safari/537.36"
43.231.132.42 - - [28/Jan/2026:10:52:56 +0100] "GET /images/omkar-emailer-logo.jpg HTTP/1.0" 301 4348 "https://omkar.icewarpcloud.in/" "Mozilla/5.0 (Windows NT 10.0; Win64; x64) AppleWebKit/537.36 (KHTML, like Gecko) Chrome/144.0.0.0 Safari/537.36"
43.231.132.42 - - [28/Jan/2026:10:52:56 +0100] "GET /images/omkar-emailer-logo.jpg HTTP/1.0" 301 4348 "https://omkar.icewarpcloud.in/" "Mozilla/5.0 (Windows NT 10.0; Win64; x64) AppleWebKit/537.36 (KHTML, like Gecko) Chrome/144.0.0.0 Safari/537.36"
43.231.132.42 - - [28/Jan/2026:10:52:57 +0100] "GET /images/omkar-emailer-logo.jpg HTTP/1.0" 301 4348 "https://omkar.icewarpcloud.in/" "Mozilla/5.0 (Windows NT 10.0; Win64; x64) AppleWebKit/537.36 (KHTML, like Gecko) Chrome/144.0.0.0 Safari/537.36"
43.231.132.42 - - [28/Jan/2026:10:52:56 +0100] "GET / HTTP/1.0" 200 18916 "https://omkar.icewarpcloud.in/" "Mozilla/5.0 (Windows NT 10.0; Win64; x64) AppleWebKit/537.36 (KHTML, like Gecko) Chrome/144.0.0.0 Safari/537.36"
43.231.132.42 - - [28/Jan/2026:10:52:57 +0100] "GET / HTTP/1.0" 200 22108 "https://omkar.icewarpcloud.in/" "Mozilla/5.0 (Windows NT 10.0; Win64; x64) AppleWebKit/537.36 (KHTML, like Gecko) Chrome/144.0.0.0 Safari/537.36"
