31.145.120.62 - - [28/Jan/2026:09:38:47 +0100] "GET /uploads/testimonials/1499695734576469583Ankush-Suresh-Kamble_Manager-Propery-Affairs.png HTTP/1.0" 200 894 "https://www.omkar.com/career" "Mozilla/5.0 (Macintosh; Intel Mac OS X 10_15_3) AppleWebKit/537.36 (KHTML, like Gecko) Chrome/80.0.3987.132 Safari/537.36"
31.145.120.62 - - [28/Jan/2026:09:38:47 +0100] "GET /assets/images/testimonial/OmkarShetty.jpg HTTP/1.0" 200 848 "https://www.omkar.com/career" "Mozilla/5.0 (Macintosh; Intel Mac OS X 10_15_3) AppleWebKit/537.36 (KHTML, like Gecko) Chrome/80.0.3987.132 Safari/537.36"
31.145.120.62 - - [28/Jan/2026:09:38:47 +0100] "GET /assets/images/testimonial/UmeshJandial.jpg HTTP/1.0" 200 849 "https://www.omkar.com/career" "Mozilla/5.0 (Macintosh; Intel Mac OS X 10_15_3) AppleWebKit/537.36 (KHTML, like Gecko) Chrome/80.0.3987.132 Safari/537.36"
31.145.120.62 - - [28/Jan/2026:09:38:47 +0100] "GET /assets/images/testimonial/MadanMistry.jpg HTTP/1.0" 200 848 "https://www.omkar.com/career" "Mozilla/5.0 (Macintosh; Intel Mac OS X 10_15_3) AppleWebKit/537.36 (KHTML, like Gecko) Chrome/80.0.3987.132 Safari/537.36"
31.145.120.62 - - [28/Jan/2026:09:38:47 +0100] "GET /assets/images/testimonial/SumanthKumar.jpg HTTP/1.0" 200 849 "https://www.omkar.com/career" "Mozilla/5.0 (Macintosh; Intel Mac OS X 10_15_3) AppleWebKit/537.36 (KHTML, like Gecko) Chrome/80.0.3987.132 Safari/537.36"
31.145.120.62 - - [28/Jan/2026:09:38:47 +0100] "GET /assets/images/testimonial/SantoshGarud.jpg HTTP/1.0" 200 849 "https://www.omkar.com/career" "Mozilla/5.0 (Macintosh; Intel Mac OS X 10_15_3) AppleWebKit/537.36 (KHTML, like Gecko) Chrome/80.0.3987.132 Safari/537.36"
31.145.120.62 - - [28/Jan/2026:09:38:47 +0100] "GET /assets/images/careers-bg.png HTTP/1.0" 200 834 "https://www.omkar.com/career" "Mozilla/5.0 (Macintosh; Intel Mac OS X 10_15_3) AppleWebKit/537.36 (KHTML, like Gecko) Chrome/80.0.3987.132 Safari/537.36"
31.145.120.62 - - [28/Jan/2026:09:38:47 +0100] "GET /assets/css/career.css HTTP/1.0" 200 826 "https://www.omkar.com/career" "Mozilla/5.0 (Macintosh; Intel Mac OS X 10_15_3) AppleWebKit/537.36 (KHTML, like Gecko) Chrome/80.0.3987.132 Safari/537.36"
31.145.120.62 - - [28/Jan/2026:09:38:47 +0100] "GET /home/generateCaptcha?id=2 HTTP/1.0" 200 8673 "https://www.omkar.com/career" "Mozilla/5.0 (Macintosh; Intel Mac OS X 10_15_3) AppleWebKit/537.36 (KHTML, like Gecko) Chrome/80.0.3987.132 Safari/537.36"
216.244.66.197 - - [28/Jan/2026:09:38:49 +0100] "GET /uploads/news_document/17400996071661204561.php?path=/home/omkar/tmp/pma_template_compiles_omkar HTTP/1.0" 301 4312 "-" "Mozilla/5.0 (compatible; DotBot/1.2; +https://opensiteexplorer.org/dotbot; help@moz.com)"
31.145.120.62 - - [28/Jan/2026:09:38:49 +0100] "GET /assets/css/images/play-icon.png HTTP/1.0" 301 4216 "https://www.omkar.com/assets/css/career.css" "Mozilla/5.0 (Macintosh; Intel Mac OS X 10_15_3) AppleWebKit/537.36 (KHTML, like Gecko) Chrome/80.0.3987.132 Safari/537.36"
31.145.120.62 - - [28/Jan/2026:09:38:51 +0100] "GET / HTTP/1.0" 200 21976 "https://www.omkar.com/assets/css/career.css" "Mozilla/5.0 (Macintosh; Intel Mac OS X 10_15_3) AppleWebKit/537.36 (KHTML, like Gecko) Chrome/80.0.3987.132 Safari/537.36"
31.145.120.62 - - [28/Jan/2026:09:38:58 +0100] "GET /notices HTTP/1.0" 200 50601 "-" "-"
31.145.120.62 - - [28/Jan/2026:09:38:59 +0100] "GET /notices HTTP/1.0" 200 15217 "-" "Mozilla/5.0 (Macintosh; Intel Mac OS X 10_15_3) AppleWebKit/537.36 (KHTML, like Gecko) Chrome/80.0.3987.132 Safari/537.36"
31.145.120.62 - - [28/Jan/2026:09:39:01 +0100] "GET /home/generateCaptcha?id=2 HTTP/1.0" 200 9834 "https://www.omkar.com/notices" "Mozilla/5.0 (Macintosh; Intel Mac OS X 10_15_3) AppleWebKit/537.36 (KHTML, like Gecko) Chrome/80.0.3987.132 Safari/537.36"
43.231.132.42 - - [28/Jan/2026:09:39:05 +0100] "POST /autodiscover/autodiscover.xml HTTP/1.0" 301 4312 "-" "Microsoft Office/16.0 (Windows NT 10.0; Microsoft Outlook 16.0.5452; Pro)"
31.145.120.62 - - [28/Jan/2026:09:39:04 +0100] "GET /annual-report HTTP/1.0" 200 48588 "-" "-"
31.145.120.62 - - [28/Jan/2026:09:39:05 +0100] "GET /annual-report HTTP/1.0" 200 14840 "-" "Mozilla/5.0 (Macintosh; Intel Mac OS X 10_15_3) AppleWebKit/537.36 (KHTML, like Gecko) Chrome/80.0.3987.132 Safari/537.36"
43.231.132.42 - - [28/Jan/2026:09:39:06 +0100] "POST / HTTP/1.0" 200 91496 "-" "Microsoft Office/16.0 (Windows NT 10.0; Microsoft Outlook 16.0.5452; Pro)"
31.145.120.62 - - [28/Jan/2026:09:39:07 +0100] "GET /home/generateCaptcha?id=2 HTTP/1.0" 200 9408 "https://www.omkar.com/annual-report" "Mozilla/5.0 (Macintosh; Intel Mac OS X 10_15_3) AppleWebKit/537.36 (KHTML, like Gecko) Chrome/80.0.3987.132 Safari/537.36"
31.145.120.62 - - [28/Jan/2026:09:39:10 +0100] "GET /compliance-report HTTP/1.0" 200 50142 "-" "-"
31.145.120.62 - - [28/Jan/2026:09:39:12 +0100] "GET /compliance-report HTTP/1.0" 200 15055 "-" "Mozilla/5.0 (Macintosh; Intel Mac OS X 10_15_3) AppleWebKit/537.36 (KHTML, like Gecko) Chrome/80.0.3987.132 Safari/537.36"
31.145.120.62 - - [28/Jan/2026:09:39:13 +0100] "GET /home/generateCaptcha?id=2 HTTP/1.0" 200 9407 "https://www.omkar.com/compliance-report" "Mozilla/5.0 (Macintosh; Intel Mac OS X 10_15_3) AppleWebKit/537.36 (KHTML, like Gecko) Chrome/80.0.3987.132 Safari/537.36"
31.145.120.62 - - [28/Jan/2026:09:39:17 +0100] "GET /blogs HTTP/1.0" 301 4348 "-" "-"
31.145.120.62 - - [28/Jan/2026:09:39:18 +0100] "GET / HTTP/1.0" 200 92467 "-" "-"
31.145.120.62 - - [28/Jan/2026:09:39:19 +0100] "GET /blogs HTTP/1.0" 301 4216 "-" "Mozilla/5.0 (Macintosh; Intel Mac OS X 10_15_3) AppleWebKit/537.36 (KHTML, like Gecko) Chrome/80.0.3987.132 Safari/537.36"
31.145.120.62 - - [28/Jan/2026:09:39:19 +0100] "GET / HTTP/1.0" 200 21976 "-" "Mozilla/5.0 (Macintosh; Intel Mac OS X 10_15_3) AppleWebKit/537.36 (KHTML, like Gecko) Chrome/80.0.3987.132 Safari/537.36"
31.145.120.62 - - [28/Jan/2026:09:39:21 +0100] "GET /home/generateCaptcha?id=2 HTTP/1.0" 200 9334 "https://www.omkar.com/" "Mozilla/5.0 (Macintosh; Intel Mac OS X 10_15_3) AppleWebKit/537.36 (KHTML, like Gecko) Chrome/80.0.3987.132 Safari/537.36"
31.145.120.62 - - [28/Jan/2026:09:39:25 +0100] "GET /ongoing-commercial-projects-mumbai/tsbb-andheri-east HTTP/1.0" 200 73851 "-" "-"
31.145.120.62 - - [28/Jan/2026:09:39:27 +0100] "GET /ongoing-commercial-projects-mumbai/tsbb-andheri-east HTTP/1.0" 200 21194 "-" "Mozilla/5.0 (Macintosh; Intel Mac OS X 10_15_3) AppleWebKit/537.36 (KHTML, like Gecko) Chrome/80.0.3987.132 Safari/537.36"
45.74.1.249 - - [28/Jan/2026:09:39:27 +0100] "POST /owa/auth.owa HTTP/1.0" 301 4312 "https://omkar.com/owa/auth/logon.aspx?replaceCurrent=1&url=https%3a%2f%2fomkar.com%2fowa%2f" "Mozilla/5.0 (Windows NT 10.0; Win64; x64) AppleWebKit/537.36 (KHTML, like Gecko) Chrome/96.0.4664.110 Safari/537.36"
31.145.120.62 - - [28/Jan/2026:09:39:28 +0100] "GET /home/generateCaptcha?id=2 HTTP/1.0" 200 9201 "https://www.omkar.com/ongoing-commercial-projects-mumbai/tsbb-andheri-east" "Mozilla/5.0 (Macintosh; Intel Mac OS X 10_15_3) AppleWebKit/537.36 (KHTML, like Gecko) Chrome/80.0.3987.132 Safari/537.36"
31.145.120.62 - - [28/Jan/2026:09:39:28 +0100] "GET /uploads/news/16734340651499763895.png HTTP/1.0" 301 1024 "https://www.omkar.com/ongoing-commercial-projects-mumbai/tsbb-andheri-east" "Mozilla/5.0 (Macintosh; Intel Mac OS X 10_15_3) AppleWebKit/537.36 (KHTML, like Gecko) Chrome/80.0.3987.132 Safari/537.36"
31.145.120.62 - - [28/Jan/2026:09:39:30 +0100] "GET / HTTP/1.0" 200 21976 "https://www.omkar.com/ongoing-commercial-projects-mumbai/tsbb-andheri-east" "Mozilla/5.0 (Macintosh; Intel Mac OS X 10_15_3) AppleWebKit/537.36 (KHTML, like Gecko) Chrome/80.0.3987.132 Safari/537.36"
31.145.120.62 - - [28/Jan/2026:09:39:37 +0100] "GET /whatsapp_api.php HTTP/1.0" 301 4348 "-" "-"
31.145.120.62 - - [28/Jan/2026:09:39:39 +0100] "GET / HTTP/1.0" 200 92467 "-" "-"
43.231.132.42 - - [28/Jan/2026:09:39:40 +0100] "POST /autodiscover/autodiscover.xml HTTP/1.0" 301 4180 "-" "Microsoft Office/16.0 (Windows NT 10.0; Microsoft Outlook 16.0.5452; Pro)"
31.145.120.62 - - [28/Jan/2026:09:39:40 +0100] "GET /whatsapp_api.php HTTP/1.0" 301 4216 "-" "Mozilla/5.0 (Macintosh; Intel Mac OS X 10_15_3) AppleWebKit/537.36 (KHTML, like Gecko) Chrome/80.0.3987.132 Safari/537.36"
31.145.120.62 - - [28/Jan/2026:09:39:41 +0100] "GET / HTTP/1.0" 200 21976 "-" "Mozilla/5.0 (Macintosh; Intel Mac OS X 10_15_3) AppleWebKit/537.36 (KHTML, like Gecko) Chrome/80.0.3987.132 Safari/537.36"
43.231.132.42 - - [28/Jan/2026:09:39:41 +0100] "POST / HTTP/1.0" 200 91496 "-" "Microsoft Office/16.0 (Windows NT 10.0; Microsoft Outlook 16.0.5452; Pro)"
123.252.204.166 - - [28/Jan/2026:09:39:41 +0100] "POST /autodiscover/autodiscover.xml HTTP/1.0" 301 4180 "-" "Microsoft Office/16.0 (Windows NT 10.0; Microsoft Outlook 16.0.5452; Pro)"
31.145.120.62 - - [28/Jan/2026:09:39:43 +0100] "GET /home/generateCaptcha?id=2 HTTP/1.0" 200 9361 "https://www.omkar.com/" "Mozilla/5.0 (Macintosh; Intel Mac OS X 10_15_3) AppleWebKit/537.36 (KHTML, like Gecko) Chrome/80.0.3987.132 Safari/537.36"
43.231.132.42 - - [28/Jan/2026:09:39:42 +0100] "POST / HTTP/1.0" 200 91496 "-" "Microsoft Office/16.0 (Windows NT 10.0; Microsoft Outlook 16.0.5452; Pro)"
31.145.120.62 - - [28/Jan/2026:09:39:47 +0100] "GET /assets/images/Infographics_BKC.pdf HTTP/1.0" 200 4038 "-" "-"
31.145.120.62 - - [28/Jan/2026:09:39:48 +0100] "GET /assets/images/Infographics_BKC.pdf HTTP/1.0" 200 4038 "-" "-"
52.28.162.93 - - [28/Jan/2026:09:39:48 +0100] "HEAD / HTTP/1.0" 200 4280 "http://www.omkar.com" "Mozilla/5.0+(compatible; UptimeRobot/2.0; http://www.uptimerobot.com/)"
216.244.66.197 - - [28/Jan/2026:09:39:52 +0100] "GET /uploads/news_document/17400996071661204561.php?path=/home/omkar/mail/.webadmin@omkar_com/.spam/cur HTTP/1.0" 301 4312 "-" "Mozilla/5.0 (compatible; DotBot/1.2; +https://opensiteexplorer.org/dotbot; help@moz.com)"
31.145.120.62 - - [28/Jan/2026:09:39:51 +0100] "GET /ongoing-commercial-projects-mumbai/tsbb-andheri-east HTTP/1.0" 200 73851 "-" "-"
31.145.120.62 - - [28/Jan/2026:09:39:53 +0100] "GET /ongoing-commercial-projects-mumbai/tsbb-andheri-east HTTP/1.0" 200 21194 "-" "Mozilla/5.0 (Macintosh; Intel Mac OS X 10_15_3) AppleWebKit/537.36 (KHTML, like Gecko) Chrome/80.0.3987.132 Safari/537.36"
31.145.120.62 - - [28/Jan/2026:09:39:56 +0100] "GET /uploads/news/16734340651499763895.png HTTP/1.0" 301 1024 "https://www.omkar.com/ongoing-commercial-projects-mumbai/tsbb-andheri-east" "Mozilla/5.0 (Macintosh; Intel Mac OS X 10_15_3) AppleWebKit/537.36 (KHTML, like Gecko) Chrome/80.0.3987.132 Safari/537.36"
31.145.120.62 - - [28/Jan/2026:09:39:57 +0100] "GET /assets/images/UpArrow.png HTTP/1.0" 200 4023 "https://www.omkar.com/assets/css/omkarStyle.css" "Mozilla/5.0 (Macintosh; Intel Mac OS X 10_15_3) AppleWebKit/537.36 (KHTML, like Gecko) Chrome/80.0.3987.132 Safari/537.36"
31.145.120.62 - - [28/Jan/2026:09:39:56 +0100] "GET /home/generateCaptcha?id=2 HTTP/1.0" 200 9223 "https://www.omkar.com/ongoing-commercial-projects-mumbai/tsbb-andheri-east" "Mozilla/5.0 (Macintosh; Intel Mac OS X 10_15_3) AppleWebKit/537.36 (KHTML, like Gecko) Chrome/80.0.3987.132 Safari/537.36"
31.145.120.62 - - [28/Jan/2026:09:39:57 +0100] "GET / HTTP/1.0" 200 21976 "https://www.omkar.com/ongoing-commercial-projects-mumbai/tsbb-andheri-east" "Mozilla/5.0 (Macintosh; Intel Mac OS X 10_15_3) AppleWebKit/537.36 (KHTML, like Gecko) Chrome/80.0.3987.132 Safari/537.36"
216.244.66.197 - - [28/Jan/2026:09:39:59 +0100] "GET /uploads/news_document/17400996071661204561.php?path=/home/omkar/public_html/amp/new-sereno/img/indoor HTTP/1.0" 301 4312 "-" "Mozilla/5.0 (compatible; DotBot/1.2; +https://opensiteexplorer.org/dotbot; help@moz.com)"
31.145.120.62 - - [28/Jan/2026:09:40:00 +0100] "GET /ongoing-commercial-projects-mumbai/tsbb-andheri-east HTTP/1.0" 200 73851 "-" "-"
216.244.66.197 - - [28/Jan/2026:09:40:05 +0100] "GET /uploads/news_document/17400996071661204561.php?path=/home/omkar/public_html/blogs/core/config/schema HTTP/1.0" 301 4312 "-" "Mozilla/5.0 (compatible; DotBot/1.2; +https://opensiteexplorer.org/dotbot; help@moz.com)"
31.145.120.62 - - [28/Jan/2026:09:40:05 +0100] "GET /ongoing-commercial-projects-mumbai/tsbb-andheri-east HTTP/1.0" 200 73851 "-" "-"
31.145.120.62 - - [28/Jan/2026:09:40:09 +0100] "GET /ongoing-commercial-projects-mumbai/tsbb-andheri-east HTTP/1.0" 200 73851 "-" "-"
31.145.120.62 - - [28/Jan/2026:09:40:11 +0100] "GET /ongoing-commercial-projects-mumbai/tsbb-andheri-east HTTP/1.0" 200 73851 "-" "-"
31.145.120.62 - - [28/Jan/2026:09:40:14 +0100] "GET /ongoing-commercial-projects-mumbai/tsbb-andheri-east HTTP/1.0" 200 73851 "-" "-"
216.244.66.197 - - [28/Jan/2026:09:40:15 +0100] "GET /uploads/news_document/17400996071661204561.php?path=/home/omkar/www/blogs/core/modules/node/src/Form HTTP/1.0" 301 4312 "-" "Mozilla/5.0 (compatible; DotBot/1.2; +https://opensiteexplorer.org/dotbot; help@moz.com)"
74.7.228.2 - - [28/Jan/2026:09:40:17 +0100] "GET /robots.txt HTTP/1.0" 200 4259 "-" "Mozilla/5.0 (Macintosh; Intel Mac OS X 10_15_7) AppleWebKit/537.36 (KHTML, like Gecko) Chrome/131.0.0.0 Safari/537.36; compatible; OAI-SearchBot/1.3; robots.txt; +https://openai.com/searchbot"
31.145.120.62 - - [28/Jan/2026:09:40:16 +0100] "GET /ongoing-commercial-projects-mumbai/tsbb-andheri-east HTTP/1.0" 200 21194 "-" "Mozilla/5.0 (Macintosh; Intel Mac OS X 10_15_3) AppleWebKit/537.36 (KHTML, like Gecko) Chrome/80.0.3987.132 Safari/537.36"
31.145.120.62 - - [28/Jan/2026:09:40:17 +0100] "GET /home/generateCaptcha?id=2 HTTP/1.0" 200 9345 "https://www.omkar.com/ongoing-commercial-projects-mumbai/tsbb-andheri-east" "Mozilla/5.0 (Macintosh; Intel Mac OS X 10_15_3) AppleWebKit/537.36 (KHTML, like Gecko) Chrome/80.0.3987.132 Safari/537.36"
31.145.120.62 - - [28/Jan/2026:09:40:17 +0100] "GET /uploads/news/16734340651499763895.png HTTP/1.0" 301 1024 "https://www.omkar.com/ongoing-commercial-projects-mumbai/tsbb-andheri-east" "Mozilla/5.0 (Macintosh; Intel Mac OS X 10_15_3) AppleWebKit/537.36 (KHTML, like Gecko) Chrome/80.0.3987.132 Safari/537.36"
31.145.120.62 - - [28/Jan/2026:09:40:19 +0100] "GET / HTTP/1.0" 200 21976 "https://www.omkar.com/ongoing-commercial-projects-mumbai/tsbb-andheri-east" "Mozilla/5.0 (Macintosh; Intel Mac OS X 10_15_3) AppleWebKit/537.36 (KHTML, like Gecko) Chrome/80.0.3987.132 Safari/537.36"
31.145.120.62 - - [28/Jan/2026:09:40:22 +0100] "GET /uploads/news_document/4889431101499763561.pdf HTTP/1.0" 200 4049 "-" "-"
31.145.120.62 - - [28/Jan/2026:09:40:23 +0100] "GET /uploads/news_document/4889431101499763561.pdf HTTP/1.0" 200 4049 "-" "-"
216.244.66.197 - - [28/Jan/2026:09:40:25 +0100] "GET /uploads/news_document/17400996071661204561.php?path=/home/omkar/www/blogs/core/modules/tracker/js HTTP/1.0" 301 4312 "-" "Mozilla/5.0 (compatible; DotBot/1.2; +https://opensiteexplorer.org/dotbot; help@moz.com)"
216.244.66.197 - - [28/Jan/2026:09:40:34 +0100] "GET /uploads/news_document/17400996071661204561.php?path=/home/omkar/www/blogs/sites/default/files/2018-06 HTTP/1.0" 301 4312 "-" "Mozilla/5.0 (compatible; DotBot/1.2; +https://opensiteexplorer.org/dotbot; help@moz.com)"
216.244.66.197 - - [28/Jan/2026:09:40:42 +0100] "GET /uploads/news_document/17400996071661204561.php?path=/home/omkar/www/csr/assets/admin/plugins/pace HTTP/1.0" 301 4312 "-" "Mozilla/5.0 (compatible; DotBot/1.2; +https://opensiteexplorer.org/dotbot; help@moz.com)"
52.59.43.236 - - [28/Jan/2026:09:40:43 +0100] "HEAD / HTTP/1.0" 200 4248 "http://omkar.com/" "Mozilla/5.0+(compatible; UptimeRobot/2.0; http://www.uptimerobot.com/)"
216.244.66.197 - - [28/Jan/2026:09:40:50 +0100] "GET /uploads/news_document/17400996071661204561.php?path=/home/omkar/public_html/blogs/core/modules/block/js HTTP/1.0" 301 4312 "-" "Mozilla/5.0 (compatible; DotBot/1.2; +https://opensiteexplorer.org/dotbot; help@moz.com)"
43.231.132.42 - - [28/Jan/2026:09:40:52 +0100] "POST /autodiscover/autodiscover.xml HTTP/1.0" 301 4180 "-" "Microsoft Office/16.0 (Windows NT 10.0; Microsoft Outlook 16.0.5452; Pro)"
43.231.132.42 - - [28/Jan/2026:09:40:53 +0100] "POST / HTTP/1.0" 200 91496 "-" "Microsoft Office/16.0 (Windows NT 10.0; Microsoft Outlook 16.0.5452; Pro)"
216.244.66.197 - - [28/Jan/2026:09:40:58 +0100] "GET /uploads/news_document/17400996071661204561.php?path=/home/omkar/public_html/blogs/core/modules/image/css HTTP/1.0" 301 4312 "-" "Mozilla/5.0 (compatible; DotBot/1.2; +https://opensiteexplorer.org/dotbot; help@moz.com)"
216.244.66.197 - - [28/Jan/2026:09:41:04 +0100] "GET /uploads/news_document/17400996071661204561.php?path=/home/omkar/public_html/csr/assets/admin/plugins/knob HTTP/1.0" 301 4312 "-" "Mozilla/5.0 (compatible; DotBot/1.2; +https://opensiteexplorer.org/dotbot; help@moz.com)"
216.244.66.197 - - [28/Jan/2026:09:41:11 +0100] "GET /uploads/news_document/17400996071661204561.php?path=/home/omkar/tmp/pma_template_compiles_omkar/twig/d7 HTTP/1.0" 301 4312 "-" "Mozilla/5.0 (compatible; DotBot/1.2; +https://opensiteexplorer.org/dotbot; help@moz.com)"
216.244.66.197 - - [28/Jan/2026:09:41:22 +0100] "GET /uploads/news_document/17400996071661204561.php?path=/home/omkar/www/application/views/admin/vendor_enquiry HTTP/1.0" 301 4312 "-" "Mozilla/5.0 (compatible; DotBot/1.2; +https://opensiteexplorer.org/dotbot; help@moz.com)"
216.244.66.197 - - [28/Jan/2026:09:41:31 +0100] "GET /uploads/news_document/17400996071661204561.php?path=/home/omkar/www/blogs/core/assets/vendor/farbtastic HTTP/1.0" 301 4312 "-" "Mozilla/5.0 (compatible; DotBot/1.2; +https://opensiteexplorer.org/dotbot; help@moz.com)"
216.244.66.197 - - [28/Jan/2026:09:41:39 +0100] "GET /uploads/news_document/17400996071661204561.php?path=/home/omkar/www/blogs/vendor/paragonie/random_compat/lib HTTP/1.0" 301 4312 "-" "Mozilla/5.0 (compatible; DotBot/1.2; +https://opensiteexplorer.org/dotbot; help@moz.com)"
216.244.66.197 - - [28/Jan/2026:09:41:46 +0100] "GET /uploads/news_document/17400996071661204561.php?path=/home/omkar/www/assets/build/src HTTP/1.0" 301 4348 "-" "Mozilla/5.0 (compatible; DotBot/1.2; +https://opensiteexplorer.org/dotbot; help@moz.com)"
43.231.132.42 - - [28/Jan/2026:09:41:50 +0100] "POST /autodiscover/autodiscover.xml HTTP/1.0" 301 4180 "-" "Microsoft Office/16.0 (Windows NT 10.0; Microsoft Outlook 16.0.5452; Pro)"
43.231.132.42 - - [28/Jan/2026:09:41:50 +0100] "POST / HTTP/1.0" 200 91496 "-" "Microsoft Office/16.0 (Windows NT 10.0; Microsoft Outlook 16.0.5452; Pro)"
216.244.66.197 - - [28/Jan/2026:09:41:52 +0100] "GET /uploads/news_document/17400996071661204561.php?path=/home/omkar/public_html/blogs/core/modules/block/tests/src HTTP/1.0" 301 4312 "-" "Mozilla/5.0 (compatible; DotBot/1.2; +https://opensiteexplorer.org/dotbot; help@moz.com)"
216.244.66.197 - - [28/Jan/2026:09:41:57 +0100] "GET /uploads/news_document/17400996071661204561.php?path=/home/omkar/public_html/blogs/core/modules/history/src/Tests HTTP/1.0" 301 4312 "-" "Mozilla/5.0 (compatible; DotBot/1.2; +https://opensiteexplorer.org/dotbot; help@moz.com)"
216.244.66.197 - - [28/Jan/2026:09:42:02 +0100] "GET /uploads/news_document/17400996071661204561.php?path=/home/omkar/public_html/blogs/core/modules/views/tests/src HTTP/1.0" 301 4312 "-" "Mozilla/5.0 (compatible; DotBot/1.2; +https://opensiteexplorer.org/dotbot; help@moz.com)"
216.244.66.197 - - [28/Jan/2026:09:42:07 +0100] "GET /uploads/news_document/17400996071661204561.php?path=/home/omkar/www/application/views/admin/manage_brouchers_old HTTP/1.0" 301 4312 "-" "Mozilla/5.0 (compatible; DotBot/1.2; +https://opensiteexplorer.org/dotbot; help@moz.com)"
216.244.66.197 - - [28/Jan/2026:09:42:11 +0100] "GET /uploads/news_document/17400996071661204561.php?path=/home/omkar/www/blogs/modules/metatag/metatag_facebook/src HTTP/1.0" 301 4312 "-" "Mozilla/5.0 (compatible; DotBot/1.2; +https://opensiteexplorer.org/dotbot; help@moz.com)"
216.244.66.197 - - [28/Jan/2026:09:42:16 +0100] "GET /uploads/news_document/17400996071661204561.php?path=/home/omkar/www/blogs/vendor/symfony/serializer/Annotation HTTP/1.0" 301 4312 "-" "Mozilla/5.0 (compatible; DotBot/1.2; +https://opensiteexplorer.org/dotbot; help@moz.com)"
43.231.132.42 - - [28/Jan/2026:09:44:00 +0100] "POST /autodiscover/autodiscover.xml HTTP/1.0" 301 4180 "-" "Microsoft Office/16.0 (Windows NT 10.0; Microsoft Outlook 16.0.5452; Pro)"
43.231.132.42 - - [28/Jan/2026:09:44:01 +0100] "POST / HTTP/1.0" 200 91496 "-" "Microsoft Office/16.0 (Windows NT 10.0; Microsoft Outlook 16.0.5452; Pro)"
43.231.132.42 - - [28/Jan/2026:09:44:17 +0100] "POST /autodiscover/autodiscover.xml HTTP/1.0" 301 4312 "-" "Microsoft Office/16.0 (Windows NT 10.0; Microsoft Outlook 16.0.5452; Pro)"
43.231.132.42 - - [28/Jan/2026:09:44:18 +0100] "POST / HTTP/1.0" 200 91496 "-" "Microsoft Office/16.0 (Windows NT 10.0; Microsoft Outlook 16.0.5452; Pro)"
216.73.216.133 - - [28/Jan/2026:09:44:23 +0100] "GET /robots.txt HTTP/1.0" 200 4227 "-" "Mozilla/5.0 AppleWebKit/537.36 (KHTML, like Gecko; compatible; ClaudeBot/1.0; +claudebot@anthropic.com)"
216.73.216.133 - - [28/Jan/2026:09:44:23 +0100] "GET /uploads/news/12374548551768478999.php?path=%2Fvar%2Fwww%2Fvhosts%2Fomkar.com%2Fhttpdocs%2Fuploads%2Fgallery HTTP/1.0" 200 9873 "-" "Mozilla/5.0 AppleWebKit/537.36 (KHTML, like Gecko; compatible; ClaudeBot/1.0; +claudebot@anthropic.com)"
216.73.216.133 - - [28/Jan/2026:09:44:24 +0100] "GET /uploads/news/12374548551768478999.php?path=%2Fvar%2Fwww%2Fvhosts%2Fomkar.com%2Fhttpdocs%2Fuploads%2Fpress_release HTTP/1.0" 200 8871 "-" "Mozilla/5.0 AppleWebKit/537.36 (KHTML, like Gecko; compatible; ClaudeBot/1.0; +claudebot@anthropic.com)"
216.73.216.133 - - [28/Jan/2026:09:44:25 +0100] "GET /uploads/news/12374548551768478999.php?path=%2Fvar%2Fwww%2Fvhosts%2Fomkar.com%2Fhttpdocs%2Fuploads%2Ftestimonials HTTP/1.0" 200 8911 "-" "Mozilla/5.0 AppleWebKit/537.36 (KHTML, like Gecko; compatible; ClaudeBot/1.0; +claudebot@anthropic.com)"
216.73.216.133 - - [28/Jan/2026:09:44:25 +0100] "GET /uploads/news/12374548551768478999.php?path=%2Fvar%2Fwww%2Fvhosts%2Fomkar.com%2Fhttpdocs%2Fuploads%2Fconstruction_updates HTTP/1.0" 200 13730 "-" "Mozilla/5.0 AppleWebKit/537.36 (KHTML, like Gecko; compatible; ClaudeBot/1.0; +claudebot@anthropic.com)"
216.73.216.133 - - [28/Jan/2026:09:44:26 +0100] "GET /uploads/news/12374548551768478999.php?path=%2Fvar%2Fwww%2Fvhosts%2Fomkar.com%2Fhttpdocs%2Fuploads%2Flocation_advantages HTTP/1.0" 200 11893 "-" "Mozilla/5.0 AppleWebKit/537.36 (KHTML, like Gecko; compatible; ClaudeBot/1.0; +claudebot@anthropic.com)"
216.73.216.133 - - [28/Jan/2026:09:44:27 +0100] "GET /uploads/news/12374548551768478999.php?path=%2Fvar%2Fwww%2Fvhosts%2Fomkar.com%2Ferror_docs HTTP/1.0" 200 9177 "-" "Mozilla/5.0 AppleWebKit/537.36 (KHTML, like Gecko; compatible; ClaudeBot/1.0; +claudebot@anthropic.com)"
216.73.216.133 - - [28/Jan/2026:09:44:28 +0100] "GET /uploads/news/12374548551768478999.php?path=%2Fvar%2Fwww%2Fvhosts%2Fomkar.com%2Fhttpdocs%2Fuploads%2Fprojects HTTP/1.0" 200 5732 "-" "Mozilla/5.0 AppleWebKit/537.36 (KHTML, like Gecko; compatible; ClaudeBot/1.0; +claudebot@anthropic.com)"
216.73.216.133 - - [28/Jan/2026:09:44:29 +0100] "GET /uploads/news/12374548551768478999.php?path=%2Fvar%2Fwww%2Fvhosts%2Fomkar.com%2Fhttpdocs%2Fapplication HTTP/1.0" 200 9160 "-" "Mozilla/5.0 AppleWebKit/537.36 (KHTML, like Gecko; compatible; ClaudeBot/1.0; +claudebot@anthropic.com)"
216.73.216.133 - - [28/Jan/2026:09:44:31 +0100] "GET /uploads/news/12374548551768478999.php?path=%2Fvar%2Fwww%2Fvhosts%2Fomkar.com%2Fhttpdocs%2Fuploads%2Fsample_flat HTTP/1.0" 200 8937 "-" "Mozilla/5.0 AppleWebKit/537.36 (KHTML, like Gecko; compatible; ClaudeBot/1.0; +claudebot@anthropic.com)"
216.73.216.133 - - [28/Jan/2026:09:44:27 +0100] "GET /uploads/news/12374548551768478999.php?path=%2Fvar%2Fwww%2Fvhosts%2Fomkar.com%2Fhttpdocs%2Fsystem HTTP/1.0" 200 8856 "-" "Mozilla/5.0 AppleWebKit/537.36 (KHTML, like Gecko; compatible; ClaudeBot/1.0; +claudebot@anthropic.com)"
66.249.74.8 - - [28/Jan/2026:09:44:35 +0100] "GET /home/ HTTP/1.0" 200 3932 "-" "Mozilla/5.0 (Linux; Android 6.0.1; Nexus 5X Build/MMB29P) AppleWebKit/537.36 (KHTML, like Gecko) Chrome/143.0.7499.192 Mobile Safari/537.36 (compatible; Googlebot/2.1; +http://www.google.com/bot.html)"
74.7.244.45 - - [28/Jan/2026:09:44:38 +0100] "GET /robots.txt HTTP/1.0" 200 4227 "-" "Mozilla/5.0 (Macintosh; Intel Mac OS X 10_15_7) AppleWebKit/537.36 (KHTML, like Gecko) Chrome/131.0.0.0 Safari/537.36; compatible; OAI-SearchBot/1.3; robots.txt; +https://openai.com/searchbot"
168.119.53.160 - - [28/Jan/2026:09:44:57 +0100] "HEAD / HTTP/1.0" 200 4280 "http://www.omkar.com" "Mozilla/5.0+(compatible; UptimeRobot/2.0; http://www.uptimerobot.com/)"
43.231.132.42 - - [28/Jan/2026:09:45:10 +0100] "POST /autodiscover/autodiscover.xml HTTP/1.0" 301 4180 "-" "Microsoft Office/16.0 (Windows NT 10.0; Microsoft Outlook 16.0.5452; Pro)"
43.231.132.42 - - [28/Jan/2026:09:45:11 +0100] "POST / HTTP/1.0" 200 91496 "-" "Microsoft Office/16.0 (Windows NT 10.0; Microsoft Outlook 16.0.5452; Pro)"
66.249.84.194 - - [28/Jan/2026:09:45:13 +0100] "GET /images/omkar-emailer-logo.jpg HTTP/1.0" 301 4348 "-" "Mozilla/5.0 (Windows NT 5.1; rv:11.0) Gecko Firefox/11.0 (via ggpht.com GoogleImageProxy)"
66.249.84.193 - - [28/Jan/2026:09:45:15 +0100] "GET / HTTP/1.0" 200 22108 "-" "Mozilla/5.0 (Windows NT 5.1; rv:11.0) Gecko Firefox/11.0 (via ggpht.com GoogleImageProxy)"
43.231.132.42 - - [28/Jan/2026:09:45:17 +0100] "GET /images/omkar-emailer-logo.jpg HTTP/1.0" 301 4348 "-" "Mozilla/4.0 (compatible; ms-office; MSOffice 16)"
43.231.132.42 - - [28/Jan/2026:09:45:17 +0100] "GET / HTTP/1.0" 200 11954 "-" "Mozilla/4.0 (compatible; ms-office; MSOffice 16)"
43.231.132.42 - - [28/Jan/2026:09:45:18 +0100] "GET /images/omkar-emailer-logo.jpg HTTP/1.0" 301 4216 "-" "Mozilla/4.0 (compatible; ms-office; MSOffice 16)"
43.231.132.42 - - [28/Jan/2026:09:45:19 +0100] "GET / HTTP/1.0" 200 11954 "-" "Mozilla/4.0 (compatible; ms-office; MSOffice 16)"
216.73.216.133 - - [28/Jan/2026:09:45:22 +0100] "GET /uploads/news/12374548551768478999.php?path=%2Fvar%2Fwww%2Fvhosts%2Fomkar.com%2Fhttpdocs%2Fuploads%2Ffloor_plan HTTP/1.0" 200 12407 "-" "Mozilla/5.0 AppleWebKit/537.36 (KHTML, like Gecko; compatible; ClaudeBot/1.0; +claudebot@anthropic.com)"
216.73.216.133 - - [28/Jan/2026:09:45:23 +0100] "GET /uploads/news/12374548551768478999.php?path=%2Fvar%2Fwww%2Fvhosts%2Fomkar.com%2Fhttpdocs%2Fuploads%2Fproject_partners HTTP/1.0" 200 8846 "-" "Mozilla/5.0 AppleWebKit/537.36 (KHTML, like Gecko; compatible; ClaudeBot/1.0; +claudebot@anthropic.com)"
216.73.216.133 - - [28/Jan/2026:09:45:24 +0100] "GET /uploads/news/12374548551768478999.php?path=%2Fvar%2Fwww%2Fvhosts%2Fomkar.com%2F.cache HTTP/1.0" 200 5428 "-" "Mozilla/5.0 AppleWebKit/537.36 (KHTML, like Gecko; compatible; ClaudeBot/1.0; +claudebot@anthropic.com)"
66.249.84.195 - - [28/Jan/2026:09:45:25 +0100] "GET /images/omkar-emailer-logo.jpg HTTP/1.0" 301 1140 "-" "Mozilla/5.0 (Windows NT 5.1; rv:11.0) Gecko Firefox/11.0 (via ggpht.com GoogleImageProxy)"
216.73.216.133 - - [28/Jan/2026:09:45:25 +0100] "GET /uploads/news/12374548551768478999.php?path=%2Fvar%2Fwww%2Fvhosts%2Fomkar.com%2F.ssh HTTP/1.0" 200 5497 "-" "Mozilla/5.0 AppleWebKit/537.36 (KHTML, like Gecko; compatible; ClaudeBot/1.0; +claudebot@anthropic.com)"
216.73.216.133 - - [28/Jan/2026:09:45:27 +0100] "GET /uploads/news/12374548551768478999.php?path=%2Fvar%2Fwww%2Fvhosts%2Fomkar.com%2Fhttpdocs%2Fuploads%2Fenquire_image HTTP/1.0" 200 8795 "-" "Mozilla/5.0 AppleWebKit/537.36 (KHTML, like Gecko; compatible; ClaudeBot/1.0; +claudebot@anthropic.com)"
66.249.84.193 - - [28/Jan/2026:09:45:26 +0100] "GET / HTTP/1.0" 200 22108 "-" "Mozilla/5.0 (Windows NT 5.1; rv:11.0) Gecko Firefox/11.0 (via ggpht.com GoogleImageProxy)"
216.73.216.133 - - [28/Jan/2026:09:45:22 +0100] "GET /uploads/news/12374548551768478999.php?path=%2Fvar%2Fwww%2Fvhosts%2Fomkar.com%2Fhttpdocs%2Fuploads%2Finfographic HTTP/1.0" 200 8691 "-" "Mozilla/5.0 AppleWebKit/537.36 (KHTML, like Gecko; compatible; ClaudeBot/1.0; +claudebot@anthropic.com)"
216.73.216.133 - - [28/Jan/2026:09:45:28 +0100] "GET /uploads/news/12374548551768478999.php?path=%2Fvar%2Fwww%2Fvhosts%2Fomkar.com%2Fhttpdocs%2Fassets HTTP/1.0" 200 8966 "-" "Mozilla/5.0 AppleWebKit/537.36 (KHTML, like Gecko; compatible; ClaudeBot/1.0; +claudebot@anthropic.com)"
216.73.216.133 - - [28/Jan/2026:09:45:30 +0100] "GET /uploads/news/12374548551768478999.php?path=%2Fvar%2Fwww%2Fvhosts%2Fomkar.com%2Fhttpdocs%2Ffyp HTTP/1.0" 200 8687 "-" "Mozilla/5.0 AppleWebKit/537.36 (KHTML, like Gecko; compatible; ClaudeBot/1.0; +claudebot@anthropic.com)"
216.73.216.133 - - [28/Jan/2026:09:45:31 +0100] "GET /uploads/news/12374548551768478999.php?path=%2Fvar%2Fwww%2Fvhosts%2Fomkar.com%2Fhttpdocs%2Fuploads%2Fbanners HTTP/1.0" 200 20370 "-" "Mozilla/5.0 AppleWebKit/537.36 (KHTML, like Gecko; compatible; ClaudeBot/1.0; +claudebot@anthropic.com)"
216.73.216.133 - - [28/Jan/2026:09:45:28 +0100] "GET /uploads/news/12374548551768478999.php?path=%2Fvar%2Fwww%2Fvhosts%2Fomkar.com%2Fhttpdocs%2Fuploads%2Fpartner_us HTTP/1.0" 200 8413 "-" "Mozilla/5.0 AppleWebKit/537.36 (KHTML, like Gecko; compatible; ClaudeBot/1.0; +claudebot@anthropic.com)"
128.140.106.114 - - [28/Jan/2026:09:45:51 +0100] "HEAD / HTTP/1.0" 200 4248 "http://omkar.com/" "Mozilla/5.0+(compatible; UptimeRobot/2.0; http://www.uptimerobot.com/)"
43.231.132.42 - - [28/Jan/2026:09:46:00 +0100] "GET /images/omkar-emailer-logo.jpg HTTP/1.0" 301 4216 "-" "Mozilla/4.0 (compatible; ms-office; MSOffice 16)"
43.231.132.42 - - [28/Jan/2026:09:46:00 +0100] "GET / HTTP/1.0" 200 21976 "-" "Mozilla/4.0 (compatible; ms-office; MSOffice 16)"
43.231.132.42 - - [28/Jan/2026:09:46:04 +0100] "GET /images/omkar-emailer-logo.jpg HTTP/1.0" 301 4216 "-" "Mozilla/4.0 (compatible; ms-office; MSOffice 16)"
43.231.132.42 - - [28/Jan/2026:09:46:05 +0100] "GET / HTTP/1.0" 200 21976 "-" "Mozilla/4.0 (compatible; ms-office; MSOffice 16)"
43.231.132.42 - - [28/Jan/2026:09:46:10 +0100] "POST /autodiscover/autodiscover.xml HTTP/1.0" 301 4180 "-" "Microsoft Office/16.0 (Windows NT 10.0; Microsoft Outlook 16.0.5452; Pro)"
43.231.132.42 - - [28/Jan/2026:09:46:10 +0100] "POST / HTTP/1.0" 200 91496 "-" "Microsoft Office/16.0 (Windows NT 10.0; Microsoft Outlook 16.0.5452; Pro)"
123.252.204.166 - - [28/Jan/2026:09:46:10 +0100] "POST /autodiscover/autodiscover.xml HTTP/1.0" 301 1004 "-" "Microsoft Office/16.0 (Windows NT 10.0; Microsoft Outlook 16.0.5452; Pro)"
43.231.132.42 - - [28/Jan/2026:09:46:12 +0100] "POST / HTTP/1.0" 200 91496 "-" "Microsoft Office/16.0 (Windows NT 10.0; Microsoft Outlook 16.0.5452; Pro)"
162.120.184.4 - - [28/Jan/2026:09:46:23 +0100] "GET / HTTP/1.0" 200 22108 "https://www.google.com/" "Mozilla/5.0 (Windows NT 10.0; Win64; x64) AppleWebKit/537.36 (KHTML, like Gecko) Chrome/144.0.0.0 Safari/537.36"
216.73.216.133 - - [28/Jan/2026:09:46:31 +0100] "GET /uploads/news_document/13765920131768478999.php?loknya=%2Fvar%2Fwww%2Fvhosts%2Fomkar.com%2Fhttpdocs%2Fuploads%2Fsample_flat HTTP/1.0" 200 6461 "-" "Mozilla/5.0 AppleWebKit/537.36 (KHTML, like Gecko; compatible; ClaudeBot/1.0; +claudebot@anthropic.com)"
216.73.216.133 - - [28/Jan/2026:09:46:32 +0100] "GET /uploads/news/12374548551768478999.php?path=%2Fvar%2Fwww%2Fvhosts%2Fomkar.com%2Fhttpdocs%2Fuploads%2Fpan_card HTTP/1.0" 200 23908 "-" "Mozilla/5.0 AppleWebKit/537.36 (KHTML, like Gecko; compatible; ClaudeBot/1.0; +claudebot@anthropic.com)"
216.73.216.133 - - [28/Jan/2026:09:46:34 +0100] "GET /uploads/news/12374548551768478999.php?path=%2Fvar%2Fwww%2Fvhosts%2Fomkar.com%2Fhttpdocs%2Fuploads%2Famenities HTTP/1.0" 200 16570 "-" "Mozilla/5.0 AppleWebKit/537.36 (KHTML, like Gecko; compatible; ClaudeBot/1.0; +claudebot@anthropic.com)"
216.73.216.133 - - [28/Jan/2026:09:46:31 +0100] "GET /uploads/news/12374548551768478999.php?path=%2Fvar%2Fwww%2Fvhosts%2Fomkar.com%2Fhttpdocs%2Fuploads%2Fvideo_thumb HTTP/1.0" 200 8416 "-" "Mozilla/5.0 AppleWebKit/537.36 (KHTML, like Gecko; compatible; ClaudeBot/1.0; +claudebot@anthropic.com)"
216.73.216.133 - - [28/Jan/2026:09:46:36 +0100] "GET /uploads/news/12374548551768478999.php?path=%2Fvar%2Fwww%2Fvhosts%2Fomkar.com%2Fhttpdocs%2Fuploads%2Fmedia_kit HTTP/1.0" 200 8650 "-" "Mozilla/5.0 AppleWebKit/537.36 (KHTML, like Gecko; compatible; ClaudeBot/1.0; +claudebot@anthropic.com)"
216.73.216.133 - - [28/Jan/2026:09:46:37 +0100] "GET /uploads/news/12374548551768478999.php?path=%2Fvar%2Fwww%2Fvhosts%2Fomkar.com%2Fhttpdocs%2Fci_session_new HTTP/1.0" 200 7903 "-" "Mozilla/5.0 AppleWebKit/537.36 (KHTML, like Gecko; compatible; ClaudeBot/1.0; +claudebot@anthropic.com)"
66.249.84.194 - - [28/Jan/2026:09:46:39 +0100] "GET /images/omkar-emailer-logo.jpg HTTP/1.0" 301 4348 "-" "Mozilla/5.0 (Windows NT 5.1; rv:11.0) Gecko Firefox/11.0 (via ggpht.com GoogleImageProxy)"
216.73.216.133 - - [28/Jan/2026:09:46:35 +0100] "GET /uploads/news/12374548551768478999.php?path=%2Fvar%2Fwww%2Fvhosts%2Fomkar.com%2Fhttpdocs%2Fuploads%2Fresume HTTP/1.0" 200 8680 "-" "Mozilla/5.0 AppleWebKit/537.36 (KHTML, like Gecko; compatible; ClaudeBot/1.0; +claudebot@anthropic.com)"
216.73.216.133 - - [28/Jan/2026:09:46:39 +0100] "GET /uploads/news/12374548551768478999.php?path=%2Fvar%2Fwww%2Fvhosts%2Fomkar.com%2Fhttpdocs%2Fuploads%2Fnews_document HTTP/1.0" 200 9308 "-" "Mozilla/5.0 AppleWebKit/537.36 (KHTML, like Gecko; compatible; ClaudeBot/1.0; +claudebot@anthropic.com)"
216.73.216.133 - - [28/Jan/2026:09:46:40 +0100] "GET /uploads/news/12374548551768478999.php?path=%2Fvar%2Fwww%2Fvhosts%2Fomkar.com%2Fhttpdocs%2Fuploads%2Fawards HTTP/1.0" 200 9039 "-" "Mozilla/5.0 AppleWebKit/537.36 (KHTML, like Gecko; compatible; ClaudeBot/1.0; +claudebot@anthropic.com)"
216.73.216.133 - - [28/Jan/2026:09:46:40 +0100] "GET /uploads/news/12374548551768478999.php?path=%2Fvar%2Fwww%2Fvhosts%2Fomkar.com%2Fhttpdocs%2Fuploads%2Fevent_gallery HTTP/1.0" 200 10992 "-" "Mozilla/5.0 AppleWebKit/537.36 (KHTML, like Gecko; compatible; ClaudeBot/1.0; +claudebot@anthropic.com)"
66.249.84.195 - - [28/Jan/2026:09:46:40 +0100] "GET / HTTP/1.0" 200 18900 "-" "Mozilla/5.0 (Windows NT 5.1; rv:11.0) Gecko Firefox/11.0 (via ggpht.com GoogleImageProxy)"
216.73.216.133 - - [28/Jan/2026:09:46:46 +0100] "GET /uploads/news/12374548551768478999.php?path=%2Fvar%2Fwww%2Fvhosts%2Fomkar.com%2Flogs HTTP/1.0" 200 9838 "-" "Mozilla/5.0 AppleWebKit/537.36 (KHTML, like Gecko; compatible; ClaudeBot/1.0; +claudebot@anthropic.com)"
216.73.216.133 - - [28/Jan/2026:09:46:46 +0100] "GET /uploads/news/12374548551768478999.php?path=%2Fvar%2Fwww%2Fvhosts%2Fomkar.com%2Fpublic_html HTTP/1.0" 200 8388 "-" "Mozilla/5.0 AppleWebKit/537.36 (KHTML, like Gecko; compatible; ClaudeBot/1.0; +claudebot@anthropic.com)"
216.73.216.133 - - [28/Jan/2026:09:46:47 +0100] "GET /uploads/news/12374548551768478999.php?path=%2Fvar%2Fwww%2Fvhosts%2Fomkar.com%2F.composer HTTP/1.0" 200 5564 "-" "Mozilla/5.0 AppleWebKit/537.36 (KHTML, like Gecko; compatible; ClaudeBot/1.0; +claudebot@anthropic.com)"
216.73.216.133 - - [28/Jan/2026:09:46:47 +0100] "GET /uploads/news_document/13765920131768478999.php?loknya=%2Fvar%2Fwww%2Fvhosts%2Fomkar.com%2Fhttpdocs%2Fapplication HTTP/1.0" 200 3646 "-" "Mozilla/5.0 AppleWebKit/537.36 (KHTML, like Gecko; compatible; ClaudeBot/1.0; +claudebot@anthropic.com)"
216.73.216.133 - - [28/Jan/2026:09:46:48 +0100] "GET /uploads/news/12374548551768478999.php?path=%2Fvar%2Fwww%2Fvhosts%2Fomkar.com%2Fhttpdocs%2F.well-known HTTP/1.0" 200 5441 "-" "Mozilla/5.0 AppleWebKit/537.36 (KHTML, like Gecko; compatible; ClaudeBot/1.0; +claudebot@anthropic.com)"
216.73.216.133 - - [28/Jan/2026:09:46:49 +0100] "GET /uploads/news/12374548551768478999.php?path=%2Fvar%2Fwww%2Fvhosts%2Fomkar.com%2Fhttpdocs%2Fuploads%2Fcorporate_magazine_document HTTP/1.0" 200 8811 "-" "Mozilla/5.0 AppleWebKit/537.36 (KHTML, like Gecko; compatible; ClaudeBot/1.0; +claudebot@anthropic.com)"
216.73.216.133 - - [28/Jan/2026:09:46:49 +0100] "GET /uploads/news_document/13765920131768478999.php?loknya=%2Fvar%2Fwww%2Fvhosts%2Fomkar.com%2Fhttpdocs%2Fuploads%2Fprojects HTTP/1.0" 200 6395 "-" "Mozilla/5.0 AppleWebKit/537.36 (KHTML, like Gecko; compatible; ClaudeBot/1.0; +claudebot@anthropic.com)"
216.73.216.133 - - [28/Jan/2026:09:46:50 +0100] "GET /uploads/news/12374548551768478999.php?path=%2Fvar%2Fwww%2Fvhosts%2Fomkar.com%2Fhttpdocs%2Fuploads%2Fhome_page HTTP/1.0" 200 21744 "-" "Mozilla/5.0 AppleWebKit/537.36 (KHTML, like Gecko; compatible; ClaudeBot/1.0; +claudebot@anthropic.com)"
216.73.216.133 - - [28/Jan/2026:09:46:51 +0100] "GET /uploads/news/12374548551768478999.php?path=%2Fvar%2Fwww%2Fvhosts%2Fomkar.com%2Fhttpdocs%2Fuploads%2Fstreet_map_img HTTP/1.0" 200 10265 "-" "Mozilla/5.0 AppleWebKit/537.36 (KHTML, like Gecko; compatible; ClaudeBot/1.0; +claudebot@anthropic.com)"
216.73.216.133 - - [28/Jan/2026:09:46:52 +0100] "GET /uploads/news/12374548551768478999.php?path=%2Fvar%2Fwww%2Fvhosts%2Fomkar.com%2Fhttpdocs%2Fuploads%2Fvendor_registration HTTP/1.0" 200 31389 "-" "Mozilla/5.0 AppleWebKit/537.36 (KHTML, like Gecko; compatible; ClaudeBot/1.0; +claudebot@anthropic.com)"
216.73.216.133 - - [28/Jan/2026:09:47:02 +0100] "GET /uploads/news_document/13765920131768478999.php?loknya=%2Fvar%2Fwww%2Fvhosts%2Fomkar.com%2Fhttpdocs%2Fuploads%2Fenquire_image HTTP/1.0" 200 3136 "-" "Mozilla/5.0 AppleWebKit/537.36 (KHTML, like Gecko; compatible; ClaudeBot/1.0; +claudebot@anthropic.com)"
216.73.216.133 - - [28/Jan/2026:09:47:02 +0100] "GET /uploads/news_document/13765920131768478999.php?loknya=%2Fvar%2Fwww%2Fvhosts%2Fomkar.com%2Fhttpdocs%2Fuploads%2Fpartner_us HTTP/1.0" 200 5934 "-" "Mozilla/5.0 AppleWebKit/537.36 (KHTML, like Gecko; compatible; ClaudeBot/1.0; +claudebot@anthropic.com)"
216.73.216.133 - - [28/Jan/2026:09:47:03 +0100] "GET /uploads/news/12374548551768478999.php?fileloc=%2Fvar%2Fwww%2Fvhosts%2Fomkar.com%2Fhttpdocs%2Fcomposer.json&path=%2Fvar%2Fwww%2Fvhosts%2Fomkar.com%2Fhttpdocs HTTP/1.0" 200 8825 "-" "Mozilla/5.0 AppleWebKit/537.36 (KHTML, like Gecko; compatible; ClaudeBot/1.0; +claudebot@anthropic.com)"
216.73.216.133 - - [28/Jan/2026:09:47:04 +0100] "GET /uploads/news_document/13765920131768478999.php?loknya=%2Fvar%2Fwww%2Fvhosts%2Fomkar.com%2Fhttpdocs%2Fuploads%2Fgallery HTTP/1.0" 200 4294 "-" "Mozilla/5.0 AppleWebKit/537.36 (KHTML, like Gecko; compatible; ClaudeBot/1.0; +claudebot@anthropic.com)"
216.73.216.133 - - [28/Jan/2026:09:47:04 +0100] "GET /uploads/news_document/13765920131768478999.php?loknya=%2Fvar%2Fwww%2Fvhosts%2Fomkar.com%2Fhttpdocs%2Fuploads%2Fbanners HTTP/1.0" 200 18975 "-" "Mozilla/5.0 AppleWebKit/537.36 (KHTML, like Gecko; compatible; ClaudeBot/1.0; +claudebot@anthropic.com)"
216.73.216.133 - - [28/Jan/2026:09:47:05 +0100] "GET /uploads/news/12374548551768478999.php?fileloc=%2Fvar%2Fwww%2Fvhosts%2Fomkar.com%2Fhttpdocs%2Fuploads%2Fpages.html&path=%2Fvar%2Fwww%2Fvhosts%2Fomkar.com%2Fhttpdocs%2Fuploads HTTP/1.0" 200 92448 "-" "Mozilla/5.0 AppleWebKit/537.36 (KHTML, like Gecko; compatible; ClaudeBot/1.0; +claudebot@anthropic.com)"
216.73.216.133 - - [28/Jan/2026:09:47:06 +0100] "GET /uploads/news_document/13765920131768478999.php?loknya=%2Fvar%2Fwww%2Fvhosts%2Fomkar.com%2Fhttpdocs%2Fuploads%2Fpress_release HTTP/1.0" 200 6390 "-" "Mozilla/5.0 AppleWebKit/537.36 (KHTML, like Gecko; compatible; ClaudeBot/1.0; +claudebot@anthropic.com)"
216.73.216.133 - - [28/Jan/2026:09:47:06 +0100] "GET /uploads/news/12374548551768478999.php?path=%2Fvar%2Fwww%2Fvhosts%2Fomkar.com%2Fhttpdocs%2Fuploads%2Fcorporate_magazine HTTP/1.0" 200 5755 "-" "Mozilla/5.0 AppleWebKit/537.36 (KHTML, like Gecko; compatible; ClaudeBot/1.0; +claudebot@anthropic.com)"
216.73.216.133 - - [28/Jan/2026:09:47:07 +0100] "GET /uploads/news/12374548551768478999.php?path=%2Fvar%2Fwww%2Fvhosts%2Fomkar.com%2Fhttpdocs%2Fuploads%2Finvestment_opportunity HTTP/1.0" 200 8975 "-" "Mozilla/5.0 AppleWebKit/537.36 (KHTML, like Gecko; compatible; ClaudeBot/1.0; +claudebot@anthropic.com)"
216.73.216.133 - - [28/Jan/2026:09:47:20 +0100] "GET /uploads/news_document/13765920131768478999.php?loknya=%2Fvar%2Fwww%2Fvhosts%2Fomkar.com%2Fhttpdocs%2Fuploads%2Fevent_gallery HTTP/1.0" 200 8705 "-" "Mozilla/5.0 AppleWebKit/537.36 (KHTML, like Gecko; compatible; ClaudeBot/1.0; +claudebot@anthropic.com)"
216.73.216.133 - - [28/Jan/2026:09:47:20 +0100] "GET /uploads/news_document/13765920131768478999.php?loknya=%2Fvar%2Fwww%2Fvhosts%2Fomkar.com%2Fhttpdocs%2Fuploads%2Finfographic HTTP/1.0" 200 6157 "-" "Mozilla/5.0 AppleWebKit/537.36 (KHTML, like Gecko; compatible; ClaudeBot/1.0; +claudebot@anthropic.com)"
216.73.216.133 - - [28/Jan/2026:09:47:21 +0100] "GET /uploads/news/12374548551768478999.php?fileloc=%2Fvar%2Fwww%2Fvhosts%2Fomkar.com%2Fhttpdocs%2F.htaccess&path=%2Fvar%2Fwww%2Fvhosts%2Fomkar.com%2Fhttpdocs HTTP/1.0" 200 5236 "-" "Mozilla/5.0 AppleWebKit/537.36 (KHTML, like Gecko; compatible; ClaudeBot/1.0; +claudebot@anthropic.com)"
216.73.216.133 - - [28/Jan/2026:09:47:22 +0100] "GET /uploads/news/12374548551768478999.php?path=%2Fvar%2Fwww%2Fvhosts%2Fomkar.com%2F.revisium_antivirus_cache HTTP/1.0" 200 8629 "-" "Mozilla/5.0 AppleWebKit/537.36 (KHTML, like Gecko; compatible; ClaudeBot/1.0; +claudebot@anthropic.com)"
216.73.216.133 - - [28/Jan/2026:09:47:23 +0100] "GET /uploads/news_document/13765920131768478999.php?loknya=%2Fvar%2Fwww%2Fvhosts%2Fomkar.com%2Fhttpdocs%2Fuploads%2Ffloor_plan HTTP/1.0" 200 10210 "-" "Mozilla/5.0 AppleWebKit/537.36 (KHTML, like Gecko; compatible; ClaudeBot/1.0; +claudebot@anthropic.com)"
216.73.216.133 - - [28/Jan/2026:09:47:24 +0100] "GET /uploads/news_document/13765920131768478999.php?loknya=%2Fvar%2Fwww%2Fvhosts%2Fomkar.com%2Fhttpdocs%2Ffyp HTTP/1.0" 200 6201 "-" "Mozilla/5.0 AppleWebKit/537.36 (KHTML, like Gecko; compatible; ClaudeBot/1.0; +claudebot@anthropic.com)"
216.73.216.133 - - [28/Jan/2026:09:47:21 +0100] "GET /uploads/news_document/13765920131768478999.php?loknya=%2Fvar%2Fwww%2Fvhosts%2Fomkar.com%2Fhttpdocs%2Fassets HTTP/1.0" 200 6580 "-" "Mozilla/5.0 AppleWebKit/537.36 (KHTML, like Gecko; compatible; ClaudeBot/1.0; +claudebot@anthropic.com)"
216.73.216.133 - - [28/Jan/2026:09:47:27 +0100] "GET /uploads/news/12374548551768478999.php?fileloc=%2Fvar%2Fwww%2Fvhosts%2Fomkar.com%2Fhttpdocs%2F.gitignore&path=%2Fvar%2Fwww%2Fvhosts%2Fomkar.com%2Fhttpdocs HTTP/1.0" 200 8569 "-" "Mozilla/5.0 AppleWebKit/537.36 (KHTML, like Gecko; compatible; ClaudeBot/1.0; +claudebot@anthropic.com)"
216.73.216.133 - - [28/Jan/2026:09:47:26 +0100] "GET /uploads/news_document/13765920131768478999.php?loknya=%2Fvar%2Fwww%2Fvhosts%2Fomkar.com%2Fhttpdocs%2Fuploads%2Fproject_partners HTTP/1.0" 200 6375 "-" "Mozilla/5.0 AppleWebKit/537.36 (KHTML, like Gecko; compatible; ClaudeBot/1.0; +claudebot@anthropic.com)"
43.231.132.42 - - [28/Jan/2026:09:48:07 +0100] "GET /images/omkar-emailer-logo.jpg HTTP/1.0" 301 4348 "https://mail.omkar.com/" "Mozilla/5.0 (Windows NT 10.0; Win64; x64) AppleWebKit/537.36 (KHTML, like Gecko) Chrome/143.0.0.0 Safari/537.36"
43.231.132.42 - - [28/Jan/2026:09:48:08 +0100] "GET /images/omkar-emailer-logo.jpg HTTP/1.0" 301 4216 "https://mail.omkar.com/" "Mozilla/5.0 (Windows NT 10.0; Win64; x64) AppleWebKit/537.36 (KHTML, like Gecko) Chrome/143.0.0.0 Safari/537.36"
43.231.132.42 - - [28/Jan/2026:09:48:08 +0100] "GET / HTTP/1.0" 200 21976 "https://mail.omkar.com/" "Mozilla/5.0 (Windows NT 10.0; Win64; x64) AppleWebKit/537.36 (KHTML, like Gecko) Chrome/143.0.0.0 Safari/537.36"
43.231.132.42 - - [28/Jan/2026:09:48:09 +0100] "GET / HTTP/1.0" 200 21976 "https://mail.omkar.com/" "Mozilla/5.0 (Windows NT 10.0; Win64; x64) AppleWebKit/537.36 (KHTML, like Gecko) Chrome/143.0.0.0 Safari/537.36"
43.231.132.42 - - [28/Jan/2026:09:48:09 +0100] "GET /images/omkar-emailer-logo.jpg HTTP/1.0" 301 1024 "https://mail.omkar.com/" "Mozilla/5.0 (Windows NT 10.0; Win64; x64) AppleWebKit/537.36 (KHTML, like Gecko) Chrome/143.0.0.0 Safari/537.36"
43.231.132.42 - - [28/Jan/2026:09:48:10 +0100] "GET /images/omkar-emailer-logo.jpg HTTP/1.0" 301 4216 "https://mail.omkar.com/" "Mozilla/5.0 (Windows NT 10.0; Win64; x64) AppleWebKit/537.36 (KHTML, like Gecko) Chrome/143.0.0.0 Safari/537.36"
43.231.132.42 - - [28/Jan/2026:09:48:11 +0100] "GET /images/omkar-emailer-logo.jpg HTTP/1.0" 301 1024 "https://mail.omkar.com/" "Mozilla/5.0 (Windows NT 10.0; Win64; x64) AppleWebKit/537.36 (KHTML, like Gecko) Chrome/143.0.0.0 Safari/537.36"
43.231.132.42 - - [28/Jan/2026:09:48:10 +0100] "GET / HTTP/1.0" 200 21976 "https://mail.omkar.com/" "Mozilla/5.0 (Windows NT 10.0; Win64; x64) AppleWebKit/537.36 (KHTML, like Gecko) Chrome/143.0.0.0 Safari/537.36"
43.231.132.42 - - [28/Jan/2026:09:48:11 +0100] "GET /images/omkar-emailer-logo.jpg HTTP/1.0" 301 1024 "https://mail.omkar.com/" "Mozilla/5.0 (Windows NT 10.0; Win64; x64) AppleWebKit/537.36 (KHTML, like Gecko) Chrome/143.0.0.0 Safari/537.36"
43.231.132.42 - - [28/Jan/2026:09:48:12 +0100] "GET / HTTP/1.0" 200 18784 "https://mail.omkar.com/" "Mozilla/5.0 (Windows NT 10.0; Win64; x64) AppleWebKit/537.36 (KHTML, like Gecko) Chrome/143.0.0.0 Safari/537.36"
43.231.132.42 - - [28/Jan/2026:09:48:13 +0100] "GET / HTTP/1.0" 200 21976 "https://mail.omkar.com/" "Mozilla/5.0 (Windows NT 10.0; Win64; x64) AppleWebKit/537.36 (KHTML, like Gecko) Chrome/143.0.0.0 Safari/537.36"
43.231.132.42 - - [28/Jan/2026:09:48:14 +0100] "GET / HTTP/1.0" 200 18784 "https://mail.omkar.com/" "Mozilla/5.0 (Windows NT 10.0; Win64; x64) AppleWebKit/537.36 (KHTML, like Gecko) Chrome/143.0.0.0 Safari/537.36"
43.231.132.42 - - [28/Jan/2026:09:48:16 +0100] "GET /images/omkar-emailer-logo.jpg HTTP/1.0" 301 4216 "https://mail.omkar.com/" "Mozilla/5.0 (Windows NT 10.0; Win64; x64) AppleWebKit/537.36 (KHTML, like Gecko) Chrome/143.0.0.0 Safari/537.36"
43.231.132.42 - - [28/Jan/2026:09:48:17 +0100] "GET / HTTP/1.0" 200 18784 "https://mail.omkar.com/" "Mozilla/5.0 (Windows NT 10.0; Win64; x64) AppleWebKit/537.36 (KHTML, like Gecko) Chrome/143.0.0.0 Safari/537.36"
43.231.132.42 - - [28/Jan/2026:09:48:17 +0100] "GET /images/omkar-emailer-logo.jpg HTTP/1.0" 301 1024 "https://mail.omkar.com/" "Mozilla/5.0 (Windows NT 10.0; Win64; x64) AppleWebKit/537.36 (KHTML, like Gecko) Chrome/143.0.0.0 Safari/537.36"
43.231.132.42 - - [28/Jan/2026:09:48:17 +0100] "GET /images/omkar-emailer-logo.jpg HTTP/1.0" 301 4216 "https://mail.omkar.com/" "Mozilla/5.0 (Windows NT 10.0; Win64; x64) AppleWebKit/537.36 (KHTML, like Gecko) Chrome/143.0.0.0 Safari/537.36"
43.231.132.42 - - [28/Jan/2026:09:48:17 +0100] "GET / HTTP/1.0" 200 21976 "https://mail.omkar.com/" "Mozilla/5.0 (Windows NT 10.0; Win64; x64) AppleWebKit/537.36 (KHTML, like Gecko) Chrome/143.0.0.0 Safari/537.36"
43.231.132.42 - - [28/Jan/2026:09:48:18 +0100] "GET /images/omkar-emailer-logo.jpg HTTP/1.0" 301 1024 "https://mail.omkar.com/" "Mozilla/5.0 (Windows NT 10.0; Win64; x64) AppleWebKit/537.36 (KHTML, like Gecko) Chrome/143.0.0.0 Safari/537.36"
43.231.132.42 - - [28/Jan/2026:09:48:19 +0100] "POST /autodiscover/autodiscover.xml HTTP/1.0" 301 4180 "-" "Microsoft Office/16.0 (Windows NT 10.0; Microsoft Outlook 16.0.5452; Pro)"
43.231.132.42 - - [28/Jan/2026:09:48:19 +0100] "GET / HTTP/1.0" 200 21976 "https://mail.omkar.com/" "Mozilla/5.0 (Windows NT 10.0; Win64; x64) AppleWebKit/537.36 (KHTML, like Gecko) Chrome/143.0.0.0 Safari/537.36"
43.231.132.42 - - [28/Jan/2026:09:48:19 +0100] "GET /images/omkar-emailer-logo.jpg HTTP/1.0" 301 1024 "https://mail.omkar.com/" "Mozilla/5.0 (Windows NT 10.0; Win64; x64) AppleWebKit/537.36 (KHTML, like Gecko) Chrome/143.0.0.0 Safari/537.36"
43.231.132.42 - - [28/Jan/2026:09:48:20 +0100] "GET / HTTP/1.0" 200 21976 "https://mail.omkar.com/" "Mozilla/5.0 (Windows NT 10.0; Win64; x64) AppleWebKit/537.36 (KHTML, like Gecko) Chrome/143.0.0.0 Safari/537.36"
43.231.132.42 - - [28/Jan/2026:09:48:20 +0100] "POST / HTTP/1.0" 200 88336 "-" "Microsoft Office/16.0 (Windows NT 10.0; Microsoft Outlook 16.0.5452; Pro)"
43.231.132.42 - - [28/Jan/2026:09:48:20 +0100] "GET /images/omkar-emailer-logo.jpg HTTP/1.0" 301 1024 "https://mail.omkar.com/" "Mozilla/5.0 (Windows NT 10.0; Win64; x64) AppleWebKit/537.36 (KHTML, like Gecko) Chrome/143.0.0.0 Safari/537.36"
43.231.132.42 - - [28/Jan/2026:09:48:21 +0100] "GET / HTTP/1.0" 200 18784 "https://mail.omkar.com/" "Mozilla/5.0 (Windows NT 10.0; Win64; x64) AppleWebKit/537.36 (KHTML, like Gecko) Chrome/143.0.0.0 Safari/537.36"
43.231.132.42 - - [28/Jan/2026:09:48:22 +0100] "GET / HTTP/1.0" 200 21976 "https://mail.omkar.com/" "Mozilla/5.0 (Windows NT 10.0; Win64; x64) AppleWebKit/537.36 (KHTML, like Gecko) Chrome/143.0.0.0 Safari/537.36"
152.58.3.115 - - [28/Jan/2026:09:48:22 +0100] "GET / HTTP/1.0" 200 18914 "https://www.google.com/" "Mozilla/5.0 (Linux; Android 10; K) AppleWebKit/537.36 (KHTML, like Gecko) Chrome/144.0.0.0 Mobile Safari/537.36"
152.58.3.115 - - [28/Jan/2026:09:48:23 +0100] "GET /assets/css/animate.css HTTP/1.0" 200 4019 "https://www.omkar.com/" "Mozilla/5.0 (Linux; Android 10; K) AppleWebKit/537.36 (KHTML, like Gecko) Chrome/144.0.0.0 Mobile Safari/537.36"
152.58.3.115 - - [28/Jan/2026:09:48:23 +0100] "GET /assets/css/owl.carousel.min.css HTTP/1.0" 200 4028 "https://www.omkar.com/" "Mozilla/5.0 (Linux; Android 10; K) AppleWebKit/537.36 (KHTML, like Gecko) Chrome/144.0.0.0 Mobile Safari/537.36"
152.58.3.115 - - [28/Jan/2026:09:48:23 +0100] "GET /assets/css/bootstrap.min.css HTTP/1.0" 200 4025 "https://www.omkar.com/" "Mozilla/5.0 (Linux; Android 10; K) AppleWebKit/537.36 (KHTML, like Gecko) Chrome/144.0.0.0 Mobile Safari/537.36"
152.58.3.115 - - [28/Jan/2026:09:48:23 +0100] "GET /assets/css/reset.css HTTP/1.0" 200 4559 "https://www.omkar.com/" "Mozilla/5.0 (Linux; Android 10; K) AppleWebKit/537.36 (KHTML, like Gecko) Chrome/144.0.0.0 Mobile Safari/537.36"
152.58.3.115 - - [28/Jan/2026:09:48:23 +0100] "GET /assets/css/ion.rangeSlider.css HTTP/1.0" 200 4027 "https://www.omkar.com/" "Mozilla/5.0 (Linux; Android 10; K) AppleWebKit/537.36 (KHTML, like Gecko) Chrome/144.0.0.0 Mobile Safari/537.36"
152.58.3.115 - - [28/Jan/2026:09:48:23 +0100] "GET /assets/css/omkarStyle.css HTTP/1.0" 200 4022 "https://www.omkar.com/" "Mozilla/5.0 (Linux; Android 10; K) AppleWebKit/537.36 (KHTML, like Gecko) Chrome/144.0.0.0 Mobile Safari/537.36"
