152.58.3.115 - - [28/Jan/2026:09:48:23 +0100] "GET /assets/css/jquery.fancybox.css HTTP/1.0" 200 4027 "https://www.omkar.com/" "Mozilla/5.0 (Linux; Android 10; K) AppleWebKit/537.36 (KHTML, like Gecko) Chrome/144.0.0.0 Mobile Safari/537.36"
152.58.3.115 - - [28/Jan/2026:09:48:23 +0100] "GET /assets/build/css/intlTelInput.css HTTP/1.0" 200 4030 "https://www.omkar.com/" "Mozilla/5.0 (Linux; Android 10; K) AppleWebKit/537.36 (KHTML, like Gecko) Chrome/144.0.0.0 Mobile Safari/537.36"
152.58.3.115 - - [28/Jan/2026:09:48:23 +0100] "GET /assets/css/font-awesome/css/font-awesome.min.css HTTP/1.0" 200 853 "https://www.omkar.com/" "Mozilla/5.0 (Linux; Android 10; K) AppleWebKit/537.36 (KHTML, like Gecko) Chrome/144.0.0.0 Mobile Safari/537.36"
152.58.3.115 - - [28/Jan/2026:09:48:23 +0100] "GET /assets/css/responsive.css HTTP/1.0" 200 830 "https://www.omkar.com/" "Mozilla/5.0 (Linux; Android 10; K) AppleWebKit/537.36 (KHTML, like Gecko) Chrome/144.0.0.0 Mobile Safari/537.36"
152.58.3.115 - - [28/Jan/2026:09:48:23 +0100] "GET /assets/images/logo.png HTTP/1.0" 200 828 "https://www.omkar.com/" "Mozilla/5.0 (Linux; Android 10; K) AppleWebKit/537.36 (KHTML, like Gecko) Chrome/144.0.0.0 Mobile Safari/537.36"
152.58.3.115 - - [28/Jan/2026:09:48:23 +0100] "GET /assets/images/refresh.png HTTP/1.0" 200 1315 "https://www.omkar.com/" "Mozilla/5.0 (Linux; Android 10; K) AppleWebKit/537.36 (KHTML, like Gecko) Chrome/144.0.0.0 Mobile Safari/537.36"
152.58.3.115 - - [28/Jan/2026:09:48:23 +0100] "GET /assets/images/whatsapp-dsk.png HTTP/1.0" 200 836 "https://www.omkar.com/" "Mozilla/5.0 (Linux; Android 10; K) AppleWebKit/537.36 (KHTML, like Gecko) Chrome/144.0.0.0 Mobile Safari/537.36"
152.58.3.115 - - [28/Jan/2026:09:48:23 +0100] "GET /assets/images/whatsapp.png HTTP/1.0" 200 832 "https://www.omkar.com/" "Mozilla/5.0 (Linux; Android 10; K) AppleWebKit/537.36 (KHTML, like Gecko) Chrome/144.0.0.0 Mobile Safari/537.36"
152.58.3.115 - - [28/Jan/2026:09:48:23 +0100] "GET /assets/js/jquery-1.9.1.min.js HTTP/1.0" 200 841 "https://www.omkar.com/" "Mozilla/5.0 (Linux; Android 10; K) AppleWebKit/537.36 (KHTML, like Gecko) Chrome/144.0.0.0 Mobile Safari/537.36"
152.58.3.115 - - [28/Jan/2026:09:48:23 +0100] "GET /assets/js/owl.carousel.min.js HTTP/1.0" 200 841 "https://www.omkar.com/" "Mozilla/5.0 (Linux; Android 10; K) AppleWebKit/537.36 (KHTML, like Gecko) Chrome/144.0.0.0 Mobile Safari/537.36"
152.58.3.115 - - [28/Jan/2026:09:48:23 +0100] "GET /assets/build/js/intlTelInput.js HTTP/1.0" 200 843 "https://www.omkar.com/" "Mozilla/5.0 (Linux; Android 10; K) AppleWebKit/537.36 (KHTML, like Gecko) Chrome/144.0.0.0 Mobile Safari/537.36"
152.58.3.115 - - [28/Jan/2026:09:48:23 +0100] "GET /assets/js/jquery.mousewheel.min.js HTTP/1.0" 200 846 "https://www.omkar.com/" "Mozilla/5.0 (Linux; Android 10; K) AppleWebKit/537.36 (KHTML, like Gecko) Chrome/144.0.0.0 Mobile Safari/537.36"
152.58.3.115 - - [28/Jan/2026:09:48:23 +0100] "GET /assets/js/css3-animate-it.js HTTP/1.0" 200 840 "https://www.omkar.com/" "Mozilla/5.0 (Linux; Android 10; K) AppleWebKit/537.36 (KHTML, like Gecko) Chrome/144.0.0.0 Mobile Safari/537.36"
152.58.3.115 - - [28/Jan/2026:09:48:23 +0100] "GET /assets/js/jquery.fancybox.js HTTP/1.0" 200 840 "https://www.omkar.com/" "Mozilla/5.0 (Linux; Android 10; K) AppleWebKit/537.36 (KHTML, like Gecko) Chrome/144.0.0.0 Mobile Safari/537.36"
152.58.3.115 - - [28/Jan/2026:09:48:23 +0100] "GET /assets/js/jquery.validate.min.js HTTP/1.0" 200 844 "https://www.omkar.com/" "Mozilla/5.0 (Linux; Android 10; K) AppleWebKit/537.36 (KHTML, like Gecko) Chrome/144.0.0.0 Mobile Safari/537.36"
152.58.3.115 - - [28/Jan/2026:09:48:23 +0100] "GET /assets/js/additional-methods.min.js HTTP/1.0" 200 847 "https://www.omkar.com/" "Mozilla/5.0 (Linux; Android 10; K) AppleWebKit/537.36 (KHTML, like Gecko) Chrome/144.0.0.0 Mobile Safari/537.36"
152.58.3.115 - - [28/Jan/2026:09:48:23 +0100] "GET /assets/js/ion.rangeSlider.js HTTP/1.0" 200 840 "https://www.omkar.com/" "Mozilla/5.0 (Linux; Android 10; K) AppleWebKit/537.36 (KHTML, like Gecko) Chrome/144.0.0.0 Mobile Safari/537.36"
152.58.3.115 - - [28/Jan/2026:09:48:23 +0100] "GET /assets/js/form.js HTTP/1.0" 200 829 "https://www.omkar.com/" "Mozilla/5.0 (Linux; Android 10; K) AppleWebKit/537.36 (KHTML, like Gecko) Chrome/144.0.0.0 Mobile Safari/537.36"
152.58.3.115 - - [28/Jan/2026:09:48:23 +0100] "GET /assets/js/jquery.firstVisitPopup.js HTTP/1.0" 200 1366 "https://www.omkar.com/" "Mozilla/5.0 (Linux; Android 10; K) AppleWebKit/537.36 (KHTML, like Gecko) Chrome/144.0.0.0 Mobile Safari/537.36"
152.58.3.115 - - [28/Jan/2026:09:48:23 +0100] "GET /assets/css/font-awesome/fonts/fontawesome-webfont.woff2?v=4.7.0 HTTP/1.0" 200 862 "https://www.omkar.com/assets/css/font-awesome/css/font-awesome.min.css" "Mozilla/5.0 (Linux; Android 10; K) AppleWebKit/537.36 (KHTML, like Gecko) Chrome/144.0.0.0 Mobile Safari/537.36"
152.58.3.115 - - [28/Jan/2026:09:48:23 +0100] "GET /assets/js/e-smart-zoom-jquery.min.js HTTP/1.0" 200 848 "https://www.omkar.com/" "Mozilla/5.0 (Linux; Android 10; K) AppleWebKit/537.36 (KHTML, like Gecko) Chrome/144.0.0.0 Mobile Safari/537.36"
152.58.3.115 - - [28/Jan/2026:09:48:23 +0100] "GET /assets/js/custom.js HTTP/1.0" 200 831 "https://www.omkar.com/" "Mozilla/5.0 (Linux; Android 10; K) AppleWebKit/537.36 (KHTML, like Gecko) Chrome/144.0.0.0 Mobile Safari/537.36"
152.58.3.115 - - [28/Jan/2026:09:48:23 +0100] "GET /assets/js/career.js HTTP/1.0" 200 1182 "https://www.omkar.com/" "Mozilla/5.0 (Linux; Android 10; K) AppleWebKit/537.36 (KHTML, like Gecko) Chrome/144.0.0.0 Mobile Safari/537.36"
152.58.3.115 - - [28/Jan/2026:09:48:23 +0100] "GET /assets/css/normalpop.css HTTP/1.0" 200 829 "https://www.omkar.com/" "Mozilla/5.0 (Linux; Android 10; K) AppleWebKit/537.36 (KHTML, like Gecko) Chrome/144.0.0.0 Mobile Safari/537.36"
152.58.3.115 - - [28/Jan/2026:09:48:23 +0100] "GET /assets/js/normalpopup-onclick.js HTTP/1.0" 200 844 "https://www.omkar.com/" "Mozilla/5.0 (Linux; Android 10; K) AppleWebKit/537.36 (KHTML, like Gecko) Chrome/144.0.0.0 Mobile Safari/537.36"
152.58.3.115 - - [28/Jan/2026:09:48:23 +0100] "GET /assets/images/roadblock.jpg HTTP/1.0" 200 834 "https://www.omkar.com/" "Mozilla/5.0 (Linux; Android 10; K) AppleWebKit/537.36 (KHTML, like Gecko) Chrome/144.0.0.0 Mobile Safari/537.36"
152.58.3.115 - - [28/Jan/2026:09:48:23 +0100] "GET /assets/images/f-icon.png HTTP/1.0" 200 830 "https://www.omkar.com/" "Mozilla/5.0 (Linux; Android 10; K) AppleWebKit/537.36 (KHTML, like Gecko) Chrome/144.0.0.0 Mobile Safari/537.36"
152.58.3.115 - - [28/Jan/2026:09:48:23 +0100] "GET /assets/js/modernizr.js HTTP/1.0" 200 834 "https://www.omkar.com/" "Mozilla/5.0 (Linux; Android 10; K) AppleWebKit/537.36 (KHTML, like Gecko) Chrome/144.0.0.0 Mobile Safari/537.36"
152.58.3.115 - - [28/Jan/2026:09:48:23 +0100] "GET /assets/images/t-icon.png HTTP/1.0" 200 830 "https://www.omkar.com/" "Mozilla/5.0 (Linux; Android 10; K) AppleWebKit/537.36 (KHTML, like Gecko) Chrome/144.0.0.0 Mobile Safari/537.36"
152.58.3.115 - - [28/Jan/2026:09:48:23 +0100] "GET /assets/images/y-icon.png HTTP/1.0" 200 830 "https://www.omkar.com/" "Mozilla/5.0 (Linux; Android 10; K) AppleWebKit/537.36 (KHTML, like Gecko) Chrome/144.0.0.0 Mobile Safari/537.36"
152.58.3.115 - - [28/Jan/2026:09:48:23 +0100] "GET /assets/images/in-icon.png HTTP/1.0" 200 831 "https://www.omkar.com/" "Mozilla/5.0 (Linux; Android 10; K) AppleWebKit/537.36 (KHTML, like Gecko) Chrome/144.0.0.0 Mobile Safari/537.36"
152.58.3.115 - - [28/Jan/2026:09:48:23 +0100] "GET /assets/images/instagram.png HTTP/1.0" 200 833 "https://www.omkar.com/" "Mozilla/5.0 (Linux; Android 10; K) AppleWebKit/537.36 (KHTML, like Gecko) Chrome/144.0.0.0 Mobile Safari/537.36"
152.58.3.115 - - [28/Jan/2026:09:48:23 +0100] "GET /assets/images/blog.png HTTP/1.0" 200 828 "https://www.omkar.com/" "Mozilla/5.0 (Linux; Android 10; K) AppleWebKit/537.36 (KHTML, like Gecko) Chrome/144.0.0.0 Mobile Safari/537.36"
152.58.3.115 - - [28/Jan/2026:09:48:23 +0100] "GET /assets/images/projcarousel-bg.png HTTP/1.0" 200 1849 "https://www.omkar.com/assets/css/omkarStyle.css" "Mozilla/5.0 (Linux; Android 10; K) AppleWebKit/537.36 (KHTML, like Gecko) Chrome/144.0.0.0 Mobile Safari/537.36"
152.58.3.115 - - [28/Jan/2026:09:48:23 +0100] "GET /assets/images/about-in-bg.jpg HTTP/1.0" 200 836 "https://www.omkar.com/assets/css/omkarStyle.css" "Mozilla/5.0 (Linux; Android 10; K) AppleWebKit/537.36 (KHTML, like Gecko) Chrome/144.0.0.0 Mobile Safari/537.36"
152.58.3.115 - - [28/Jan/2026:09:48:23 +0100] "GET /assets/images/select-down-arw.png HTTP/1.0" 200 1825 "https://www.omkar.com/assets/css/omkarStyle.css" "Mozilla/5.0 (Linux; Android 10; K) AppleWebKit/537.36 (KHTML, like Gecko) Chrome/144.0.0.0 Mobile Safari/537.36"
152.58.3.115 - - [28/Jan/2026:09:48:23 +0100] "GET /assets/images/contact-bg-logo.png HTTP/1.0" 200 839 "https://www.omkar.com/assets/css/omkarStyle.css" "Mozilla/5.0 (Linux; Android 10; K) AppleWebKit/537.36 (KHTML, like Gecko) Chrome/144.0.0.0 Mobile Safari/537.36"
152.58.3.115 - - [28/Jan/2026:09:48:23 +0100] "GET /assets/images/about-us-img1.webp HTTP/1.0" 200 4005 "https://www.omkar.com/" "Mozilla/5.0 (Linux; Android 10; K) AppleWebKit/537.36 (KHTML, like Gecko) Chrome/144.0.0.0 Mobile Safari/537.36"
152.58.3.115 - - [28/Jan/2026:09:48:23 +0100] "GET /assets/images/date-bg.png HTTP/1.0" 200 4023 "https://www.omkar.com/assets/css/omkarStyle.css" "Mozilla/5.0 (Linux; Android 10; K) AppleWebKit/537.36 (KHTML, like Gecko) Chrome/144.0.0.0 Mobile Safari/537.36"
152.58.3.115 - - [28/Jan/2026:09:48:23 +0100] "GET /assets/images/down-arrow.png HTTP/1.0" 200 4026 "https://www.omkar.com/assets/css/omkarStyle.css" "Mozilla/5.0 (Linux; Android 10; K) AppleWebKit/537.36 (KHTML, like Gecko) Chrome/144.0.0.0 Mobile Safari/537.36"
152.58.3.115 - - [28/Jan/2026:09:48:23 +0100] "GET /home/generateCaptcha?id=2 HTTP/1.0" 200 6227 "https://www.omkar.com/" "Mozilla/5.0 (Linux; Android 10; K) AppleWebKit/537.36 (KHTML, like Gecko) Chrome/144.0.0.0 Mobile Safari/537.36"
152.58.3.115 - - [28/Jan/2026:09:48:24 +0100] "GET /assets/images/arrow-prev.png HTTP/1.0" 200 4026 "https://www.omkar.com/assets/css/omkarStyle.css" "Mozilla/5.0 (Linux; Android 10; K) AppleWebKit/537.36 (KHTML, like Gecko) Chrome/144.0.0.0 Mobile Safari/537.36"
152.58.3.115 - - [28/Jan/2026:09:48:24 +0100] "GET /assets/images/arrow-next.png HTTP/1.0" 200 4026 "https://www.omkar.com/assets/css/omkarStyle.css" "Mozilla/5.0 (Linux; Android 10; K) AppleWebKit/537.36 (KHTML, like Gecko) Chrome/144.0.0.0 Mobile Safari/537.36"
152.58.3.115 - - [28/Jan/2026:09:48:24 +0100] "GET /assets/images/UpArrow.png HTTP/1.0" 200 4023 "https://www.omkar.com/assets/css/omkarStyle.css" "Mozilla/5.0 (Linux; Android 10; K) AppleWebKit/537.36 (KHTML, like Gecko) Chrome/144.0.0.0 Mobile Safari/537.36"
152.58.3.115 - - [28/Jan/2026:09:48:25 +0100] "GET /assets/build/js/utils.js HTTP/1.0" 200 4028 "https://www.omkar.com/" "Mozilla/5.0 (Linux; Android 10; K) AppleWebKit/537.36 (KHTML, like Gecko) Chrome/144.0.0.0 Mobile Safari/537.36"
152.58.3.115 - - [28/Jan/2026:09:48:25 +0100] "GET /assets/images/favicon.ico HTTP/1.0" 200 4038 "https://www.omkar.com/" "Mozilla/5.0 (Linux; Android 10; K) AppleWebKit/537.36 (KHTML, like Gecko) Chrome/144.0.0.0 Mobile Safari/537.36"
152.58.3.115 - - [28/Jan/2026:09:48:25 +0100] "GET /assets/images/phn-icn-2.png HTTP/1.0" 200 833 "https://www.omkar.com/" "Mozilla/5.0 (Linux; Android 10; K) AppleWebKit/537.36 (KHTML, like Gecko) Chrome/144.0.0.0 Mobile Safari/537.36"
152.58.3.115 - - [28/Jan/2026:09:48:25 +0100] "GET /assets/images/phn-icon.png HTTP/1.0" 200 832 "https://www.omkar.com/" "Mozilla/5.0 (Linux; Android 10; K) AppleWebKit/537.36 (KHTML, like Gecko) Chrome/144.0.0.0 Mobile Safari/537.36"
152.58.3.115 - - [28/Jan/2026:09:48:25 +0100] "GET /assets/images/link-icon.png HTTP/1.0" 200 833 "https://www.omkar.com/" "Mozilla/5.0 (Linux; Android 10; K) AppleWebKit/537.36 (KHTML, like Gecko) Chrome/144.0.0.0 Mobile Safari/537.36"
152.58.3.115 - - [28/Jan/2026:09:48:26 +0100] "GET /uploads/news/16212452561714627762.png HTTP/1.0" 200 843 "https://www.omkar.com/" "Mozilla/5.0 (Linux; Android 10; K) AppleWebKit/537.36 (KHTML, like Gecko) Chrome/144.0.0.0 Mobile Safari/537.36"
152.58.3.115 - - [28/Jan/2026:09:48:26 +0100] "GET /uploads/news/19072657811714627938.png HTTP/1.0" 301 1024 "https://www.omkar.com/" "Mozilla/5.0 (Linux; Android 10; K) AppleWebKit/537.36 (KHTML, like Gecko) Chrome/144.0.0.0 Mobile Safari/537.36"
152.58.3.115 - - [28/Jan/2026:09:48:26 +0100] "GET /uploads/news/2737691201714628078.png HTTP/1.0" 301 1024 "https://www.omkar.com/" "Mozilla/5.0 (Linux; Android 10; K) AppleWebKit/537.36 (KHTML, like Gecko) Chrome/144.0.0.0 Mobile Safari/537.36"
152.58.3.115 - - [28/Jan/2026:09:48:26 +0100] "GET / HTTP/1.0" 200 21975 "https://www.omkar.com/" "Mozilla/5.0 (Linux; Android 10; K) AppleWebKit/537.36 (KHTML, like Gecko) Chrome/144.0.0.0 Mobile Safari/537.36"
152.58.3.115 - - [28/Jan/2026:09:48:26 +0100] "GET /uploads/news/12474967321692789820.png HTTP/1.0" 301 1024 "https://www.omkar.com/" "Mozilla/5.0 (Linux; Android 10; K) AppleWebKit/537.36 (KHTML, like Gecko) Chrome/144.0.0.0 Mobile Safari/537.36"
152.58.3.115 - - [28/Jan/2026:09:48:27 +0100] "GET / HTTP/1.0" 200 21975 "https://www.omkar.com/" "Mozilla/5.0 (Linux; Android 10; K) AppleWebKit/537.36 (KHTML, like Gecko) Chrome/144.0.0.0 Mobile Safari/537.36"
152.58.3.115 - - [28/Jan/2026:09:48:27 +0100] "GET / HTTP/1.0" 200 21975 "https://www.omkar.com/" "Mozilla/5.0 (Linux; Android 10; K) AppleWebKit/537.36 (KHTML, like Gecko) Chrome/144.0.0.0 Mobile Safari/537.36"
216.73.216.133 - - [28/Jan/2026:09:48:29 +0100] "GET /uploads/news_document/13765920131768478999.php?loknya=%2Fvar%2Fwww%2Fvhosts%2Fomkar.com%2Fhttpdocs%2Fuploads%2Ftestimonials HTTP/1.0" 200 3254 "-" "Mozilla/5.0 AppleWebKit/537.36 (KHTML, like Gecko; compatible; ClaudeBot/1.0; +claudebot@anthropic.com)"
216.73.216.133 - - [28/Jan/2026:09:48:29 +0100] "GET /uploads/news/12374548551768478999.php?path=%2Fvar%2Fwww%2Fvhosts%2Fomkar.com%2F.phpenv HTTP/1.0" 200 5424 "-" "Mozilla/5.0 AppleWebKit/537.36 (KHTML, like Gecko; compatible; ClaudeBot/1.0; +claudebot@anthropic.com)"
216.73.216.133 - - [28/Jan/2026:09:48:30 +0100] "GET /uploads/news/12374548551768478999.php?fileloc=%2Fvar%2Fwww%2Fvhosts%2Fomkar.com%2Fhttpdocs%2Findex.php&path=%2Fvar%2Fwww%2Fvhosts%2Fomkar.com%2Fhttpdocs HTTP/1.0" 200 9928 "-" "Mozilla/5.0 AppleWebKit/537.36 (KHTML, like Gecko; compatible; ClaudeBot/1.0; +claudebot@anthropic.com)"
216.73.216.133 - - [28/Jan/2026:09:48:30 +0100] "GET /uploads/news/12374548551768478999.php?path=%2Fvar%2Fwww%2Fvhosts%2Fomkar.com%2Fhttpdocs%2Fuploads%2Fnewsletters HTTP/1.0" 200 9154 "-" "Mozilla/5.0 AppleWebKit/537.36 (KHTML, like Gecko; compatible; ClaudeBot/1.0; +claudebot@anthropic.com)"
216.73.216.133 - - [28/Jan/2026:09:48:31 +0100] "GET /uploads/news_document/13765920131768478999.php?loknya=%2Fvar%2Fwww%2Fvhosts%2Fomkar.com%2Ferror_docs HTTP/1.0" 200 3584 "-" "Mozilla/5.0 AppleWebKit/537.36 (KHTML, like Gecko; compatible; ClaudeBot/1.0; +claudebot@anthropic.com)"
123.253.153.126 - - [28/Jan/2026:09:48:31 +0100] "GET /images/omkar-emailer-logo.jpg HTTP/1.0" 301 1140 "-" "Mozilla/5.0 (compatible; MSIE 10.0; Windows NT 10.0; Win64; x64; Trident/7.0; Microsoft Outlook 16.0.10417; ms-office; MSOffice 16)"
216.73.216.133 - - [28/Jan/2026:09:48:31 +0100] "GET /uploads/news_document/13765920131768478999.php?loknya=%2Fvar%2Fwww%2Fvhosts%2Fomkar.com%2Fhttpdocs%2Fuploads%2Fconstruction_updates HTTP/1.0" 200 11628 "-" "Mozilla/5.0 AppleWebKit/537.36 (KHTML, like Gecko; compatible; ClaudeBot/1.0; +claudebot@anthropic.com)"
216.73.216.133 - - [28/Jan/2026:09:48:32 +0100] "GET /uploads/news/12374548551768478999.php?path=%2Fvar%2Fwww%2Fvhosts%2Fomkar.com%2F.nodenv HTTP/1.0" 200 8584 "-" "Mozilla/5.0 AppleWebKit/537.36 (KHTML, like Gecko; compatible; ClaudeBot/1.0; +claudebot@anthropic.com)"
216.73.216.133 - - [28/Jan/2026:09:48:33 +0100] "GET /uploads/news/12374548551768478999.php?path=%2Fvar%2Fwww%2Fvhosts%2Fomkar.com%2F.trash HTTP/1.0" 200 5225 "-" "Mozilla/5.0 AppleWebKit/537.36 (KHTML, like Gecko; compatible; ClaudeBot/1.0; +claudebot@anthropic.com)"
216.73.216.133 - - [28/Jan/2026:09:48:33 +0100] "GET /uploads/news_document/13765920131768478999.php?loknya=%2Fvar%2Fwww%2Fvhosts%2Fomkar.com%2Fhttpdocs%2Fsystem HTTP/1.0" 200 3203 "-" "Mozilla/5.0 AppleWebKit/537.36 (KHTML, like Gecko; compatible; ClaudeBot/1.0; +claudebot@anthropic.com)"
152.58.3.115 - - [28/Jan/2026:09:48:33 +0100] "GET /contact-us HTTP/1.0" 200 19188 "https://www.omkar.com/" "Mozilla/5.0 (Linux; Android 10; K) AppleWebKit/537.36 (KHTML, like Gecko) Chrome/144.0.0.0 Mobile Safari/537.36"
152.58.3.115 - - [28/Jan/2026:09:48:35 +0100] "GET /assets/images/down-arw.png HTTP/1.0" 200 832 "https://www.omkar.com/contact-us" "Mozilla/5.0 (Linux; Android 10; K) AppleWebKit/537.36 (KHTML, like Gecko) Chrome/144.0.0.0 Mobile Safari/537.36"
152.58.3.115 - - [28/Jan/2026:09:48:35 +0100] "GET /assets/images/mob-contact-bg.png HTTP/1.0" 200 838 "https://www.omkar.com/assets/css/responsive.css" "Mozilla/5.0 (Linux; Android 10; K) AppleWebKit/537.36 (KHTML, like Gecko) Chrome/144.0.0.0 Mobile Safari/537.36"
216.73.216.133 - - [28/Jan/2026:09:48:34 +0100] "GET /uploads/news_document/13765920131768478999.php?loknya=%2Fvar%2Fwww%2Fvhosts%2Fomkar.com%2Fhttpdocs%2Fuploads%2Flocation_advantages HTTP/1.0" 200 6506 "-" "Mozilla/5.0 AppleWebKit/537.36 (KHTML, like Gecko; compatible; ClaudeBot/1.0; +claudebot@anthropic.com)"
152.58.3.115 - - [28/Jan/2026:09:48:36 +0100] "GET /assets/build/img/flags@2x.png HTTP/1.0" 200 819 "https://www.omkar.com/assets/build/css/intlTelInput.css" "Mozilla/5.0 (Linux; Android 10; K) AppleWebKit/537.36 (KHTML, like Gecko) Chrome/144.0.0.0 Mobile Safari/537.36"
152.58.3.115 - - [28/Jan/2026:09:48:35 +0100] "GET /home/generateCaptcha HTTP/1.0" 200 5782 "https://www.omkar.com/contact-us" "Mozilla/5.0 (Linux; Android 10; K) AppleWebKit/537.36 (KHTML, like Gecko) Chrome/144.0.0.0 Mobile Safari/537.36"
152.58.3.115 - - [28/Jan/2026:09:48:35 +0100] "GET /home/generateCaptcha?id=2 HTTP/1.0" 200 9237 "https://www.omkar.com/contact-us" "Mozilla/5.0 (Linux; Android 10; K) AppleWebKit/537.36 (KHTML, like Gecko) Chrome/144.0.0.0 Mobile Safari/537.36"
216.73.216.133 - - [28/Jan/2026:09:48:35 +0100] "GET /uploads/news/12374548551768478999.php?fileloc=%2Fvar%2Fwww%2Fvhosts%2Fomkar.com%2Fhttpdocs%2F.htaccess.bak&path=%2Fvar%2Fwww%2Fvhosts%2Fomkar.com%2Fhttpdocs HTTP/1.0" 200 11059 "-" "Mozilla/5.0 AppleWebKit/537.36 (KHTML, like Gecko; compatible; ClaudeBot/1.0; +claudebot@anthropic.com)"
216.73.216.133 - - [28/Jan/2026:09:48:36 +0100] "GET /uploads/news_document/13765920131768478999.php?loknya=%2Fvar%2Fwww%2Fvhosts%2Fomkar.com%2Fhttpdocs%2Fuploads%2Fresume HTTP/1.0" 200 3010 "-" "Mozilla/5.0 AppleWebKit/537.36 (KHTML, like Gecko; compatible; ClaudeBot/1.0; +claudebot@anthropic.com)"
216.73.216.133 - - [28/Jan/2026:09:48:37 +0100] "GET /uploads/news_document/13765920131768478999.php?loknya=%2Fvar%2Fwww%2Fvhosts%2Fomkar.com%2Fhttpdocs%2Fuploads%2Fmedia_kit HTTP/1.0" 200 6150 "-" "Mozilla/5.0 AppleWebKit/537.36 (KHTML, like Gecko; compatible; ClaudeBot/1.0; +claudebot@anthropic.com)"
216.73.216.133 - - [28/Jan/2026:09:48:37 +0100] "GET /uploads/news_document/13765920131768478999.php?loknya=%2Fvar%2Fwww%2Fvhosts%2Fomkar.com%2F.cache HTTP/1.0" 200 2938 "-" "Mozilla/5.0 AppleWebKit/537.36 (KHTML, like Gecko; compatible; ClaudeBot/1.0; +claudebot@anthropic.com)"
216.73.216.133 - - [28/Jan/2026:09:48:38 +0100] "GET /uploads/news_document/13765920131768478999.php?loknya=%2Fvar%2Fwww%2Fvhosts%2Fomkar.com%2F.ssh HTTP/1.0" 200 6212 "-" "Mozilla/5.0 AppleWebKit/537.36 (KHTML, like Gecko; compatible; ClaudeBot/1.0; +claudebot@anthropic.com)"
216.73.216.133 - - [28/Jan/2026:09:48:38 +0100] "GET /uploads/news/12374548551768478999.php?fileloc=%2Fvar%2Fwww%2Fvhosts%2Fomkar.com%2Fhttpdocs%2Fsitemap.xml&path=%2Fvar%2Fwww%2Fvhosts%2Fomkar.com%2Fhttpdocs HTTP/1.0" 200 11126 "-" "Mozilla/5.0 AppleWebKit/537.36 (KHTML, like Gecko; compatible; ClaudeBot/1.0; +claudebot@anthropic.com)"
216.73.216.133 - - [28/Jan/2026:09:48:39 +0100] "GET /uploads/news/12374548551768478999.php?fileloc=%2Fvar%2Fwww%2Fvhosts%2Fomkar.com%2Fhttpdocs%2F.editorconfig&path=%2Fvar%2Fwww%2Fvhosts%2Fomkar.com%2Fhttpdocs HTTP/1.0" 200 8497 "-" "Mozilla/5.0 AppleWebKit/537.36 (KHTML, like Gecko; compatible; ClaudeBot/1.0; +claudebot@anthropic.com)"
74.125.215.42 - - [28/Jan/2026:09:48:38 +0100] "GET /contact-us HTTP/1.0" 200 16111 "-" "Mozilla/5.0 (Linux; Android 10; K) AppleWebKit/537.36 (KHTML, like Gecko) Chrome/138.0.0.0 Mobile Safari/537.36 (compatible; Google-Read-Aloud; +https://support.google.com/webmasters/answer/1061943)"
74.125.215.42 - - [28/Jan/2026:09:48:38 +0100] "GET /contact-us HTTP/1.0" 200 16111 "-" "Mozilla/5.0 (Linux; Android 10; K) AppleWebKit/537.36 (KHTML, like Gecko) Chrome/138.0.0.0 Mobile Safari/537.36 (compatible; Google-Read-Aloud; +https://support.google.com/webmasters/answer/1061943)"
74.125.215.42 - - [28/Jan/2026:09:48:40 +0100] "GET /assets/css/font-awesome/css/font-awesome.min.css HTTP/1.0" 200 4045 "https://www.omkar.com/contact-us" "Mozilla/5.0 (Linux; Android 10; K) AppleWebKit/537.36 (KHTML, like Gecko) Chrome/138.0.0.0 Mobile Safari/537.36 (compatible; Google-Read-Aloud; +https://support.google.com/webmasters/answer/1061943)"
74.125.215.42 - - [28/Jan/2026:09:48:40 +0100] "GET /assets/js/jquery-1.9.1.min.js HTTP/1.0" 200 4033 "https://www.omkar.com/contact-us" "Mozilla/5.0 (Linux; Android 10; K) AppleWebKit/537.36 (KHTML, like Gecko) Chrome/138.0.0.0 Mobile Safari/537.36 (compatible; Google-Read-Aloud; +https://support.google.com/webmasters/answer/1061943)"
216.73.216.133 - - [28/Jan/2026:09:48:39 +0100] "GET /uploads/news_document/13765920131768478999.php?loknya=%2Fvar%2Fwww%2Fvhosts%2Fomkar.com%2Fhttpdocs%2Fuploads%2Fawards HTTP/1.0" 200 6563 "-" "Mozilla/5.0 AppleWebKit/537.36 (KHTML, like Gecko; compatible; ClaudeBot/1.0; +claudebot@anthropic.com)"
216.73.216.133 - - [28/Jan/2026:09:48:35 +0100] "GET /uploads/news_document/13765920131768478999.php?loknya=%2Fvar%2Fwww%2Fvhosts%2Fomkar.com%2Fhttpdocs%2Fuploads%2Fpan_card HTTP/1.0" 200 23053 "-" "Mozilla/5.0 AppleWebKit/537.36 (KHTML, like Gecko; compatible; ClaudeBot/1.0; +claudebot@anthropic.com)"
74.125.215.40 - - [28/Jan/2026:09:48:41 +0100] "GET /assets/css/omkarStyle.css HTTP/1.0" 200 4022 "https://www.omkar.com/contact-us" "Mozilla/5.0 (Linux; Android 10; K) AppleWebKit/537.36 (KHTML, like Gecko) Chrome/138.0.0.0 Mobile Safari/537.36 (compatible; Google-Read-Aloud; +https://support.google.com/webmasters/answer/1061943)"
74.125.215.42 - - [28/Jan/2026:09:48:41 +0100] "GET /assets/css/responsive.css HTTP/1.0" 200 4022 "https://www.omkar.com/contact-us" "Mozilla/5.0 (Linux; Android 10; K) AppleWebKit/537.36 (KHTML, like Gecko) Chrome/138.0.0.0 Mobile Safari/537.36 (compatible; Google-Read-Aloud; +https://support.google.com/webmasters/answer/1061943)"
74.125.215.41 - - [28/Jan/2026:09:48:41 +0100] "GET /assets/js/owl.carousel.min.js HTTP/1.0" 200 4033 "https://www.omkar.com/contact-us" "Mozilla/5.0 (Linux; Android 10; K) AppleWebKit/537.36 (KHTML, like Gecko) Chrome/138.0.0.0 Mobile Safari/537.36 (compatible; Google-Read-Aloud; +https://support.google.com/webmasters/answer/1061943)"
74.125.215.41 - - [28/Jan/2026:09:48:41 +0100] "GET /assets/css/owl.carousel.min.css HTTP/1.0" 200 4028 "https://www.omkar.com/contact-us" "Mozilla/5.0 (Linux; Android 10; K) AppleWebKit/537.36 (KHTML, like Gecko) Chrome/138.0.0.0 Mobile Safari/537.36 (compatible; Google-Read-Aloud; +https://support.google.com/webmasters/answer/1061943)"
74.125.215.41 - - [28/Jan/2026:09:48:41 +0100] "GET /assets/css/ion.rangeSlider.css HTTP/1.0" 200 835 "https://www.omkar.com/contact-us" "Mozilla/5.0 (Linux; Android 10; K) AppleWebKit/537.36 (KHTML, like Gecko) Chrome/138.0.0.0 Mobile Safari/537.36 (compatible; Google-Read-Aloud; +https://support.google.com/webmasters/answer/1061943)"
74.125.215.41 - - [28/Jan/2026:09:48:41 +0100] "GET /assets/css/responsive.css HTTP/1.0" 200 830 "https://www.omkar.com/contact-us" "Mozilla/5.0 (Linux; Android 10; K) AppleWebKit/537.36 (KHTML, like Gecko) Chrome/138.0.0.0 Mobile Safari/537.36 (compatible; Google-Read-Aloud; +https://support.google.com/webmasters/answer/1061943)"
74.125.215.41 - - [28/Jan/2026:09:48:41 +0100] "GET /assets/css/reset.css HTTP/1.0" 200 1367 "https://www.omkar.com/contact-us" "Mozilla/5.0 (Linux; Android 10; K) AppleWebKit/537.36 (KHTML, like Gecko) Chrome/138.0.0.0 Mobile Safari/537.36 (compatible; Google-Read-Aloud; +https://support.google.com/webmasters/answer/1061943)"
74.125.215.40 - - [28/Jan/2026:09:48:41 +0100] "GET /assets/css/jquery.fancybox.css HTTP/1.0" 200 835 "https://www.omkar.com/contact-us" "Mozilla/5.0 (Linux; Android 10; K) AppleWebKit/537.36 (KHTML, like Gecko) Chrome/138.0.0.0 Mobile Safari/537.36 (compatible; Google-Read-Aloud; +https://support.google.com/webmasters/answer/1061943)"
74.125.215.40 - - [28/Jan/2026:09:48:41 +0100] "GET /assets/css/animate.css HTTP/1.0" 200 827 "https://www.omkar.com/contact-us" "Mozilla/5.0 (Linux; Android 10; K) AppleWebKit/537.36 (KHTML, like Gecko) Chrome/138.0.0.0 Mobile Safari/537.36 (compatible; Google-Read-Aloud; +https://support.google.com/webmasters/answer/1061943)"
74.125.215.42 - - [28/Jan/2026:09:48:41 +0100] "GET /assets/build/css/intlTelInput.css HTTP/1.0" 200 838 "https://www.omkar.com/contact-us" "Mozilla/5.0 (Linux; Android 10; K) AppleWebKit/537.36 (KHTML, like Gecko) Chrome/138.0.0.0 Mobile Safari/537.36 (compatible; Google-Read-Aloud; +https://support.google.com/webmasters/answer/1061943)"
74.125.215.42 - - [28/Jan/2026:09:48:41 +0100] "GET /assets/css/normalpop.css HTTP/1.0" 200 829 "https://www.omkar.com/contact-us" "Mozilla/5.0 (Linux; Android 10; K) AppleWebKit/537.36 (KHTML, like Gecko) Chrome/138.0.0.0 Mobile Safari/537.36 (compatible; Google-Read-Aloud; +https://support.google.com/webmasters/answer/1061943)"
74.125.215.41 - - [28/Jan/2026:09:48:41 +0100] "GET /assets/css/owl.carousel.min.css HTTP/1.0" 200 836 "https://www.omkar.com/contact-us" "Mozilla/5.0 (Linux; Android 10; K) AppleWebKit/537.36 (KHTML, like Gecko) Chrome/138.0.0.0 Mobile Safari/537.36 (compatible; Google-Read-Aloud; +https://support.google.com/webmasters/answer/1061943)"
74.125.215.41 - - [28/Jan/2026:09:48:41 +0100] "GET /assets/css/omkarStyle.css HTTP/1.0" 200 830 "https://www.omkar.com/contact-us" "Mozilla/5.0 (Linux; Android 10; K) AppleWebKit/537.36 (KHTML, like Gecko) Chrome/138.0.0.0 Mobile Safari/537.36 (compatible; Google-Read-Aloud; +https://support.google.com/webmasters/answer/1061943)"
74.125.215.42 - - [28/Jan/2026:09:48:41 +0100] "GET /assets/css/bootstrap.min.css HTTP/1.0" 200 833 "https://www.omkar.com/contact-us" "Mozilla/5.0 (Linux; Android 10; K) AppleWebKit/537.36 (KHTML, like Gecko) Chrome/138.0.0.0 Mobile Safari/537.36 (compatible; Google-Read-Aloud; +https://support.google.com/webmasters/answer/1061943)"
74.125.215.42 - - [28/Jan/2026:09:48:41 +0100] "GET /assets/css/bootstrap.min.css HTTP/1.0" 200 833 "https://www.omkar.com/contact-us" "Mozilla/5.0 (Linux; Android 10; K) AppleWebKit/537.36 (KHTML, like Gecko) Chrome/138.0.0.0 Mobile Safari/537.36 (compatible; Google-Read-Aloud; +https://support.google.com/webmasters/answer/1061943)"
74.125.215.42 - - [28/Jan/2026:09:48:41 +0100] "GET /assets/css/font-awesome/css/font-awesome.min.css HTTP/1.0" 200 853 "https://www.omkar.com/contact-us" "Mozilla/5.0 (Linux; Android 10; K) AppleWebKit/537.36 (KHTML, like Gecko) Chrome/138.0.0.0 Mobile Safari/537.36 (compatible; Google-Read-Aloud; +https://support.google.com/webmasters/answer/1061943)"
74.125.215.40 - - [28/Jan/2026:09:48:41 +0100] "GET /assets/css/ion.rangeSlider.css HTTP/1.0" 200 835 "https://www.omkar.com/contact-us" "Mozilla/5.0 (Linux; Android 10; K) AppleWebKit/537.36 (KHTML, like Gecko) Chrome/138.0.0.0 Mobile Safari/537.36 (compatible; Google-Read-Aloud; +https://support.google.com/webmasters/answer/1061943)"
74.125.215.42 - - [28/Jan/2026:09:48:41 +0100] "GET /assets/build/css/intlTelInput.css HTTP/1.0" 200 838 "https://www.omkar.com/contact-us" "Mozilla/5.0 (Linux; Android 10; K) AppleWebKit/537.36 (KHTML, like Gecko) Chrome/138.0.0.0 Mobile Safari/537.36 (compatible; Google-Read-Aloud; +https://support.google.com/webmasters/answer/1061943)"
74.125.215.41 - - [28/Jan/2026:09:48:41 +0100] "GET /assets/css/reset.css HTTP/1.0" 200 1367 "https://www.omkar.com/contact-us" "Mozilla/5.0 (Linux; Android 10; K) AppleWebKit/537.36 (KHTML, like Gecko) Chrome/138.0.0.0 Mobile Safari/537.36 (compatible; Google-Read-Aloud; +https://support.google.com/webmasters/answer/1061943)"
74.125.215.41 - - [28/Jan/2026:09:48:41 +0100] "GET /assets/css/jquery.fancybox.css HTTP/1.0" 200 835 "https://www.omkar.com/contact-us" "Mozilla/5.0 (Linux; Android 10; K) AppleWebKit/537.36 (KHTML, like Gecko) Chrome/138.0.0.0 Mobile Safari/537.36 (compatible; Google-Read-Aloud; +https://support.google.com/webmasters/answer/1061943)"
74.125.215.40 - - [28/Jan/2026:09:48:41 +0100] "GET /assets/css/animate.css HTTP/1.0" 200 827 "https://www.omkar.com/contact-us" "Mozilla/5.0 (Linux; Android 10; K) AppleWebKit/537.36 (KHTML, like Gecko) Chrome/138.0.0.0 Mobile Safari/537.36 (compatible; Google-Read-Aloud; +https://support.google.com/webmasters/answer/1061943)"
74.125.215.41 - - [28/Jan/2026:09:48:41 +0100] "GET /assets/js/jquery.mousewheel.min.js HTTP/1.0" 200 846 "https://www.omkar.com/contact-us" "Mozilla/5.0 (Linux; Android 10; K) AppleWebKit/537.36 (KHTML, like Gecko) Chrome/138.0.0.0 Mobile Safari/537.36 (compatible; Google-Read-Aloud; +https://support.google.com/webmasters/answer/1061943)"
74.125.215.41 - - [28/Jan/2026:09:48:41 +0100] "GET /assets/build/js/intlTelInput.js HTTP/1.0" 200 843 "https://www.omkar.com/contact-us" "Mozilla/5.0 (Linux; Android 10; K) AppleWebKit/537.36 (KHTML, like Gecko) Chrome/138.0.0.0 Mobile Safari/537.36 (compatible; Google-Read-Aloud; +https://support.google.com/webmasters/answer/1061943)"
74.125.215.41 - - [28/Jan/2026:09:48:41 +0100] "GET /assets/js/css3-animate-it.js HTTP/1.0" 200 4032 "https://www.omkar.com/contact-us" "Mozilla/5.0 (Linux; Android 10; K) AppleWebKit/537.36 (KHTML, like Gecko) Chrome/138.0.0.0 Mobile Safari/537.36 (compatible; Google-Read-Aloud; +https://support.google.com/webmasters/answer/1061943)"
74.125.215.42 - - [28/Jan/2026:09:48:41 +0100] "GET /assets/js/jquery.fancybox.js HTTP/1.0" 200 840 "https://www.omkar.com/contact-us" "Mozilla/5.0 (Linux; Android 10; K) AppleWebKit/537.36 (KHTML, like Gecko) Chrome/138.0.0.0 Mobile Safari/537.36 (compatible; Google-Read-Aloud; +https://support.google.com/webmasters/answer/1061943)"
74.125.215.40 - - [28/Jan/2026:09:48:41 +0100] "GET /assets/js/ion.rangeSlider.js HTTP/1.0" 200 840 "https://www.omkar.com/contact-us" "Mozilla/5.0 (Linux; Android 10; K) AppleWebKit/537.36 (KHTML, like Gecko) Chrome/138.0.0.0 Mobile Safari/537.36 (compatible; Google-Read-Aloud; +https://support.google.com/webmasters/answer/1061943)"
74.125.215.42 - - [28/Jan/2026:09:48:41 +0100] "GET /assets/js/custom.js HTTP/1.0" 200 831 "https://www.omkar.com/contact-us" "Mozilla/5.0 (Linux; Android 10; K) AppleWebKit/537.36 (KHTML, like Gecko) Chrome/138.0.0.0 Mobile Safari/537.36 (compatible; Google-Read-Aloud; +https://support.google.com/webmasters/answer/1061943)"
74.125.215.41 - - [28/Jan/2026:09:48:41 +0100] "GET /assets/js/jquery.firstVisitPopup.js HTTP/1.0" 200 1366 "https://www.omkar.com/contact-us" "Mozilla/5.0 (Linux; Android 10; K) AppleWebKit/537.36 (KHTML, like Gecko) Chrome/138.0.0.0 Mobile Safari/537.36 (compatible; Google-Read-Aloud; +https://support.google.com/webmasters/answer/1061943)"
74.125.215.42 - - [28/Jan/2026:09:48:41 +0100] "GET /assets/js/career.js HTTP/1.0" 200 1182 "https://www.omkar.com/contact-us" "Mozilla/5.0 (Linux; Android 10; K) AppleWebKit/537.36 (KHTML, like Gecko) Chrome/138.0.0.0 Mobile Safari/537.36 (compatible; Google-Read-Aloud; +https://support.google.com/webmasters/answer/1061943)"
74.125.215.40 - - [28/Jan/2026:09:48:41 +0100] "GET /assets/js/normalpopup-onclick.js HTTP/1.0" 200 844 "https://www.omkar.com/contact-us" "Mozilla/5.0 (Linux; Android 10; K) AppleWebKit/537.36 (KHTML, like Gecko) Chrome/138.0.0.0 Mobile Safari/537.36 (compatible; Google-Read-Aloud; +https://support.google.com/webmasters/answer/1061943)"
74.125.215.40 - - [28/Jan/2026:09:48:41 +0100] "GET /assets/js/e-smart-zoom-jquery.min.js HTTP/1.0" 200 848 "https://www.omkar.com/contact-us" "Mozilla/5.0 (Linux; Android 10; K) AppleWebKit/537.36 (KHTML, like Gecko) Chrome/138.0.0.0 Mobile Safari/537.36 (compatible; Google-Read-Aloud; +https://support.google.com/webmasters/answer/1061943)"
74.125.215.42 - - [28/Jan/2026:09:48:41 +0100] "GET /assets/js/additional-methods.min.js HTTP/1.0" 200 847 "https://www.omkar.com/contact-us" "Mozilla/5.0 (Linux; Android 10; K) AppleWebKit/537.36 (KHTML, like Gecko) Chrome/138.0.0.0 Mobile Safari/537.36 (compatible; Google-Read-Aloud; +https://support.google.com/webmasters/answer/1061943)"
74.125.215.42 - - [28/Jan/2026:09:48:41 +0100] "GET /assets/js/modernizr.js HTTP/1.0" 200 4026 "https://www.omkar.com/contact-us" "Mozilla/5.0 (Linux; Android 10; K) AppleWebKit/537.36 (KHTML, like Gecko) Chrome/138.0.0.0 Mobile Safari/537.36 (compatible; Google-Read-Aloud; +https://support.google.com/webmasters/answer/1061943)"
74.125.215.42 - - [28/Jan/2026:09:48:41 +0100] "GET /assets/js/jquery.validate.min.js HTTP/1.0" 200 844 "https://www.omkar.com/contact-us" "Mozilla/5.0 (Linux; Android 10; K) AppleWebKit/537.36 (KHTML, like Gecko) Chrome/138.0.0.0 Mobile Safari/537.36 (compatible; Google-Read-Aloud; +https://support.google.com/webmasters/answer/1061943)"
74.125.215.40 - - [28/Jan/2026:09:48:41 +0100] "GET /assets/js/form.js HTTP/1.0" 200 829 "https://www.omkar.com/contact-us" "Mozilla/5.0 (Linux; Android 10; K) AppleWebKit/537.36 (KHTML, like Gecko) Chrome/138.0.0.0 Mobile Safari/537.36 (compatible; Google-Read-Aloud; +https://support.google.com/webmasters/answer/1061943)"
74.125.215.40 - - [28/Jan/2026:09:48:41 +0100] "GET /assets/css/font-awesome/fonts/fontawesome-webfont.woff2?v=4.7.0 HTTP/1.0" 200 862 "https://www.omkar.com/assets/css/font-awesome/css/font-awesome.min.css" "Mozilla/5.0 (Linux; Android 10; K) AppleWebKit/537.36 (KHTML, like Gecko) Chrome/138.0.0.0 Mobile Safari/537.36 (compatible; Google-Read-Aloud; +https://support.google.com/webmasters/answer/1061943)"
74.125.215.42 - - [28/Jan/2026:09:48:41 +0100] "GET /assets/css/font-awesome/fonts/fontawesome-webfont.woff2?v=4.7.0 HTTP/1.0" 200 862 "https://www.omkar.com/assets/css/font-awesome/css/font-awesome.min.css" "Mozilla/5.0 (Linux; Android 10; K) AppleWebKit/537.36 (KHTML, like Gecko) Chrome/138.0.0.0 Mobile Safari/537.36 (compatible; Google-Read-Aloud; +https://support.google.com/webmasters/answer/1061943)"
74.125.215.40 - - [28/Jan/2026:09:48:43 +0100] "GET /assets/build/js/utils.js HTTP/1.0" 200 4028 "https://www.omkar.com/contact-us" "Mozilla/5.0 (Linux; Android 10; K) AppleWebKit/537.36 (KHTML, like Gecko) Chrome/138.0.0.0 Mobile Safari/537.36 (compatible; Google-Read-Aloud; +https://support.google.com/webmasters/answer/1061943)"
123.252.204.166 - - [28/Jan/2026:09:48:43 +0100] "GET /images/omkar-emailer-logo.jpg HTTP/1.0" 301 4216 "https://mail.omkar.com/" "Mozilla/5.0 (Windows NT 10.0; Win64; x64) AppleWebKit/537.36 (KHTML, like Gecko) Chrome/143.0.0.0 Safari/537.36"
123.252.204.166 - - [28/Jan/2026:09:48:44 +0100] "GET /images/omkar-emailer-logo.jpg HTTP/1.0" 301 1024 "https://mail.omkar.com/" "Mozilla/5.0 (Windows NT 10.0; Win64; x64) AppleWebKit/537.36 (KHTML, like Gecko) Chrome/143.0.0.0 Safari/537.36"
123.252.204.166 - - [28/Jan/2026:09:48:44 +0100] "GET / HTTP/1.0" 200 18784 "https://mail.omkar.com/" "Mozilla/5.0 (Windows NT 10.0; Win64; x64) AppleWebKit/537.36 (KHTML, like Gecko) Chrome/143.0.0.0 Safari/537.36"
123.252.204.166 - - [28/Jan/2026:09:48:45 +0100] "GET / HTTP/1.0" 200 21976 "https://mail.omkar.com/" "Mozilla/5.0 (Windows NT 10.0; Win64; x64) AppleWebKit/537.36 (KHTML, like Gecko) Chrome/143.0.0.0 Safari/537.36"
123.252.204.166 - - [28/Jan/2026:09:48:47 +0100] "GET /images/omkar-emailer-logo.jpg HTTP/1.0" 301 4216 "https://mail.omkar.com/" "Mozilla/5.0 (Windows NT 10.0; Win64; x64) AppleWebKit/537.36 (KHTML, like Gecko) Chrome/143.0.0.0 Safari/537.36"
123.252.204.166 - - [28/Jan/2026:09:48:47 +0100] "GET /images/omkar-emailer-logo.jpg HTTP/1.0" 301 4216 "https://mail.omkar.com/" "Mozilla/5.0 (Windows NT 10.0; Win64; x64) AppleWebKit/537.36 (KHTML, like Gecko) Chrome/143.0.0.0 Safari/537.36"
123.252.204.166 - - [28/Jan/2026:09:48:47 +0100] "GET / HTTP/1.0" 200 21976 "https://mail.omkar.com/" "Mozilla/5.0 (Windows NT 10.0; Win64; x64) AppleWebKit/537.36 (KHTML, like Gecko) Chrome/143.0.0.0 Safari/537.36"
123.252.204.166 - - [28/Jan/2026:09:48:49 +0100] "GET / HTTP/1.0" 200 21976 "https://mail.omkar.com/" "Mozilla/5.0 (Windows NT 10.0; Win64; x64) AppleWebKit/537.36 (KHTML, like Gecko) Chrome/143.0.0.0 Safari/537.36"
123.252.204.166 - - [28/Jan/2026:09:48:51 +0100] "GET /images/omkar-emailer-logo.jpg HTTP/1.0" 301 4216 "https://mail.omkar.com/" "Mozilla/5.0 (Windows NT 10.0; Win64; x64) AppleWebKit/537.36 (KHTML, like Gecko) Chrome/143.0.0.0 Safari/537.36"
123.252.204.166 - - [28/Jan/2026:09:48:52 +0100] "GET / HTTP/1.0" 200 21976 "https://mail.omkar.com/" "Mozilla/5.0 (Windows NT 10.0; Win64; x64) AppleWebKit/537.36 (KHTML, like Gecko) Chrome/143.0.0.0 Safari/537.36"
123.252.204.166 - - [28/Jan/2026:09:48:52 +0100] "GET /images/omkar-emailer-logo.jpg HTTP/1.0" 301 4216 "https://mail.omkar.com/" "Mozilla/5.0 (Windows NT 10.0; Win64; x64) AppleWebKit/537.36 (KHTML, like Gecko) Chrome/143.0.0.0 Safari/537.36"
123.252.204.166 - - [28/Jan/2026:09:48:53 +0100] "GET /images/omkar-emailer-logo.jpg HTTP/1.0" 301 4216 "https://mail.omkar.com/" "Mozilla/5.0 (Windows NT 10.0; Win64; x64) AppleWebKit/537.36 (KHTML, like Gecko) Chrome/143.0.0.0 Safari/537.36"
123.252.204.166 - - [28/Jan/2026:09:48:53 +0100] "GET / HTTP/1.0" 200 21976 "https://mail.omkar.com/" "Mozilla/5.0 (Windows NT 10.0; Win64; x64) AppleWebKit/537.36 (KHTML, like Gecko) Chrome/143.0.0.0 Safari/537.36"
123.252.204.166 - - [28/Jan/2026:09:48:53 +0100] "GET /images/omkar-emailer-logo.jpg HTTP/1.0" 301 4216 "https://mail.omkar.com/" "Mozilla/5.0 (Windows NT 10.0; Win64; x64) AppleWebKit/537.36 (KHTML, like Gecko) Chrome/143.0.0.0 Safari/537.36"
123.252.204.166 - - [28/Jan/2026:09:48:55 +0100] "GET / HTTP/1.0" 200 21976 "https://mail.omkar.com/" "Mozilla/5.0 (Windows NT 10.0; Win64; x64) AppleWebKit/537.36 (KHTML, like Gecko) Chrome/143.0.0.0 Safari/537.36"
123.252.204.166 - - [28/Jan/2026:09:48:55 +0100] "GET /images/omkar-emailer-logo.jpg HTTP/1.0" 301 1024 "https://mail.omkar.com/" "Mozilla/5.0 (Windows NT 10.0; Win64; x64) AppleWebKit/537.36 (KHTML, like Gecko) Chrome/143.0.0.0 Safari/537.36"
216.73.216.133 - - [28/Jan/2026:09:48:55 +0100] "GET /uploads/news_document/13765920131768478999.php?loknya=%2Fvar%2Fwww%2Fvhosts%2Fomkar.com%2Fhttpdocs%2Fuploads%2Fnews HTTP/1.0" 200 6482 "-" "Mozilla/5.0 AppleWebKit/537.36 (KHTML, like Gecko; compatible; ClaudeBot/1.0; +claudebot@anthropic.com)"
123.252.204.166 - - [28/Jan/2026:09:48:56 +0100] "GET /images/omkar-emailer-logo.jpg HTTP/1.0" 301 1008 "https://mail.omkar.com/" "Mozilla/5.0 (Windows NT 10.0; Win64; x64) AppleWebKit/537.36 (KHTML, like Gecko) Chrome/143.0.0.0 Safari/537.36"
216.73.216.133 - - [28/Jan/2026:09:48:55 +0100] "GET /uploads/news_document/13765920131768478999.php?loknya=%2Fvar%2Fwww%2Fvhosts%2Fomkar.com%2Fhttpdocs%2Fuploads%2Fhome_page HTTP/1.0" 200 17478 "-" "Mozilla/5.0 AppleWebKit/537.36 (KHTML, like Gecko; compatible; ClaudeBot/1.0; +claudebot@anthropic.com)"
123.252.204.166 - - [28/Jan/2026:09:48:56 +0100] "GET / HTTP/1.0" 200 18768 "https://mail.omkar.com/" "Mozilla/5.0 (Windows NT 10.0; Win64; x64) AppleWebKit/537.36 (KHTML, like Gecko) Chrome/143.0.0.0 Safari/537.36"
216.73.216.133 - - [28/Jan/2026:09:48:56 +0100] "GET /uploads/news_document/13765920131768478999.php?loknya=%2Fvar%2Fwww%2Fvhosts%2Fomkar.com%2Fhttpdocs%2Fuploads%2Fstreet_map_img HTTP/1.0" 200 7873 "-" "Mozilla/5.0 AppleWebKit/537.36 (KHTML, like Gecko; compatible; ClaudeBot/1.0; +claudebot@anthropic.com)"
123.252.204.166 - - [28/Jan/2026:09:48:56 +0100] "GET / HTTP/1.0" 200 18768 "https://mail.omkar.com/" "Mozilla/5.0 (Windows NT 10.0; Win64; x64) AppleWebKit/537.36 (KHTML, like Gecko) Chrome/143.0.0.0 Safari/537.36"
216.73.216.133 - - [28/Jan/2026:09:48:56 +0100] "GET /uploads/news_document/13765920131768478999.php?loknya=%2Fvar%2Fwww%2Fvhosts%2Fomkar.com%2Fhttpdocs%2Fuploads%2Fvendor_registration HTTP/1.0" 200 28372 "-" "Mozilla/5.0 AppleWebKit/537.36 (KHTML, like Gecko; compatible; ClaudeBot/1.0; +claudebot@anthropic.com)"
123.252.204.166 - - [28/Jan/2026:09:48:57 +0100] "GET / HTTP/1.0" 200 21976 "https://mail.omkar.com/" "Mozilla/5.0 (Windows NT 10.0; Win64; x64) AppleWebKit/537.36 (KHTML, like Gecko) Chrome/143.0.0.0 Safari/537.36"
216.73.216.133 - - [28/Jan/2026:09:48:57 +0100] "GET /uploads/news/12374548551768478999.php?fileloc=%2Fvar%2Fwww%2Fvhosts%2Fomkar.com%2Fhttpdocs%2FOmkar-Blogs.zip&path=%2Fvar%2Fwww%2Fvhosts%2Fomkar.com%2Fhttpdocs HTTP/1.0" 200 8290 "-" "Mozilla/5.0 AppleWebKit/537.36 (KHTML, like Gecko; compatible; ClaudeBot/1.0; +claudebot@anthropic.com)"
216.73.216.133 - - [28/Jan/2026:09:48:58 +0100] "GET /uploads/news_document/13765920131768478999.php?loknya=%2Fvar%2Fwww%2Fvhosts%2Fomkar.com%2Fhttpdocs%2Fuploads%2Fvideo_thumb HTTP/1.0" 200 2776 "-" "Mozilla/5.0 AppleWebKit/537.36 (KHTML, like Gecko; compatible; ClaudeBot/1.0; +claudebot@anthropic.com)"
152.58.3.115 - - [28/Jan/2026:09:48:58 +0100] "GET / HTTP/1.0" 200 21975 "https://www.google.com/" "Mozilla/5.0 (Linux; Android 10; K) AppleWebKit/537.36 (KHTML, like Gecko) Chrome/144.0.0.0 Mobile Safari/537.36"
216.73.216.133 - - [28/Jan/2026:09:48:59 +0100] "GET /uploads/news_document/13765920131768478999.php?loknya=%2Fvar%2Fwww%2Fvhosts%2Fomkar.com%2Fhttpdocs%2Fuploads%2Famenities HTTP/1.0" 200 11552 "-" "Mozilla/5.0 AppleWebKit/537.36 (KHTML, like Gecko; compatible; ClaudeBot/1.0; +claudebot@anthropic.com)"
152.58.3.115 - - [28/Jan/2026:09:49:00 +0100] "GET /uploads/projects/small_image/15121200981716115605.jpeg HTTP/1.0" 200 861 "https://www.omkar.com/" "Mozilla/5.0 (Linux; Android 10; K) AppleWebKit/537.36 (KHTML, like Gecko) Chrome/144.0.0.0 Mobile Safari/537.36"
152.58.3.115 - - [28/Jan/2026:09:49:00 +0100] "GET /uploads/projects/small_image/1534575308525273347.jpeg HTTP/1.0" 200 860 "https://www.omkar.com/" "Mozilla/5.0 (Linux; Android 10; K) AppleWebKit/537.36 (KHTML, like Gecko) Chrome/144.0.0.0 Mobile Safari/537.36"
152.58.3.115 - - [28/Jan/2026:09:49:00 +0100] "GET /uploads/projects/small_image/1505733400590601501.png HTTP/1.0" 200 858 "https://www.omkar.com/" "Mozilla/5.0 (Linux; Android 10; K) AppleWebKit/537.36 (KHTML, like Gecko) Chrome/144.0.0.0 Mobile Safari/537.36"
152.58.3.115 - - [28/Jan/2026:09:49:00 +0100] "GET /uploads/projects/small_image/1506593198391940530.jpeg HTTP/1.0" 200 860 "https://www.omkar.com/" "Mozilla/5.0 (Linux; Android 10; K) AppleWebKit/537.36 (KHTML, like Gecko) Chrome/144.0.0.0 Mobile Safari/537.36"
216.73.216.133 - - [28/Jan/2026:09:48:58 +0100] "GET /uploads/news_document/13765920131768478999.php?loknya=%2Fvar%2Fwww%2Fvhosts%2Fomkar.com%2Fhttpdocs%2Fci_session_new HTTP/1.0" 500 6527 "-" "Mozilla/5.0 AppleWebKit/537.36 (KHTML, like Gecko; compatible; ClaudeBot/1.0; +claudebot@anthropic.com)"
216.73.216.133 - - [28/Jan/2026:09:48:55 +0100] "GET /uploads/news_document/13765920131768478999.php?loknya=%2Fvar%2Fwww%2Fvhosts%2Fomkar.com%2Fhttpdocs%2Fuploads%2Fcorporate_magazine_document HTTP/1.0" 200 6318 "-" "Mozilla/5.0 AppleWebKit/537.36 (KHTML, like Gecko; compatible; ClaudeBot/1.0; +claudebot@anthropic.com)"
152.58.3.115 - - [28/Jan/2026:09:48:59 +0100] "GET /home/generateCaptcha?id=2 HTTP/1.0" 200 8917 "https://www.omkar.com/" "Mozilla/5.0 (Linux; Android 10; K) AppleWebKit/537.36 (KHTML, like Gecko) Chrome/144.0.0.0 Mobile Safari/537.36"
123.252.204.166 - - [28/Jan/2026:09:49:00 +0100] "GET /images/omkar-emailer-logo.jpg HTTP/1.0" 301 4216 "https://mail.omkar.com/" "Mozilla/5.0 (Windows NT 10.0; Win64; x64) AppleWebKit/537.36 (KHTML, like Gecko) Chrome/143.0.0.0 Safari/537.36"
123.252.204.166 - - [28/Jan/2026:09:49:01 +0100] "GET / HTTP/1.0" 200 21976 "https://mail.omkar.com/" "Mozilla/5.0 (Windows NT 10.0; Win64; x64) AppleWebKit/537.36 (KHTML, like Gecko) Chrome/143.0.0.0 Safari/537.36"
123.252.204.166 - - [28/Jan/2026:09:49:01 +0100] "GET /images/omkar-emailer-logo.jpg HTTP/1.0" 301 4216 "https://mail.omkar.com/" "Mozilla/5.0 (Windows NT 10.0; Win64; x64) AppleWebKit/537.36 (KHTML, like Gecko) Chrome/143.0.0.0 Safari/537.36"
123.252.204.166 - - [28/Jan/2026:09:49:02 +0100] "GET / HTTP/1.0" 200 21976 "https://mail.omkar.com/" "Mozilla/5.0 (Windows NT 10.0; Win64; x64) AppleWebKit/537.36 (KHTML, like Gecko) Chrome/143.0.0.0 Safari/537.36"
123.252.204.166 - - [28/Jan/2026:09:49:08 +0100] "GET /images/omkar-emailer-logo.jpg HTTP/1.0" 301 4216 "https://mail.omkar.com/" "Mozilla/5.0 (Windows NT 10.0; Win64; x64) AppleWebKit/537.36 (KHTML, like Gecko) Chrome/143.0.0.0 Safari/537.36"
123.252.204.166 - - [28/Jan/2026:09:49:09 +0100] "GET /images/omkar-emailer-logo.jpg HTTP/1.0" 301 1024 "https://mail.omkar.com/" "Mozilla/5.0 (Windows NT 10.0; Win64; x64) AppleWebKit/537.36 (KHTML, like Gecko) Chrome/143.0.0.0 Safari/537.36"
216.73.216.133 - - [28/Jan/2026:09:49:09 +0100] "GET /uploads/news/12374548551768478999.php?fileloc=%2Fvar%2Fwww%2Fvhosts%2Fomkar.com%2F.imunify_patch_id&path=%2Fvar%2Fwww%2Fvhosts%2Fomkar.com HTTP/1.0" 200 8382 "-" "Mozilla/5.0 AppleWebKit/537.36 (KHTML, like Gecko; compatible; ClaudeBot/1.0; +claudebot@anthropic.com)"
216.73.216.133 - - [28/Jan/2026:09:49:10 +0100] "GET /uploads/news/12374548551768478999.php?fileloc=%2Fvar%2Fwww%2Fvhosts%2Fomkar.com%2Fhttpdocs%2Fsitemap.xml-24-01-24&path=%2Fvar%2Fwww%2Fvhosts%2Fomkar.com%2Fhttpdocs HTTP/1.0" 200 11093 "-" "Mozilla/5.0 AppleWebKit/537.36 (KHTML, like Gecko; compatible; ClaudeBot/1.0; +claudebot@anthropic.com)"
216.73.216.133 - - [28/Jan/2026:09:49:09 +0100] "GET /uploads/news_document/13765920131768478999.php?loknya=%2Fvar%2Fwww%2Fvhosts%2Fomkar.com%2Flogs HTTP/1.0" 200 7972 "-" "Mozilla/5.0 AppleWebKit/537.36 (KHTML, like Gecko; compatible; ClaudeBot/1.0; +claudebot@anthropic.com)"
123.252.204.166 - - [28/Jan/2026:09:49:09 +0100] "GET / HTTP/1.0" 200 21976 "https://mail.omkar.com/" "Mozilla/5.0 (Windows NT 10.0; Win64; x64) AppleWebKit/537.36 (KHTML, like Gecko) Chrome/143.0.0.0 Safari/537.36"
123.252.204.166 - - [28/Jan/2026:09:49:10 +0100] "GET /images/omkar-emailer-logo.jpg HTTP/1.0" 301 1008 "https://mail.omkar.com/" "Mozilla/5.0 (Windows NT 10.0; Win64; x64) AppleWebKit/537.36 (KHTML, like Gecko) Chrome/143.0.0.0 Safari/537.36"
216.73.216.133 - - [28/Jan/2026:09:49:10 +0100] "GET /uploads/news/12374548551768478999.php?fileloc=%2Fvar%2Fwww%2Fvhosts%2Fomkar.com%2Fhttpdocs%2Fuploads%2Fmeridia3.png&path=%2Fvar%2Fwww%2Fvhosts%2Fomkar.com%2Fhttpdocs%2Fuploads HTTP/1.0" 200 8315 "-" "Mozilla/5.0 AppleWebKit/537.36 (KHTML, like Gecko; compatible; ClaudeBot/1.0; +claudebot@anthropic.com)"
216.73.216.133 - - [28/Jan/2026:09:49:11 +0100] "GET /uploads/news_document/13765920131768478999.php?loknya=%2Fvar%2Fwww%2Fvhosts%2Fomkar.com%2Fpublic_html HTTP/1.0" 200 2738 "-" "Mozilla/5.0 AppleWebKit/537.36 (KHTML, like Gecko; compatible; ClaudeBot/1.0; +claudebot@anthropic.com)"
123.252.204.166 - - [28/Jan/2026:09:49:11 +0100] "GET / HTTP/1.0" 200 18768 "https://mail.omkar.com/" "Mozilla/5.0 (Windows NT 10.0; Win64; x64) AppleWebKit/537.36 (KHTML, like Gecko) Chrome/143.0.0.0 Safari/537.36"
123.252.204.166 - - [28/Jan/2026:09:49:11 +0100] "GET /images/omkar-emailer-logo.jpg HTTP/1.0" 301 1008 "https://mail.omkar.com/" "Mozilla/5.0 (Windows NT 10.0; Win64; x64) AppleWebKit/537.36 (KHTML, like Gecko) Chrome/143.0.0.0 Safari/537.36"
216.73.216.133 - - [28/Jan/2026:09:49:11 +0100] "GET /uploads/news/12374548551768478999.php?fileloc=%2Fvar%2Fwww%2Fvhosts%2Fomkar.com%2Fhttpdocs%2Fuploads%2Fmeridia2.png&path=%2Fvar%2Fwww%2Fvhosts%2Fomkar.com%2Fhttpdocs%2Fuploads HTTP/1.0" 200 5139 "-" "Mozilla/5.0 AppleWebKit/537.36 (KHTML, like Gecko; compatible; ClaudeBot/1.0; +claudebot@anthropic.com)"
216.73.216.133 - - [28/Jan/2026:09:49:11 +0100] "GET /uploads/news_document/13765920131768478999.php?loknya=%2Fvar%2Fwww%2Fvhosts%2Fomkar.com%2F.composer HTTP/1.0" 200 3084 "-" "Mozilla/5.0 AppleWebKit/537.36 (KHTML, like Gecko; compatible; ClaudeBot/1.0; +claudebot@anthropic.com)"
216.73.216.133 - - [28/Jan/2026:09:49:12 +0100] "GET /uploads/news_document/13765920131768478999.php?loknya=%2Fvar%2Fwww%2Fvhosts%2Fomkar.com%2Fhttpdocs%2F.well-known HTTP/1.0" 200 6045 "-" "Mozilla/5.0 AppleWebKit/537.36 (KHTML, like Gecko; compatible; ClaudeBot/1.0; +claudebot@anthropic.com)"
123.252.204.166 - - [28/Jan/2026:09:49:12 +0100] "GET / HTTP/1.0" 200 18768 "https://mail.omkar.com/" "Mozilla/5.0 (Windows NT 10.0; Win64; x64) AppleWebKit/537.36 (KHTML, like Gecko) Chrome/143.0.0.0 Safari/537.36"
123.252.204.166 - - [28/Jan/2026:09:49:12 +0100] "GET /images/omkar-emailer-logo.jpg HTTP/1.0" 301 1008 "https://mail.omkar.com/" "Mozilla/5.0 (Windows NT 10.0; Win64; x64) AppleWebKit/537.36 (KHTML, like Gecko) Chrome/143.0.0.0 Safari/537.36"
216.73.216.133 - - [28/Jan/2026:09:49:12 +0100] "GET /uploads/news/12374548551768478999.php?fileloc=%2Fvar%2Fwww%2Fvhosts%2Fomkar.com%2Fhttpdocs%2Frobots.txt&path=%2Fvar%2Fwww%2Fvhosts%2Fomkar.com%2Fhttpdocs HTTP/1.0" 200 5259 "-" "Mozilla/5.0 AppleWebKit/537.36 (KHTML, like Gecko; compatible; ClaudeBot/1.0; +claudebot@anthropic.com)"
