20.46.177.15 - - [28/Jan/2026:09:33:35 +0100] "GET /wp-content/plugins/jetpack/_inc/build/shortcodes/js/ HTTP/1.0" 301 4312 "-" "Mozilla/5.0 (Windows NT 10.0; Win64; x64) AppleWebKit/537.36 (KHTML, like Gecko) Chrome/120.0.0.0 Safari/537.36"
20.46.177.15 - - [28/Jan/2026:09:33:36 +0100] "GET /wp-content/uploads/2022/07/ HTTP/1.0" 301 4312 "-" "Mozilla/5.0 (Windows NT 10.0; Win64; x64) AppleWebKit/537.36 (KHTML, like Gecko) Chrome/120.0.0.0 Safari/537.36"
20.46.177.15 - - [28/Jan/2026:09:33:37 +0100] "GET /wp-includes/css/dist/components/ HTTP/1.0" 301 4312 "-" "Mozilla/5.0 (Windows NT 10.0; Win64; x64) AppleWebKit/537.36 (KHTML, like Gecko) Chrome/120.0.0.0 Safari/537.36"
20.46.177.15 - - [28/Jan/2026:09:33:37 +0100] "GET /wp-includes/js/tinymce/plugins/wpview/wp/ HTTP/1.0" 301 1136 "-" "Mozilla/5.0 (Windows NT 10.0; Win64; x64) AppleWebKit/537.36 (KHTML, like Gecko) Chrome/120.0.0.0 Safari/537.36"
20.46.177.15 - - [28/Jan/2026:09:33:38 +0100] "GET /wp-content/fonts/ HTTP/1.0" 301 4312 "-" "Mozilla/5.0 (Windows NT 10.0; Win64; x64) AppleWebKit/537.36 (KHTML, like Gecko) Chrome/120.0.0.0 Safari/537.36"
20.46.177.15 - - [28/Jan/2026:09:33:39 +0100] "GET /wp-includes/js/tinymce/skins/ HTTP/1.0" 301 4312 "-" "Mozilla/5.0 (Windows NT 10.0; Win64; x64) AppleWebKit/537.36 (KHTML, like Gecko) Chrome/120.0.0.0 Safari/537.36"
20.46.177.15 - - [28/Jan/2026:09:33:39 +0100] "GET /wp-content/languages/ HTTP/1.0" 301 4312 "-" "Mozilla/5.0 (Windows NT 10.0; Win64; x64) AppleWebKit/537.36 (KHTML, like Gecko) Chrome/120.0.0.0 Safari/537.36"
20.46.177.15 - - [28/Jan/2026:09:33:40 +0100] "GET /wp-includes/blocks/group/ HTTP/1.0" 301 4312 "-" "Mozilla/5.0 (Windows NT 10.0; Win64; x64) AppleWebKit/537.36 (KHTML, like Gecko) Chrome/120.0.0.0 Safari/537.36"
20.46.177.15 - - [28/Jan/2026:09:33:41 +0100] "GET /wp-includes/Requests/Proxy/ HTTP/1.0" 301 4312 "-" "Mozilla/5.0 (Windows NT 10.0; Win64; x64) AppleWebKit/537.36 (KHTML, like Gecko) Chrome/120.0.0.0 Safari/537.36"
20.46.177.15 - - [28/Jan/2026:09:33:41 +0100] "GET /wp-includes/SimplePie/Cache/ HTTP/1.0" 301 4312 "-" "Mozilla/5.0 (Windows NT 10.0; Win64; x64) AppleWebKit/537.36 (KHTML, like Gecko) Chrome/120.0.0.0 Safari/537.36"
20.46.177.15 - - [28/Jan/2026:09:33:42 +0100] "GET /sec/core/tests/Drupal/FunctionalTests/Hal/ HTTP/1.0" 301 4312 "-" "Mozilla/5.0 (Windows NT 10.0; Win64; x64) AppleWebKit/537.36 (KHTML, like Gecko) Chrome/120.0.0.0 Safari/537.36"
20.46.177.15 - - [28/Jan/2026:09:33:43 +0100] "GET /wp-admin/js/widgets/ HTTP/1.0" 301 4312 "-" "Mozilla/5.0 (Windows NT 10.0; Win64; x64) AppleWebKit/537.36 (KHTML, like Gecko) Chrome/120.0.0.0 Safari/537.36"
20.46.177.15 - - [28/Jan/2026:09:33:44 +0100] "GET /wp-content/plugins/jet-engine/includes/components/glossaries/assets/css/admin/ HTTP/1.0" 301 4312 "-" "Mozilla/5.0 (Windows NT 10.0; Win64; x64) AppleWebKit/537.36 (KHTML, like Gecko) Chrome/120.0.0.0 Safari/537.36"
20.46.177.15 - - [28/Jan/2026:09:33:44 +0100] "GET /wp-content/plugins/all-in-one-seo-pack/vendor_prefixed/psr/log/Psr/ HTTP/1.0" 301 1136 "-" "Mozilla/5.0 (Windows NT 10.0; Win64; x64) AppleWebKit/537.36 (KHTML, like Gecko) Chrome/120.0.0.0 Safari/537.36"
20.46.177.15 - - [28/Jan/2026:09:33:45 +0100] "GET /wp-content/plugins/elementor/core/admin/ui/components/ HTTP/1.0" 301 4312 "-" "Mozilla/5.0 (Windows NT 10.0; Win64; x64) AppleWebKit/537.36 (KHTML, like Gecko) Chrome/120.0.0.0 Safari/537.36"
20.46.177.15 - - [28/Jan/2026:09:33:45 +0100] "GET /wp-content/uploads/2023/05/ HTTP/1.0" 301 4312 "-" "Mozilla/5.0 (Windows NT 10.0; Win64; x64) AppleWebKit/537.36 (KHTML, like Gecko) Chrome/120.0.0.0 Safari/537.36"
20.46.177.15 - - [28/Jan/2026:09:33:46 +0100] "GET /wp-content/languages/themes/ HTTP/1.0" 301 4312 "-" "Mozilla/5.0 (Windows NT 10.0; Win64; x64) AppleWebKit/537.36 (KHTML, like Gecko) Chrome/120.0.0.0 Safari/537.36"
20.46.177.15 - - [28/Jan/2026:09:33:46 +0100] "GET /.well-known HTTP/1.0" 301 4242 "-" "Mozilla/5.0 (Windows NT 10.0; Win64; x64) AppleWebKit/537.36 (KHTML, like Gecko) Chrome/120.0.0.0 Safari/537.36"
20.46.177.15 - - [28/Jan/2026:09:33:46 +0100] "GET /.well-known/autoload_classmap.php HTTP/1.0" 301 1136 "-" "Mozilla/5.0 (Windows NT 10.0; Win64; x64) AppleWebKit/537.36 (KHTML, like Gecko) Chrome/120.0.0.0 Safari/537.36"
20.46.177.15 - - [28/Jan/2026:09:33:47 +0100] "GET /.well-known/config HTTP/1.0" 301 4312 "-" "Mozilla/5.0 (Windows NT 10.0; Win64; x64) AppleWebKit/537.36 (KHTML, like Gecko) Chrome/120.0.0.0 Safari/537.36"
20.46.177.15 - - [28/Jan/2026:09:33:49 +0100] "GET /NewFile.php HTTP/1.0" 301 4312 "-" "Mozilla/5.0 (Windows NT 10.0; Win64; x64) AppleWebKit/537.36 (KHTML, like Gecko) Chrome/120.0.0.0 Safari/537.36"
20.46.177.15 - - [28/Jan/2026:09:33:49 +0100] "GET /Public/ HTTP/1.0" 301 1136 "-" "Mozilla/5.0 (Windows NT 10.0; Win64; x64) AppleWebKit/537.36 (KHTML, like Gecko) Chrome/120.0.0.0 Safari/537.36"
122.161.49.183 - - [28/Jan/2026:09:33:50 +0100] "GET /assets/build/js/intlTelInput.js HTTP/1.0" 200 827 "https://www.windsorshelters.com/" "Mozilla/5.0 (Windows NT 10.0; Win64; x64) AppleWebKit/537.36 (KHTML, like Gecko) Chrome/144.0.0.0 Safari/537.36"
122.161.49.183 - - [28/Jan/2026:09:33:50 +0100] "GET /assets/js/jquery.mousewheel.min.js HTTP/1.0" 200 830 "https://www.windsorshelters.com/" "Mozilla/5.0 (Windows NT 10.0; Win64; x64) AppleWebKit/537.36 (KHTML, like Gecko) Chrome/144.0.0.0 Safari/537.36"
122.161.49.183 - - [28/Jan/2026:09:33:50 +0100] "GET /assets/js/jquery-1.9.1.min.js HTTP/1.0" 200 825 "https://www.windsorshelters.com/" "Mozilla/5.0 (Windows NT 10.0; Win64; x64) AppleWebKit/537.36 (KHTML, like Gecko) Chrome/144.0.0.0 Safari/537.36"
122.161.49.183 - - [28/Jan/2026:09:33:50 +0100] "GET /assets/js/css3-animate-it.js HTTP/1.0" 200 824 "https://www.windsorshelters.com/" "Mozilla/5.0 (Windows NT 10.0; Win64; x64) AppleWebKit/537.36 (KHTML, like Gecko) Chrome/144.0.0.0 Safari/537.36"
122.161.49.183 - - [28/Jan/2026:09:33:50 +0100] "GET /assets/js/owl.carousel.min.js HTTP/1.0" 200 825 "https://www.windsorshelters.com/" "Mozilla/5.0 (Windows NT 10.0; Win64; x64) AppleWebKit/537.36 (KHTML, like Gecko) Chrome/144.0.0.0 Safari/537.36"
122.161.49.183 - - [28/Jan/2026:09:33:50 +0100] "GET /assets/js/jquery.fancybox.js HTTP/1.0" 200 824 "https://www.windsorshelters.com/" "Mozilla/5.0 (Windows NT 10.0; Win64; x64) AppleWebKit/537.36 (KHTML, like Gecko) Chrome/144.0.0.0 Safari/537.36"
122.161.49.183 - - [28/Jan/2026:09:33:50 +0100] "GET /assets/js/jquery.validate.min.js HTTP/1.0" 200 828 "https://www.windsorshelters.com/" "Mozilla/5.0 (Windows NT 10.0; Win64; x64) AppleWebKit/537.36 (KHTML, like Gecko) Chrome/144.0.0.0 Safari/537.36"
122.161.49.183 - - [28/Jan/2026:09:33:50 +0100] "GET /assets/js/additional-methods.min.js HTTP/1.0" 200 831 "https://www.windsorshelters.com/" "Mozilla/5.0 (Windows NT 10.0; Win64; x64) AppleWebKit/537.36 (KHTML, like Gecko) Chrome/144.0.0.0 Safari/537.36"
122.161.49.183 - - [28/Jan/2026:09:33:50 +0100] "GET /assets/js/ion.rangeSlider.js HTTP/1.0" 200 824 "https://www.windsorshelters.com/" "Mozilla/5.0 (Windows NT 10.0; Win64; x64) AppleWebKit/537.36 (KHTML, like Gecko) Chrome/144.0.0.0 Safari/537.36"
122.161.49.183 - - [28/Jan/2026:09:33:50 +0100] "GET /assets/js/form.js HTTP/1.0" 200 813 "https://www.windsorshelters.com/" "Mozilla/5.0 (Windows NT 10.0; Win64; x64) AppleWebKit/537.36 (KHTML, like Gecko) Chrome/144.0.0.0 Safari/537.36"
122.161.49.183 - - [28/Jan/2026:09:33:50 +0100] "GET /assets/js/e-smart-zoom-jquery.min.js HTTP/1.0" 200 832 "https://www.windsorshelters.com/" "Mozilla/5.0 (Windows NT 10.0; Win64; x64) AppleWebKit/537.36 (KHTML, like Gecko) Chrome/144.0.0.0 Safari/537.36"
122.161.49.183 - - [28/Jan/2026:09:33:50 +0100] "GET /assets/js/custom.js HTTP/1.0" 200 815 "https://www.windsorshelters.com/" "Mozilla/5.0 (Windows NT 10.0; Win64; x64) AppleWebKit/537.36 (KHTML, like Gecko) Chrome/144.0.0.0 Safari/537.36"
122.161.49.183 - - [28/Jan/2026:09:33:50 +0100] "GET /assets/js/normalpopup-onclick.js HTTP/1.0" 200 828 "https://www.windsorshelters.com/" "Mozilla/5.0 (Windows NT 10.0; Win64; x64) AppleWebKit/537.36 (KHTML, like Gecko) Chrome/144.0.0.0 Safari/537.36"
122.161.49.183 - - [28/Jan/2026:09:33:50 +0100] "GET /assets/css/normalpop.css HTTP/1.0" 200 813 "https://www.windsorshelters.com/" "Mozilla/5.0 (Windows NT 10.0; Win64; x64) AppleWebKit/537.36 (KHTML, like Gecko) Chrome/144.0.0.0 Safari/537.36"
122.161.49.183 - - [28/Jan/2026:09:33:50 +0100] "GET /assets/js/jquery.firstVisitPopup.js HTTP/1.0" 200 1350 "https://www.windsorshelters.com/" "Mozilla/5.0 (Windows NT 10.0; Win64; x64) AppleWebKit/537.36 (KHTML, like Gecko) Chrome/144.0.0.0 Safari/537.36"
122.161.49.183 - - [28/Jan/2026:09:33:50 +0100] "GET /assets/js/modernizr.js HTTP/1.0" 200 818 "https://www.windsorshelters.com/" "Mozilla/5.0 (Windows NT 10.0; Win64; x64) AppleWebKit/537.36 (KHTML, like Gecko) Chrome/144.0.0.0 Safari/537.36"
122.161.49.183 - - [28/Jan/2026:09:33:50 +0100] "GET /assets/images/phone-rotation.gif HTTP/1.0" 301 1140 "https://www.windsorshelters.com/" "Mozilla/5.0 (Windows NT 10.0; Win64; x64) AppleWebKit/537.36 (KHTML, like Gecko) Chrome/144.0.0.0 Safari/537.36"
20.46.177.15 - - [28/Jan/2026:09:33:50 +0100] "GET /admin/editor/ HTTP/1.0" 302 1042 "-" "Mozilla/5.0 (Windows NT 10.0; Win64; x64) AppleWebKit/537.36 (KHTML, like Gecko) Chrome/120.0.0.0 Safari/537.36"
122.161.49.183 - - [28/Jan/2026:09:33:50 +0100] "GET / HTTP/1.0" 200 22108 "https://www.windsorshelters.com/" "Mozilla/5.0 (Windows NT 10.0; Win64; x64) AppleWebKit/537.36 (KHTML, like Gecko) Chrome/144.0.0.0 Safari/537.36"
20.46.177.15 - - [28/Jan/2026:09:33:51 +0100] "GET /api.php HTTP/1.0" 301 4312 "-" "Mozilla/5.0 (Windows NT 10.0; Win64; x64) AppleWebKit/537.36 (KHTML, like Gecko) Chrome/120.0.0.0 Safari/537.36"
20.46.177.15 - - [28/Jan/2026:09:33:51 +0100] "GET /app/wp-content/plugins/fix/ HTTP/1.0" 301 4312 "-" "Mozilla/5.0 (Windows NT 10.0; Win64; x64) AppleWebKit/537.36 (KHTML, like Gecko) Chrome/120.0.0.0 Safari/537.36"
20.46.177.15 - - [28/Jan/2026:09:33:52 +0100] "GET /blog/blog.php HTTP/1.0" 301 4312 "-" "Mozilla/5.0 (Windows NT 10.0; Win64; x64) AppleWebKit/537.36 (KHTML, like Gecko) Chrome/120.0.0.0 Safari/537.36"
20.46.177.15 - - [28/Jan/2026:09:33:52 +0100] "GET /c.php HTTP/1.0" 301 4312 "-" "Mozilla/5.0 (Windows NT 10.0; Win64; x64) AppleWebKit/537.36 (KHTML, like Gecko) Chrome/120.0.0.0 Safari/537.36"
43.231.132.42 - - [28/Jan/2026:09:33:53 +0100] "POST /autodiscover/autodiscover.xml HTTP/1.0" 301 4312 "-" "Microsoft Office/16.0 (Windows NT 10.0; Microsoft Outlook 16.0.5452; Pro)"
20.46.177.15 - - [28/Jan/2026:09:33:53 +0100] "GET /c99.php HTTP/1.0" 301 4312 "-" "Mozilla/5.0 (Windows NT 10.0; Win64; x64) AppleWebKit/537.36 (KHTML, like Gecko) Chrome/120.0.0.0 Safari/537.36"
20.46.177.15 - - [28/Jan/2026:09:33:53 +0100] "GET /comfunctions.php HTTP/1.0" 301 1136 "-" "Mozilla/5.0 (Windows NT 10.0; Win64; x64) AppleWebKit/537.36 (KHTML, like Gecko) Chrome/120.0.0.0 Safari/537.36"
43.231.132.42 - - [28/Jan/2026:09:33:53 +0100] "POST / HTTP/1.0" 200 91496 "-" "Microsoft Office/16.0 (Windows NT 10.0; Microsoft Outlook 16.0.5452; Pro)"
20.46.177.15 - - [28/Jan/2026:09:33:54 +0100] "GET /contact.php HTTP/1.0" 301 4312 "-" "Mozilla/5.0 (Windows NT 10.0; Win64; x64) AppleWebKit/537.36 (KHTML, like Gecko) Chrome/120.0.0.0 Safari/537.36"
20.46.177.15 - - [28/Jan/2026:09:33:55 +0100] "GET /credits.php HTTP/1.0" 301 4312 "-" "Mozilla/5.0 (Windows NT 10.0; Win64; x64) AppleWebKit/537.36 (KHTML, like Gecko) Chrome/120.0.0.0 Safari/537.36"
20.46.177.15 - - [28/Jan/2026:09:33:55 +0100] "GET /css/colors/coffee/ HTTP/1.0" 301 4312 "-" "Mozilla/5.0 (Windows NT 10.0; Win64; x64) AppleWebKit/537.36 (KHTML, like Gecko) Chrome/120.0.0.0 Safari/537.36"
20.46.177.15 - - [28/Jan/2026:09:33:56 +0100] "GET /css/index.php HTTP/1.0" 301 4312 "-" "Mozilla/5.0 (Windows NT 10.0; Win64; x64) AppleWebKit/537.36 (KHTML, like Gecko) Chrome/120.0.0.0 Safari/537.36"
20.46.177.15 - - [28/Jan/2026:09:33:57 +0100] "GET /default.php HTTP/1.0" 301 4312 "-" "Mozilla/5.0 (Windows NT 10.0; Win64; x64) AppleWebKit/537.36 (KHTML, like Gecko) Chrome/120.0.0.0 Safari/537.36"
20.46.177.15 - - [28/Jan/2026:09:33:58 +0100] "GET /error.php HTTP/1.0" 301 4312 "-" "Mozilla/5.0 (Windows NT 10.0; Win64; x64) AppleWebKit/537.36 (KHTML, like Gecko) Chrome/120.0.0.0 Safari/537.36"
20.46.177.15 - - [28/Jan/2026:09:33:59 +0100] "GET /f.php HTTP/1.0" 301 1136 "-" "Mozilla/5.0 (Windows NT 10.0; Win64; x64) AppleWebKit/537.36 (KHTML, like Gecko) Chrome/120.0.0.0 Safari/537.36"
20.46.177.15 - - [28/Jan/2026:09:34:00 +0100] "GET /favicon.php HTTP/1.0" 301 4312 "-" "Mozilla/5.0 (Windows NT 10.0; Win64; x64) AppleWebKit/537.36 (KHTML, like Gecko) Chrome/120.0.0.0 Safari/537.36"
20.46.177.15 - - [28/Jan/2026:09:34:01 +0100] "GET /footer.php HTTP/1.0" 301 4312 "-" "Mozilla/5.0 (Windows NT 10.0; Win64; x64) AppleWebKit/537.36 (KHTML, like Gecko) Chrome/120.0.0.0 Safari/537.36"
20.46.177.15 - - [28/Jan/2026:09:34:02 +0100] "GET /function.php HTTP/1.0" 301 4312 "-" "Mozilla/5.0 (Windows NT 10.0; Win64; x64) AppleWebKit/537.36 (KHTML, like Gecko) Chrome/120.0.0.0 Safari/537.36"
20.46.177.15 - - [28/Jan/2026:09:34:02 +0100] "GET /gel4y.php HTTP/1.0" 301 4312 "-" "Mozilla/5.0 (Windows NT 10.0; Win64; x64) AppleWebKit/537.36 (KHTML, like Gecko) Chrome/120.0.0.0 Safari/537.36"
20.46.177.15 - - [28/Jan/2026:09:34:03 +0100] "GET /header.php HTTP/1.0" 301 4312 "-" "Mozilla/5.0 (Windows NT 10.0; Win64; x64) AppleWebKit/537.36 (KHTML, like Gecko) Chrome/120.0.0.0 Safari/537.36"
20.46.177.15 - - [28/Jan/2026:09:34:04 +0100] "GET /hehe.php HTTP/1.0" 301 4312 "-" "Mozilla/5.0 (Windows NT 10.0; Win64; x64) AppleWebKit/537.36 (KHTML, like Gecko) Chrome/120.0.0.0 Safari/537.36"
20.46.177.15 - - [28/Jan/2026:09:34:05 +0100] "GET /home.php HTTP/1.0" 301 4312 "-" "Mozilla/5.0 (Windows NT 10.0; Win64; x64) AppleWebKit/537.36 (KHTML, like Gecko) Chrome/120.0.0.0 Safari/537.36"
20.46.177.15 - - [28/Jan/2026:09:34:06 +0100] "GET /jquery.php HTTP/1.0" 301 4312 "-" "Mozilla/5.0 (Windows NT 10.0; Win64; x64) AppleWebKit/537.36 (KHTML, like Gecko) Chrome/120.0.0.0 Safari/537.36"
20.46.177.15 - - [28/Jan/2026:09:34:06 +0100] "GET /libraries/php HTTP/1.0" 301 4312 "-" "Mozilla/5.0 (Windows NT 10.0; Win64; x64) AppleWebKit/537.36 (KHTML, like Gecko) Chrome/120.0.0.0 Safari/537.36"
20.46.177.15 - - [28/Jan/2026:09:34:07 +0100] "GET /login HTTP/1.0" 301 1136 "-" "Mozilla/5.0 (Windows NT 10.0; Win64; x64) AppleWebKit/537.36 (KHTML, like Gecko) Chrome/120.0.0.0 Safari/537.36"
20.46.177.15 - - [28/Jan/2026:09:34:08 +0100] "GET /lufix.php HTTP/1.0" 301 4312 "-" "Mozilla/5.0 (Windows NT 10.0; Win64; x64) AppleWebKit/537.36 (KHTML, like Gecko) Chrome/120.0.0.0 Safari/537.36"
20.46.177.15 - - [28/Jan/2026:09:34:09 +0100] "GET /mah.php HTTP/1.0" 301 4312 "-" "Mozilla/5.0 (Windows NT 10.0; Win64; x64) AppleWebKit/537.36 (KHTML, like Gecko) Chrome/120.0.0.0 Safari/537.36"
20.46.177.15 - - [28/Jan/2026:09:34:09 +0100] "GET /maintenance.php HTTP/1.0" 301 4312 "-" "Mozilla/5.0 (Windows NT 10.0; Win64; x64) AppleWebKit/537.36 (KHTML, like Gecko) Chrome/120.0.0.0 Safari/537.36"
20.46.177.15 - - [28/Jan/2026:09:34:10 +0100] "GET /news.php HTTP/1.0" 301 4312 "-" "Mozilla/5.0 (Windows NT 10.0; Win64; x64) AppleWebKit/537.36 (KHTML, like Gecko) Chrome/120.0.0.0 Safari/537.36"
20.46.177.15 - - [28/Jan/2026:09:34:11 +0100] "GET /nf_tracking.php HTTP/1.0" 301 4312 "-" "Mozilla/5.0 (Windows NT 10.0; Win64; x64) AppleWebKit/537.36 (KHTML, like Gecko) Chrome/120.0.0.0 Safari/537.36"
20.46.177.15 - - [28/Jan/2026:09:34:11 +0100] "GET /ova-tools.php HTTP/1.0" 301 1136 "-" "Mozilla/5.0 (Windows NT 10.0; Win64; x64) AppleWebKit/537.36 (KHTML, like Gecko) Chrome/120.0.0.0 Safari/537.36"
20.46.177.15 - - [28/Jan/2026:09:34:12 +0100] "GET /pi.php HTTP/1.0" 301 4312 "-" "Mozilla/5.0 (Windows NT 10.0; Win64; x64) AppleWebKit/537.36 (KHTML, like Gecko) Chrome/120.0.0.0 Safari/537.36"
20.46.177.15 - - [28/Jan/2026:09:34:13 +0100] "GET /plugins/custom/ HTTP/1.0" 301 1136 "-" "Mozilla/5.0 (Windows NT 10.0; Win64; x64) AppleWebKit/537.36 (KHTML, like Gecko) Chrome/120.0.0.0 Safari/537.36"
20.46.177.15 - - [28/Jan/2026:09:34:13 +0100] "GET /post.php/wp-includes/Requests/ HTTP/1.0" 301 4312 "-" "Mozilla/5.0 (Windows NT 10.0; Win64; x64) AppleWebKit/537.36 (KHTML, like Gecko) Chrome/120.0.0.0 Safari/537.36"
20.46.177.15 - - [28/Jan/2026:09:34:14 +0100] "GET /shellv3.php HTTP/1.0" 301 4312 "-" "Mozilla/5.0 (Windows NT 10.0; Win64; x64) AppleWebKit/537.36 (KHTML, like Gecko) Chrome/120.0.0.0 Safari/537.36"
20.46.177.15 - - [28/Jan/2026:09:34:14 +0100] "GET /sx.php HTTP/1.0" 301 1136 "-" "Mozilla/5.0 (Windows NT 10.0; Win64; x64) AppleWebKit/537.36 (KHTML, like Gecko) Chrome/120.0.0.0 Safari/537.36"
20.46.177.15 - - [28/Jan/2026:09:34:15 +0100] "GET /system_log.php HTTP/1.0" 301 4312 "-" "Mozilla/5.0 (Windows NT 10.0; Win64; x64) AppleWebKit/537.36 (KHTML, like Gecko) Chrome/120.0.0.0 Safari/537.36"
20.46.177.15 - - [28/Jan/2026:09:34:16 +0100] "GET /test.php HTTP/1.0" 301 4312 "-" "Mozilla/5.0 (Windows NT 10.0; Win64; x64) AppleWebKit/537.36 (KHTML, like Gecko) Chrome/120.0.0.0 Safari/537.36"
20.46.177.15 - - [28/Jan/2026:09:34:17 +0100] "GET /text.php HTTP/1.0" 301 4312 "-" "Mozilla/5.0 (Windows NT 10.0; Win64; x64) AppleWebKit/537.36 (KHTML, like Gecko) Chrome/120.0.0.0 Safari/537.36"
20.46.177.15 - - [28/Jan/2026:09:34:18 +0100] "GET /upload.php HTTP/1.0" 301 4312 "-" "Mozilla/5.0 (Windows NT 10.0; Win64; x64) AppleWebKit/537.36 (KHTML, like Gecko) Chrome/120.0.0.0 Safari/537.36"
20.46.177.15 - - [28/Jan/2026:09:34:18 +0100] "GET /vendor/bin/loader.php/wp-admin/ HTTP/1.0" 301 4312 "-" "Mozilla/5.0 (Windows NT 10.0; Win64; x64) AppleWebKit/537.36 (KHTML, like Gecko) Chrome/120.0.0.0 Safari/537.36"
20.46.177.15 - - [28/Jan/2026:09:34:19 +0100] "GET /worksec.php HTTP/1.0" 301 4312 "-" "Mozilla/5.0 (Windows NT 10.0; Win64; x64) AppleWebKit/537.36 (KHTML, like Gecko) Chrome/120.0.0.0 Safari/537.36"
20.46.177.15 - - [28/Jan/2026:09:34:19 +0100] "GET /wp-admin HTTP/1.0" 301 4312 "-" "Mozilla/5.0 (Windows NT 10.0; Win64; x64) AppleWebKit/537.36 (KHTML, like Gecko) Chrome/120.0.0.0 Safari/537.36"
20.46.177.15 - - [28/Jan/2026:09:34:20 +0100] "GET /wp-admin/admin.php HTTP/1.0" 301 4312 "-" "Mozilla/5.0 (Windows NT 10.0; Win64; x64) AppleWebKit/537.36 (KHTML, like Gecko) Chrome/120.0.0.0 Safari/537.36"
20.46.177.15 - - [28/Jan/2026:09:34:20 +0100] "GET /wp-admin/css/about.php/alfacgiapi/ HTTP/1.0" 301 4312 "-" "Mozilla/5.0 (Windows NT 10.0; Win64; x64) AppleWebKit/537.36 (KHTML, like Gecko) Chrome/120.0.0.0 Safari/537.36"
20.46.177.15 - - [28/Jan/2026:09:34:21 +0100] "GET /wp-admin/css/colors/blue/atomlib.php HTTP/1.0" 301 4312 "-" "Mozilla/5.0 (Windows NT 10.0; Win64; x64) AppleWebKit/537.36 (KHTML, like Gecko) Chrome/120.0.0.0 Safari/537.36"
20.46.177.15 - - [28/Jan/2026:09:34:22 +0100] "GET /wp-admin/css/colors/blue/index.php HTTP/1.0" 301 4312 "-" "Mozilla/5.0 (Windows NT 10.0; Win64; x64) AppleWebKit/537.36 (KHTML, like Gecko) Chrome/120.0.0.0 Safari/537.36"
20.46.177.15 - - [28/Jan/2026:09:34:23 +0100] "GET /wp-admin/images/admin.php HTTP/1.0" 301 4312 "-" "Mozilla/5.0 (Windows NT 10.0; Win64; x64) AppleWebKit/537.36 (KHTML, like Gecko) Chrome/120.0.0.0 Safari/537.36"
20.46.177.15 - - [28/Jan/2026:09:34:24 +0100] "GET /wp-admin/images/atomlib.php HTTP/1.0" 301 4312 "-" "Mozilla/5.0 (Windows NT 10.0; Win64; x64) AppleWebKit/537.36 (KHTML, like Gecko) Chrome/120.0.0.0 Safari/537.36"
20.46.177.15 - - [28/Jan/2026:09:34:25 +0100] "GET /wp-admin/images/install.php HTTP/1.0" 301 4312 "-" "Mozilla/5.0 (Windows NT 10.0; Win64; x64) AppleWebKit/537.36 (KHTML, like Gecko) Chrome/120.0.0.0 Safari/537.36"
20.46.177.15 - - [28/Jan/2026:09:34:25 +0100] "GET /wp-admin/images/wp-login.php HTTP/1.0" 301 4312 "-" "Mozilla/5.0 (Windows NT 10.0; Win64; x64) AppleWebKit/537.36 (KHTML, like Gecko) Chrome/120.0.0.0 Safari/537.36"
20.46.177.15 - - [28/Jan/2026:09:34:26 +0100] "GET /wp-admin/images/wp-settings.phtml HTTP/1.0" 301 4312 "-" "Mozilla/5.0 (Windows NT 10.0; Win64; x64) AppleWebKit/537.36 (KHTML, like Gecko) Chrome/120.0.0.0 Safari/537.36"
20.46.177.15 - - [28/Jan/2026:09:34:26 +0100] "GET /wp-admin/install.php HTTP/1.0" 301 4312 "-" "Mozilla/5.0 (Windows NT 10.0; Win64; x64) AppleWebKit/537.36 (KHTML, like Gecko) Chrome/120.0.0.0 Safari/537.36"
43.231.132.42 - - [28/Jan/2026:09:34:27 +0100] "POST /autodiscover/autodiscover.xml HTTP/1.0" 301 4180 "-" "Microsoft Office/16.0 (Windows NT 10.0; Microsoft Outlook 16.0.5452; Pro)"
20.46.177.15 - - [28/Jan/2026:09:34:27 +0100] "GET /wp-admin/js/index.php HTTP/1.0" 301 1136 "-" "Mozilla/5.0 (Windows NT 10.0; Win64; x64) AppleWebKit/537.36 (KHTML, like Gecko) Chrome/120.0.0.0 Safari/537.36"
43.231.132.42 - - [28/Jan/2026:09:34:27 +0100] "POST / HTTP/1.0" 200 91496 "-" "Microsoft Office/16.0 (Windows NT 10.0; Microsoft Outlook 16.0.5452; Pro)"
20.46.177.15 - - [28/Jan/2026:09:34:28 +0100] "GET /wp-admin/maint/about.php HTTP/1.0" 301 4312 "-" "Mozilla/5.0 (Windows NT 10.0; Win64; x64) AppleWebKit/537.36 (KHTML, like Gecko) Chrome/120.0.0.0 Safari/537.36"
20.46.177.15 - - [28/Jan/2026:09:34:29 +0100] "GET /wp-admin/setup-config.php HTTP/1.0" 301 4312 "-" "Mozilla/5.0 (Windows NT 10.0; Win64; x64) AppleWebKit/537.36 (KHTML, like Gecko) Chrome/120.0.0.0 Safari/537.36"
20.46.177.15 - - [28/Jan/2026:09:34:30 +0100] "GET /wp-admin/user/autoload_classmap.php HTTP/1.0" 301 4312 "-" "Mozilla/5.0 (Windows NT 10.0; Win64; x64) AppleWebKit/537.36 (KHTML, like Gecko) Chrome/120.0.0.0 Safari/537.36"
20.46.177.15 - - [28/Jan/2026:09:34:30 +0100] "GET /wp-admin/x.php HTTP/1.0" 301 4312 "-" "Mozilla/5.0 (Windows NT 10.0; Win64; x64) AppleWebKit/537.36 (KHTML, like Gecko) Chrome/120.0.0.0 Safari/537.36"
20.46.177.15 - - [28/Jan/2026:09:34:31 +0100] "GET /wp-atom.php HTTP/1.0" 301 4312 "-" "Mozilla/5.0 (Windows NT 10.0; Win64; x64) AppleWebKit/537.36 (KHTML, like Gecko) Chrome/120.0.0.0 Safari/537.36"
20.46.177.15 - - [28/Jan/2026:09:34:32 +0100] "GET /wp-blog.php HTTP/1.0" 301 4312 "-" "Mozilla/5.0 (Windows NT 10.0; Win64; x64) AppleWebKit/537.36 (KHTML, like Gecko) Chrome/120.0.0.0 Safari/537.36"
20.46.177.15 - - [28/Jan/2026:09:34:33 +0100] "GET /wp-cli.php HTTP/1.0" 301 4312 "-" "Mozilla/5.0 (Windows NT 10.0; Win64; x64) AppleWebKit/537.36 (KHTML, like Gecko) Chrome/120.0.0.0 Safari/537.36"
20.46.177.15 - - [28/Jan/2026:09:34:33 +0100] "GET /wp-configs.php HTTP/1.0" 301 4312 "-" "Mozilla/5.0 (Windows NT 10.0; Win64; x64) AppleWebKit/537.36 (KHTML, like Gecko) Chrome/120.0.0.0 Safari/537.36"
20.46.177.15 - - [28/Jan/2026:09:34:34 +0100] "GET /wp-content/atomlib.php HTTP/1.0" 301 1152 "-" "Mozilla/5.0 (Windows NT 10.0; Win64; x64) AppleWebKit/537.36 (KHTML, like Gecko) Chrome/120.0.0.0 Safari/537.36"
66.249.84.193 - - [28/Jan/2026:09:34:34 +0100] "GET /images/omkar-emailer-logo.jpg HTTP/1.0" 301 4348 "-" "Mozilla/5.0 (Windows NT 5.1; rv:11.0) Gecko Firefox/11.0 (via ggpht.com GoogleImageProxy)"
20.46.177.15 - - [28/Jan/2026:09:34:35 +0100] "GET /wp-content/languages/wp-login.php HTTP/1.0" 301 4312 "-" "Mozilla/5.0 (Windows NT 10.0; Win64; x64) AppleWebKit/537.36 (KHTML, like Gecko) Chrome/120.0.0.0 Safari/537.36"
20.46.177.15 - - [28/Jan/2026:09:34:36 +0100] "GET /wp-content/plugins/WordPressCore/ HTTP/1.0" 301 1152 "-" "Mozilla/5.0 (Windows NT 10.0; Win64; x64) AppleWebKit/537.36 (KHTML, like Gecko) Chrome/120.0.0.0 Safari/537.36"
20.46.177.15 - - [28/Jan/2026:09:34:37 +0100] "GET /wp-content/plugins/WordPressCore/fm.php HTTP/1.0" 301 4312 "-" "Mozilla/5.0 (Windows NT 10.0; Win64; x64) AppleWebKit/537.36 (KHTML, like Gecko) Chrome/120.0.0.0 Safari/537.36"
66.249.84.195 - - [28/Jan/2026:09:34:36 +0100] "GET / HTTP/1.0" 200 22108 "-" "Mozilla/5.0 (Windows NT 5.1; rv:11.0) Gecko Firefox/11.0 (via ggpht.com GoogleImageProxy)"
20.46.177.15 - - [28/Jan/2026:09:34:37 +0100] "GET /wp-content/plugins/classic-editor/ HTTP/1.0" 301 1136 "-" "Mozilla/5.0 (Windows NT 10.0; Win64; x64) AppleWebKit/537.36 (KHTML, like Gecko) Chrome/120.0.0.0 Safari/537.36"
66.249.84.193 - - [28/Jan/2026:09:34:38 +0100] "GET /images/omkar-emailer-logo.jpg HTTP/1.0" 301 4348 "-" "Mozilla/5.0 (Windows NT 5.1; rv:11.0) Gecko Firefox/11.0 (via ggpht.com GoogleImageProxy)"
20.46.177.15 - - [28/Jan/2026:09:34:38 +0100] "GET /wp-content/plugins/core-plugin/ HTTP/1.0" 301 4312 "-" "Mozilla/5.0 (Windows NT 10.0; Win64; x64) AppleWebKit/537.36 (KHTML, like Gecko) Chrome/120.0.0.0 Safari/537.36"
20.46.177.15 - - [28/Jan/2026:09:34:39 +0100] "GET /wp-content/plugins/core-plugin/include.php HTTP/1.0" 301 1136 "-" "Mozilla/5.0 (Windows NT 10.0; Win64; x64) AppleWebKit/537.36 (KHTML, like Gecko) Chrome/120.0.0.0 Safari/537.36"
66.249.90.226 - - [28/Jan/2026:09:34:38 +0100] "GET / HTTP/1.0" 200 18900 "-" "FeedFetcher-Google; (+http://www.google.com/feedfetcher.html)"
20.46.177.15 - - [28/Jan/2026:09:34:39 +0100] "GET /wp-content/plugins/revslider/includes/external/page/index.php HTTP/1.0" 301 4312 "-" "Mozilla/5.0 (Windows NT 10.0; Win64; x64) AppleWebKit/537.36 (KHTML, like Gecko) Chrome/120.0.0.0 Safari/537.36"
66.249.84.194 - - [28/Jan/2026:09:34:39 +0100] "GET / HTTP/1.0" 200 18900 "-" "Mozilla/5.0 (Windows NT 5.1; rv:11.0) Gecko Firefox/11.0 (via ggpht.com GoogleImageProxy)"
66.249.84.194 - - [28/Jan/2026:09:34:40 +0100] "GET /images/omkar-emailer-logo.jpg HTTP/1.0" 301 4348 "-" "Mozilla/5.0 (Windows NT 5.1; rv:11.0) Gecko Firefox/11.0 (via ggpht.com GoogleImageProxy)"
20.46.177.15 - - [28/Jan/2026:09:34:41 +0100] "GET /wp-content/plugins/wp-theme-editor/include.php HTTP/1.0" 301 4312 "-" "Mozilla/5.0 (Windows NT 10.0; Win64; x64) AppleWebKit/537.36 (KHTML, like Gecko) Chrome/120.0.0.0 Safari/537.36"
66.249.84.194 - - [28/Jan/2026:09:34:41 +0100] "GET / HTTP/1.0" 200 18900 "-" "Mozilla/5.0 (Windows NT 5.1; rv:11.0) Gecko Firefox/11.0 (via ggpht.com GoogleImageProxy)"
20.46.177.15 - - [28/Jan/2026:09:34:41 +0100] "GET /wp-content/shell20211028.php HTTP/1.0" 301 4312 "-" "Mozilla/5.0 (Windows NT 10.0; Win64; x64) AppleWebKit/537.36 (KHTML, like Gecko) Chrome/120.0.0.0 Safari/537.36"
20.46.177.15 - - [28/Jan/2026:09:34:42 +0100] "GET /wp-content/themes/index.php HTTP/1.0" 301 4312 "-" "Mozilla/5.0 (Windows NT 10.0; Win64; x64) AppleWebKit/537.36 (KHTML, like Gecko) Chrome/120.0.0.0 Safari/537.36"
20.46.177.15 - - [28/Jan/2026:09:34:42 +0100] "GET /wp-content/themes/pridmag/1.php HTTP/1.0" 301 1136 "-" "Mozilla/5.0 (Windows NT 10.0; Win64; x64) AppleWebKit/537.36 (KHTML, like Gecko) Chrome/120.0.0.0 Safari/537.36"
49.13.164.148 - - [28/Jan/2026:09:34:42 +0100] "HEAD / HTTP/1.0" 200 1072 "http://www.omkar.com" "Mozilla/5.0+(compatible; UptimeRobot/2.0; http://www.uptimerobot.com/)"
20.46.177.15 - - [28/Jan/2026:09:34:43 +0100] "GET /wp-content/themes/sketch/404.php HTTP/1.0" 301 4312 "-" "Mozilla/5.0 (Windows NT 10.0; Win64; x64) AppleWebKit/537.36 (KHTML, like Gecko) Chrome/120.0.0.0 Safari/537.36"
20.46.177.15 - - [28/Jan/2026:09:34:44 +0100] "GET /wp-content/themes/twentyfive/include.php HTTP/1.0" 301 4312 "-" "Mozilla/5.0 (Windows NT 10.0; Win64; x64) AppleWebKit/537.36 (KHTML, like Gecko) Chrome/120.0.0.0 Safari/537.36"
20.46.177.15 - - [28/Jan/2026:09:34:45 +0100] "GET /wp-content/uploads HTTP/1.0" 301 4312 "-" "Mozilla/5.0 (Windows NT 10.0; Win64; x64) AppleWebKit/537.36 (KHTML, like Gecko) Chrome/120.0.0.0 Safari/537.36"
20.46.177.15 - - [28/Jan/2026:09:34:45 +0100] "GET /wp-content/x/index.php HTTP/1.0" 301 4312 "-" "Mozilla/5.0 (Windows NT 10.0; Win64; x64) AppleWebKit/537.36 (KHTML, like Gecko) Chrome/120.0.0.0 Safari/537.36"
20.46.177.15 - - [28/Jan/2026:09:34:47 +0100] "GET /wp-file.php HTTP/1.0" 301 4312 "-" "Mozilla/5.0 (Windows NT 10.0; Win64; x64) AppleWebKit/537.36 (KHTML, like Gecko) Chrome/120.0.0.0 Safari/537.36"
20.46.177.15 - - [28/Jan/2026:09:34:48 +0100] "GET /wp-includes/IXR/autoload_classmap.php HTTP/1.0" 301 4312 "-" "Mozilla/5.0 (Windows NT 10.0; Win64; x64) AppleWebKit/537.36 (KHTML, like Gecko) Chrome/120.0.0.0 Safari/537.36"
20.46.177.15 - - [28/Jan/2026:09:34:49 +0100] "GET /wp-includes/Requests/Cookie/ HTTP/1.0" 301 4312 "-" "Mozilla/5.0 (Windows NT 10.0; Win64; x64) AppleWebKit/537.36 (KHTML, like Gecko) Chrome/120.0.0.0 Safari/537.36"
20.46.177.15 - - [28/Jan/2026:09:34:49 +0100] "GET /wp-includes/Requests/library/about.php HTTP/1.0" 301 4312 "-" "Mozilla/5.0 (Windows NT 10.0; Win64; x64) AppleWebKit/537.36 (KHTML, like Gecko) Chrome/120.0.0.0 Safari/537.36"
20.46.177.15 - - [28/Jan/2026:09:34:50 +0100] "GET /wp-includes/SimplePie/Parse/ HTTP/1.0" 301 1136 "-" "Mozilla/5.0 (Windows NT 10.0; Win64; x64) AppleWebKit/537.36 (KHTML, like Gecko) Chrome/120.0.0.0 Safari/537.36"
20.46.177.15 - - [28/Jan/2026:09:34:50 +0100] "GET /wp-includes/Text/chosen.php HTTP/1.0" 301 4312 "-" "Mozilla/5.0 (Windows NT 10.0; Win64; x64) AppleWebKit/537.36 (KHTML, like Gecko) Chrome/120.0.0.0 Safari/537.36"
20.46.177.15 - - [28/Jan/2026:09:34:51 +0100] "GET /wp-includes/blocks/autoload_classmap.php HTTP/1.0" 301 4312 "-" "Mozilla/5.0 (Windows NT 10.0; Win64; x64) AppleWebKit/537.36 (KHTML, like Gecko) Chrome/120.0.0.0 Safari/537.36"
20.46.177.15 - - [28/Jan/2026:09:34:52 +0100] "GET /wp-includes/blocks/more/ HTTP/1.0" 301 1136 "-" "Mozilla/5.0 (Windows NT 10.0; Win64; x64) AppleWebKit/537.36 (KHTML, like Gecko) Chrome/120.0.0.0 Safari/537.36"
20.46.177.15 - - [28/Jan/2026:09:34:52 +0100] "GET /wp-includes/blocks/post-author/ HTTP/1.0" 301 4312 "-" "Mozilla/5.0 (Windows NT 10.0; Win64; x64) AppleWebKit/537.36 (KHTML, like Gecko) Chrome/120.0.0.0 Safari/537.36"
20.46.177.15 - - [28/Jan/2026:09:34:53 +0100] "GET /wp-includes/blocks/site-logo/ HTTP/1.0" 301 4312 "-" "Mozilla/5.0 (Windows NT 10.0; Win64; x64) AppleWebKit/537.36 (KHTML, like Gecko) Chrome/120.0.0.0 Safari/537.36"
20.46.177.15 - - [28/Jan/2026:09:34:54 +0100] "GET /wp-includes/blocks/social-links/ HTTP/1.0" 301 4312 "-" "Mozilla/5.0 (Windows NT 10.0; Win64; x64) AppleWebKit/537.36 (KHTML, like Gecko) Chrome/120.0.0.0 Safari/537.36"
20.46.177.15 - - [28/Jan/2026:09:34:55 +0100] "GET /wp-includes/blocks/term-description/ HTTP/1.0" 301 4312 "-" "Mozilla/5.0 (Windows NT 10.0; Win64; x64) AppleWebKit/537.36 (KHTML, like Gecko) Chrome/120.0.0.0 Safari/537.36"
43.231.132.42 - - [28/Jan/2026:09:34:55 +0100] "POST /autodiscover/autodiscover.xml HTTP/1.0" 301 1004 "-" "Microsoft Office/16.0 (Windows NT 10.0; Microsoft Outlook 16.0.5452; Pro)"
20.46.177.15 - - [28/Jan/2026:09:34:55 +0100] "GET /wp-includes/css/dist/preferences/ HTTP/1.0" 301 4312 "-" "Mozilla/5.0 (Windows NT 10.0; Win64; x64) AppleWebKit/537.36 (KHTML, like Gecko) Chrome/120.0.0.0 Safari/537.36"
43.231.132.42 - - [28/Jan/2026:09:34:55 +0100] "POST / HTTP/1.0" 200 91496 "-" "Microsoft Office/16.0 (Windows NT 10.0; Microsoft Outlook 16.0.5452; Pro)"
20.46.177.15 - - [28/Jan/2026:09:34:56 +0100] "GET /wp-includes/fonts/index.php HTTP/1.0" 301 4312 "-" "Mozilla/5.0 (Windows NT 10.0; Win64; x64) AppleWebKit/537.36 (KHTML, like Gecko) Chrome/120.0.0.0 Safari/537.36"
20.46.177.15 - - [28/Jan/2026:09:34:57 +0100] "GET /wp-includes/install.php HTTP/1.0" 301 4312 "-" "Mozilla/5.0 (Windows NT 10.0; Win64; x64) AppleWebKit/537.36 (KHTML, like Gecko) Chrome/120.0.0.0 Safari/537.36"
20.46.177.15 - - [28/Jan/2026:09:34:57 +0100] "GET /wp-includes/sts.php HTTP/1.0" 301 4312 "-" "Mozilla/5.0 (Windows NT 10.0; Win64; x64) AppleWebKit/537.36 (KHTML, like Gecko) Chrome/120.0.0.0 Safari/537.36"
20.46.177.15 - - [28/Jan/2026:09:34:58 +0100] "GET /wp-includes/wp-class.php/wp-content/themes/travelscape/ HTTP/1.0" 301 4312 "-" "Mozilla/5.0 (Windows NT 10.0; Win64; x64) AppleWebKit/537.36 (KHTML, like Gecko) Chrome/120.0.0.0 Safari/537.36"
20.46.177.15 - - [28/Jan/2026:09:34:59 +0100] "GET /wp-info.php HTTP/1.0" 301 4312 "-" "Mozilla/5.0 (Windows NT 10.0; Win64; x64) AppleWebKit/537.36 (KHTML, like Gecko) Chrome/120.0.0.0 Safari/537.36"
20.46.177.15 - - [28/Jan/2026:09:35:00 +0100] "GET /x.php HTTP/1.0" 301 4312 "-" "Mozilla/5.0 (Windows NT 10.0; Win64; x64) AppleWebKit/537.36 (KHTML, like Gecko) Chrome/120.0.0.0 Safari/537.36"
20.46.177.15 - - [28/Jan/2026:09:35:00 +0100] "GET /xleet.php HTTP/1.0" 301 4312 "-" "Mozilla/5.0 (Windows NT 10.0; Win64; x64) AppleWebKit/537.36 (KHTML, like Gecko) Chrome/120.0.0.0 Safari/537.36"
20.46.177.15 - - [28/Jan/2026:09:35:01 +0100] "GET /xox.php HTTP/1.0" 301 4312 "-" "Mozilla/5.0 (Windows NT 10.0; Win64; x64) AppleWebKit/537.36 (KHTML, like Gecko) Chrome/120.0.0.0 Safari/537.36"
66.249.84.194 - - [28/Jan/2026:09:35:06 +0100] "GET /images/omkar-emailer-logo.jpg HTTP/1.0" 301 4348 "-" "Mozilla/5.0 (Windows NT 5.1; rv:11.0) Gecko Firefox/11.0 (via ggpht.com GoogleImageProxy)"
66.249.84.195 - - [28/Jan/2026:09:35:07 +0100] "GET / HTTP/1.0" 200 22108 "-" "Mozilla/5.0 (Windows NT 5.1; rv:11.0) Gecko Firefox/11.0 (via ggpht.com GoogleImageProxy)"
66.249.84.193 - - [28/Jan/2026:09:35:18 +0100] "GET /images/omkar-emailer-logo.jpg HTTP/1.0" 301 4348 "-" "Mozilla/5.0 (Windows NT 5.1; rv:11.0) Gecko Firefox/11.0 (via ggpht.com GoogleImageProxy)"
66.249.84.195 - - [28/Jan/2026:09:35:19 +0100] "GET / HTTP/1.0" 200 22108 "-" "Mozilla/5.0 (Windows NT 5.1; rv:11.0) Gecko Firefox/11.0 (via ggpht.com GoogleImageProxy)"
66.249.84.194 - - [28/Jan/2026:09:35:22 +0100] "GET /images/omkar-emailer-logo.jpg HTTP/1.0" 301 4348 "-" "Mozilla/5.0 (Windows NT 5.1; rv:11.0) Gecko Firefox/11.0 (via ggpht.com GoogleImageProxy)"
66.249.84.194 - - [28/Jan/2026:09:35:23 +0100] "GET / HTTP/1.0" 200 22108 "-" "Mozilla/5.0 (Windows NT 5.1; rv:11.0) Gecko Firefox/11.0 (via ggpht.com GoogleImageProxy)"
43.231.132.42 - - [28/Jan/2026:09:35:27 +0100] "POST /autodiscover/autodiscover.xml HTTP/1.0" 301 4180 "-" "Microsoft Office/16.0 (Windows NT 10.0; Microsoft Outlook 16.0.5452; Pro)"
43.231.132.42 - - [28/Jan/2026:09:35:28 +0100] "POST / HTTP/1.0" 200 91496 "-" "Microsoft Office/16.0 (Windows NT 10.0; Microsoft Outlook 16.0.5452; Pro)"
66.249.84.195 - - [28/Jan/2026:09:35:29 +0100] "GET /images/omkar-emailer-logo.jpg HTTP/1.0" 301 4348 "-" "Mozilla/5.0 (Windows NT 5.1; rv:11.0) Gecko Firefox/11.0 (via ggpht.com GoogleImageProxy)"
66.249.84.194 - - [28/Jan/2026:09:35:30 +0100] "GET / HTTP/1.0" 200 22108 "-" "Mozilla/5.0 (Windows NT 5.1; rv:11.0) Gecko Firefox/11.0 (via ggpht.com GoogleImageProxy)"
66.249.84.193 - - [28/Jan/2026:09:35:33 +0100] "GET /images/omkar-emailer-logo.jpg HTTP/1.0" 301 4348 "-" "Mozilla/5.0 (Windows NT 5.1; rv:11.0) Gecko Firefox/11.0 (via ggpht.com GoogleImageProxy)"
66.249.84.194 - - [28/Jan/2026:09:35:35 +0100] "GET / HTTP/1.0" 200 22108 "-" "Mozilla/5.0 (Windows NT 5.1; rv:11.0) Gecko Firefox/11.0 (via ggpht.com GoogleImageProxy)"
167.235.143.113 - - [28/Jan/2026:09:35:36 +0100] "HEAD / HTTP/1.0" 200 4248 "http://omkar.com/" "Mozilla/5.0+(compatible; UptimeRobot/2.0; http://www.uptimerobot.com/)"
49.36.103.101 - - [28/Jan/2026:09:35:43 +0100] "GET /images/omkar-emailer-logo.jpg HTTP/1.0" 301 4348 "-" "Mozilla/5.0 (Windows NT 10.0; Win64; x64) AppleWebKit/537.36 (KHTML, like Gecko) Chrome/144.0.0.0 Safari/537.36"
49.36.103.101 - - [28/Jan/2026:09:35:43 +0100] "GET /images/omkar-emailer-logo.jpg HTTP/1.0" 301 4348 "-" "Mozilla/5.0 (Windows NT 10.0; Win64; x64) AppleWebKit/537.36 (KHTML, like Gecko) Chrome/144.0.0.0 Safari/537.36"
49.36.103.101 - - [28/Jan/2026:09:35:44 +0100] "GET /images/omkar-emailer-logo.jpg HTTP/1.0" 301 4348 "-" "Mozilla/5.0 (Windows NT 10.0; Win64; x64) AppleWebKit/537.36 (KHTML, like Gecko) Chrome/144.0.0.0 Safari/537.36"
49.36.103.101 - - [28/Jan/2026:09:35:43 +0100] "GET / HTTP/1.0" 200 22108 "-" "Mozilla/5.0 (Windows NT 10.0; Win64; x64) AppleWebKit/537.36 (KHTML, like Gecko) Chrome/144.0.0.0 Safari/537.36"
66.249.84.194 - - [28/Jan/2026:09:35:44 +0100] "GET /images/omkar-emailer-logo.jpg HTTP/1.0" 301 4348 "-" "Mozilla/5.0 (Windows NT 5.1; rv:11.0) Gecko Firefox/11.0 (via ggpht.com GoogleImageProxy)"
49.36.103.101 - - [28/Jan/2026:09:35:45 +0100] "GET / HTTP/1.0" 200 22108 "-" "Mozilla/5.0 (Windows NT 10.0; Win64; x64) AppleWebKit/537.36 (KHTML, like Gecko) Chrome/144.0.0.0 Safari/537.36"
66.249.84.195 - - [28/Jan/2026:09:35:46 +0100] "GET / HTTP/1.0" 200 22108 "-" "Mozilla/5.0 (Windows NT 5.1; rv:11.0) Gecko Firefox/11.0 (via ggpht.com GoogleImageProxy)"
49.36.103.101 - - [28/Jan/2026:09:35:46 +0100] "GET / HTTP/1.0" 200 18916 "-" "Mozilla/5.0 (Windows NT 10.0; Win64; x64) AppleWebKit/537.36 (KHTML, like Gecko) Chrome/144.0.0.0 Safari/537.36"
66.249.84.193 - - [28/Jan/2026:09:35:58 +0100] "GET /images/omkar-emailer-logo.jpg HTTP/1.0" 301 4348 "-" "Mozilla/5.0 (Windows NT 5.1; rv:11.0) Gecko Firefox/11.0 (via ggpht.com GoogleImageProxy)"
66.249.84.195 - - [28/Jan/2026:09:35:59 +0100] "GET / HTTP/1.0" 200 22108 "-" "Mozilla/5.0 (Windows NT 5.1; rv:11.0) Gecko Firefox/11.0 (via ggpht.com GoogleImageProxy)"
66.249.84.193 - - [28/Jan/2026:09:36:11 +0100] "GET /images/omkar-emailer-logo.jpg HTTP/1.0" 301 4348 "-" "Mozilla/5.0 (Windows NT 5.1; rv:11.0) Gecko Firefox/11.0 (via ggpht.com GoogleImageProxy)"
66.249.84.195 - - [28/Jan/2026:09:36:12 +0100] "GET / HTTP/1.0" 200 22108 "-" "Mozilla/5.0 (Windows NT 5.1; rv:11.0) Gecko Firefox/11.0 (via ggpht.com GoogleImageProxy)"
66.249.84.194 - - [28/Jan/2026:09:36:28 +0100] "GET /images/omkar-emailer-logo.jpg HTTP/1.0" 301 4348 "-" "Mozilla/5.0 (Windows NT 5.1; rv:11.0) Gecko Firefox/11.0 (via ggpht.com GoogleImageProxy)"
66.249.84.193 - - [28/Jan/2026:09:36:29 +0100] "GET / HTTP/1.0" 200 22108 "-" "Mozilla/5.0 (Windows NT 5.1; rv:11.0) Gecko Firefox/11.0 (via ggpht.com GoogleImageProxy)"
176.37.78.37 - - [28/Jan/2026:09:36:30 +0100] "GET /blogs/4-reasons-a-property-investment-a-smart-way-to-earn/ HTTP/1.0" 301 4312 "https://omkar.com/blogs/4-reasons-a-property-investment-a-smart-way-to-earn/" "Mozilla/5.0 (Windows NT 10.0; Win64; x64) AppleWebKit/537.36 (KHTML, like Gecko) Chrome/103.0.5042.0 Safari/537.36"
176.37.78.37 - - [28/Jan/2026:09:36:32 +0100] "GET / HTTP/1.0" 200 91496 "https://omkar.com/" "Mozilla/5.0 (Windows NT 10.0; Win64; x64) AppleWebKit/537.36 (KHTML, like Gecko) Chrome/103.0.5042.0 Safari/537.36"
66.249.84.194 - - [28/Jan/2026:09:36:33 +0100] "GET /images/omkar-emailer-logo.jpg HTTP/1.0" 301 4348 "-" "Mozilla/5.0 (Windows NT 5.1; rv:11.0) Gecko Firefox/11.0 (via ggpht.com GoogleImageProxy)"
66.249.84.193 - - [28/Jan/2026:09:36:33 +0100] "GET / HTTP/1.0" 200 22108 "-" "Mozilla/5.0 (Windows NT 5.1; rv:11.0) Gecko Firefox/11.0 (via ggpht.com GoogleImageProxy)"
176.37.78.37 - - [28/Jan/2026:09:36:34 +0100] "GET /home/generateCaptcha?id=2 HTTP/1.0" 200 9563 "https://omkar.com/" "Mozilla/5.0 (Windows NT 10.0; Win64; x64) AppleWebKit/537.36 (KHTML, like Gecko) Chrome/103.0.5042.0 Safari/537.36"
176.37.78.37 - - [28/Jan/2026:09:36:36 +0100] "GET /blogs HTTP/1.0" 301 4180 "https://omkar.com/blogs" "Mozilla/5.0 (Windows NT 10.0; Win64; x64) AppleWebKit/537.36 (KHTML, like Gecko) Chrome/103.0.5042.0 Safari/537.36"
176.37.78.37 - - [28/Jan/2026:09:36:38 +0100] "GET / HTTP/1.0" 200 91496 "https://omkar.com/" "Mozilla/5.0 (Windows NT 10.0; Win64; x64) AppleWebKit/537.36 (KHTML, like Gecko) Chrome/103.0.5042.0 Safari/537.36"
176.37.78.37 - - [28/Jan/2026:09:36:40 +0100] "GET /home/generateCaptcha?id=2 HTTP/1.0" 200 9312 "https://omkar.com/" "Mozilla/5.0 (Windows NT 10.0; Win64; x64) AppleWebKit/537.36 (KHTML, like Gecko) Chrome/103.0.5042.0 Safari/537.36"
66.249.84.193 - - [28/Jan/2026:09:36:42 +0100] "GET /images/omkar-emailer-logo.jpg HTTP/1.0" 301 4348 "-" "Mozilla/5.0 (Windows NT 5.1; rv:11.0) Gecko Firefox/11.0 (via ggpht.com GoogleImageProxy)"
31.145.120.62 - - [28/Jan/2026:09:36:42 +0100] "GET /ongoing-commercial-projects-mumbai/tsbb-andheri-east HTTP/1.0" 200 73851 "-" "-"
66.249.84.195 - - [28/Jan/2026:09:36:42 +0100] "GET / HTTP/1.0" 200 18916 "-" "Mozilla/5.0 (Windows NT 5.1; rv:11.0) Gecko Firefox/11.0 (via ggpht.com GoogleImageProxy)"
176.37.78.37 - - [28/Jan/2026:09:36:42 +0100] "GET /blogs HTTP/1.0" 301 4180 "https://omkar.com/blogs" "Mozilla/5.0 (Windows NT 10.0; Win64; x64) AppleWebKit/537.36 (KHTML, like Gecko) Chrome/103.0.5042.0 Safari/537.36"
31.145.120.62 - - [28/Jan/2026:09:36:44 +0100] "GET /ongoing-commercial-projects-mumbai/tsbb-andheri-east HTTP/1.0" 200 21326 "-" "Mozilla/5.0 (Macintosh; Intel Mac OS X 10_15_3) AppleWebKit/537.36 (KHTML, like Gecko) Chrome/80.0.3987.132 Safari/537.36"
31.145.120.62 - - [28/Jan/2026:09:36:46 +0100] "GET /assets/css/owl.carousel.min.css HTTP/1.0" 200 4028 "https://www.omkar.com/ongoing-commercial-projects-mumbai/tsbb-andheri-east" "Mozilla/5.0 (Macintosh; Intel Mac OS X 10_15_3) AppleWebKit/537.36 (KHTML, like Gecko) Chrome/80.0.3987.132 Safari/537.36"
31.145.120.62 - - [28/Jan/2026:09:36:46 +0100] "GET /assets/css/animate.css HTTP/1.0" 200 4019 "https://www.omkar.com/ongoing-commercial-projects-mumbai/tsbb-andheri-east" "Mozilla/5.0 (Macintosh; Intel Mac OS X 10_15_3) AppleWebKit/537.36 (KHTML, like Gecko) Chrome/80.0.3987.132 Safari/537.36"
31.145.120.62 - - [28/Jan/2026:09:36:46 +0100] "GET /assets/css/reset.css HTTP/1.0" 200 4559 "https://www.omkar.com/ongoing-commercial-projects-mumbai/tsbb-andheri-east" "Mozilla/5.0 (Macintosh; Intel Mac OS X 10_15_3) AppleWebKit/537.36 (KHTML, like Gecko) Chrome/80.0.3987.132 Safari/537.36"
31.145.120.62 - - [28/Jan/2026:09:36:46 +0100] "GET /assets/css/bootstrap.min.css HTTP/1.0" 200 4025 "https://www.omkar.com/ongoing-commercial-projects-mumbai/tsbb-andheri-east" "Mozilla/5.0 (Macintosh; Intel Mac OS X 10_15_3) AppleWebKit/537.36 (KHTML, like Gecko) Chrome/80.0.3987.132 Safari/537.36"
31.145.120.62 - - [28/Jan/2026:09:36:46 +0100] "GET /assets/css/omkarStyle.css HTTP/1.0" 200 4022 "https://www.omkar.com/ongoing-commercial-projects-mumbai/tsbb-andheri-east" "Mozilla/5.0 (Macintosh; Intel Mac OS X 10_15_3) AppleWebKit/537.36 (KHTML, like Gecko) Chrome/80.0.3987.132 Safari/537.36"
31.145.120.62 - - [28/Jan/2026:09:36:46 +0100] "GET /assets/css/responsive.css HTTP/1.0" 200 4022 "https://www.omkar.com/ongoing-commercial-projects-mumbai/tsbb-andheri-east" "Mozilla/5.0 (Macintosh; Intel Mac OS X 10_15_3) AppleWebKit/537.36 (KHTML, like Gecko) Chrome/80.0.3987.132 Safari/537.36"
31.145.120.62 - - [28/Jan/2026:09:36:46 +0100] "GET /assets/build/css/intlTelInput.css HTTP/1.0" 200 4030 "https://www.omkar.com/ongoing-commercial-projects-mumbai/tsbb-andheri-east" "Mozilla/5.0 (Macintosh; Intel Mac OS X 10_15_3) AppleWebKit/537.36 (KHTML, like Gecko) Chrome/80.0.3987.132 Safari/537.36"
31.145.120.62 - - [28/Jan/2026:09:36:46 +0100] "GET /assets/css/font-awesome/css/font-awesome.min.css HTTP/1.0" 200 4045 "https://www.omkar.com/ongoing-commercial-projects-mumbai/tsbb-andheri-east" "Mozilla/5.0 (Macintosh; Intel Mac OS X 10_15_3) AppleWebKit/537.36 (KHTML, like Gecko) Chrome/80.0.3987.132 Safari/537.36"
31.145.120.62 - - [28/Jan/2026:09:36:46 +0100] "GET /assets/css/jquery.fancybox.css HTTP/1.0" 200 4027 "https://www.omkar.com/ongoing-commercial-projects-mumbai/tsbb-andheri-east" "Mozilla/5.0 (Macintosh; Intel Mac OS X 10_15_3) AppleWebKit/537.36 (KHTML, like Gecko) Chrome/80.0.3987.132 Safari/537.36"
31.145.120.62 - - [28/Jan/2026:09:36:46 +0100] "GET /assets/css/ion.rangeSlider.css HTTP/1.0" 200 4027 "https://www.omkar.com/ongoing-commercial-projects-mumbai/tsbb-andheri-east" "Mozilla/5.0 (Macintosh; Intel Mac OS X 10_15_3) AppleWebKit/537.36 (KHTML, like Gecko) Chrome/80.0.3987.132 Safari/537.36"
31.145.120.62 - - [28/Jan/2026:09:36:46 +0100] "GET /assets/js/jquery-1.9.1.min.js HTTP/1.0" 200 4033 "https://www.omkar.com/ongoing-commercial-projects-mumbai/tsbb-andheri-east" "Mozilla/5.0 (Macintosh; Intel Mac OS X 10_15_3) AppleWebKit/537.36 (KHTML, like Gecko) Chrome/80.0.3987.132 Safari/537.36"
31.145.120.62 - - [28/Jan/2026:09:36:46 +0100] "GET /assets/js/owl.carousel.min.js HTTP/1.0" 200 4033 "https://www.omkar.com/ongoing-commercial-projects-mumbai/tsbb-andheri-east" "Mozilla/5.0 (Macintosh; Intel Mac OS X 10_15_3) AppleWebKit/537.36 (KHTML, like Gecko) Chrome/80.0.3987.132 Safari/537.36"
31.145.120.62 - - [28/Jan/2026:09:36:46 +0100] "GET /assets/js/jquery.mousewheel.min.js HTTP/1.0" 200 846 "https://www.omkar.com/ongoing-commercial-projects-mumbai/tsbb-andheri-east" "Mozilla/5.0 (Macintosh; Intel Mac OS X 10_15_3) AppleWebKit/537.36 (KHTML, like Gecko) Chrome/80.0.3987.132 Safari/537.36"
31.145.120.62 - - [28/Jan/2026:09:36:46 +0100] "GET /assets/js/css3-animate-it.js HTTP/1.0" 200 840 "https://www.omkar.com/ongoing-commercial-projects-mumbai/tsbb-andheri-east" "Mozilla/5.0 (Macintosh; Intel Mac OS X 10_15_3) AppleWebKit/537.36 (KHTML, like Gecko) Chrome/80.0.3987.132 Safari/537.36"
31.145.120.62 - - [28/Jan/2026:09:36:46 +0100] "GET /assets/js/jquery.fancybox.js HTTP/1.0" 200 840 "https://www.omkar.com/ongoing-commercial-projects-mumbai/tsbb-andheri-east" "Mozilla/5.0 (Macintosh; Intel Mac OS X 10_15_3) AppleWebKit/537.36 (KHTML, like Gecko) Chrome/80.0.3987.132 Safari/537.36"
31.145.120.62 - - [28/Jan/2026:09:36:46 +0100] "GET /assets/js/ion.rangeSlider.js HTTP/1.0" 200 840 "https://www.omkar.com/ongoing-commercial-projects-mumbai/tsbb-andheri-east" "Mozilla/5.0 (Macintosh; Intel Mac OS X 10_15_3) AppleWebKit/537.36 (KHTML, like Gecko) Chrome/80.0.3987.132 Safari/537.36"
31.145.120.62 - - [28/Jan/2026:09:36:46 +0100] "GET /assets/build/js/intlTelInput.js HTTP/1.0" 200 843 "https://www.omkar.com/ongoing-commercial-projects-mumbai/tsbb-andheri-east" "Mozilla/5.0 (Macintosh; Intel Mac OS X 10_15_3) AppleWebKit/537.36 (KHTML, like Gecko) Chrome/80.0.3987.132 Safari/537.36"
31.145.120.62 - - [28/Jan/2026:09:36:46 +0100] "GET /assets/js/form.js HTTP/1.0" 200 829 "https://www.omkar.com/ongoing-commercial-projects-mumbai/tsbb-andheri-east" "Mozilla/5.0 (Macintosh; Intel Mac OS X 10_15_3) AppleWebKit/537.36 (KHTML, like Gecko) Chrome/80.0.3987.132 Safari/537.36"
31.145.120.62 - - [28/Jan/2026:09:36:46 +0100] "GET /assets/js/jquery.firstVisitPopup.js HTTP/1.0" 200 1366 "https://www.omkar.com/ongoing-commercial-projects-mumbai/tsbb-andheri-east" "Mozilla/5.0 (Macintosh; Intel Mac OS X 10_15_3) AppleWebKit/537.36 (KHTML, like Gecko) Chrome/80.0.3987.132 Safari/537.36"
31.145.120.62 - - [28/Jan/2026:09:36:46 +0100] "GET /assets/js/normalpopup-onclick.js HTTP/1.0" 200 844 "https://www.omkar.com/ongoing-commercial-projects-mumbai/tsbb-andheri-east" "Mozilla/5.0 (Macintosh; Intel Mac OS X 10_15_3) AppleWebKit/537.36 (KHTML, like Gecko) Chrome/80.0.3987.132 Safari/537.36"
31.145.120.62 - - [28/Jan/2026:09:36:46 +0100] "GET /assets/js/career.js HTTP/1.0" 200 1182 "https://www.omkar.com/ongoing-commercial-projects-mumbai/tsbb-andheri-east" "Mozilla/5.0 (Macintosh; Intel Mac OS X 10_15_3) AppleWebKit/537.36 (KHTML, like Gecko) Chrome/80.0.3987.132 Safari/537.36"
31.145.120.62 - - [28/Jan/2026:09:36:46 +0100] "GET /assets/css/normalpop.css HTTP/1.0" 200 829 "https://www.omkar.com/ongoing-commercial-projects-mumbai/tsbb-andheri-east" "Mozilla/5.0 (Macintosh; Intel Mac OS X 10_15_3) AppleWebKit/537.36 (KHTML, like Gecko) Chrome/80.0.3987.132 Safari/537.36"
31.145.120.62 - - [28/Jan/2026:09:36:46 +0100] "GET /assets/js/jquery.validate.min.js HTTP/1.0" 200 844 "https://www.omkar.com/ongoing-commercial-projects-mumbai/tsbb-andheri-east" "Mozilla/5.0 (Macintosh; Intel Mac OS X 10_15_3) AppleWebKit/537.36 (KHTML, like Gecko) Chrome/80.0.3987.132 Safari/537.36"
31.145.120.62 - - [28/Jan/2026:09:36:46 +0100] "GET /assets/js/e-smart-zoom-jquery.min.js HTTP/1.0" 200 848 "https://www.omkar.com/ongoing-commercial-projects-mumbai/tsbb-andheri-east" "Mozilla/5.0 (Macintosh; Intel Mac OS X 10_15_3) AppleWebKit/537.36 (KHTML, like Gecko) Chrome/80.0.3987.132 Safari/537.36"
31.145.120.62 - - [28/Jan/2026:09:36:46 +0100] "GET /assets/js/custom.js HTTP/1.0" 200 831 "https://www.omkar.com/ongoing-commercial-projects-mumbai/tsbb-andheri-east" "Mozilla/5.0 (Macintosh; Intel Mac OS X 10_15_3) AppleWebKit/537.36 (KHTML, like Gecko) Chrome/80.0.3987.132 Safari/537.36"
31.145.120.62 - - [28/Jan/2026:09:36:46 +0100] "GET /assets/js/modernizr.js HTTP/1.0" 200 834 "https://www.omkar.com/ongoing-commercial-projects-mumbai/tsbb-andheri-east" "Mozilla/5.0 (Macintosh; Intel Mac OS X 10_15_3) AppleWebKit/537.36 (KHTML, like Gecko) Chrome/80.0.3987.132 Safari/537.36"
31.145.120.62 - - [28/Jan/2026:09:36:46 +0100] "GET /assets/images/refresh.png HTTP/1.0" 200 1315 "https://www.omkar.com/ongoing-commercial-projects-mumbai/tsbb-andheri-east" "Mozilla/5.0 (Macintosh; Intel Mac OS X 10_15_3) AppleWebKit/537.36 (KHTML, like Gecko) Chrome/80.0.3987.132 Safari/537.36"
31.145.120.62 - - [28/Jan/2026:09:36:46 +0100] "GET /assets/images/whatsapp.png HTTP/1.0" 200 832 "https://www.omkar.com/ongoing-commercial-projects-mumbai/tsbb-andheri-east" "Mozilla/5.0 (Macintosh; Intel Mac OS X 10_15_3) AppleWebKit/537.36 (KHTML, like Gecko) Chrome/80.0.3987.132 Safari/537.36"
31.145.120.62 - - [28/Jan/2026:09:36:46 +0100] "GET /assets/images/roadblock.jpg HTTP/1.0" 200 834 "https://www.omkar.com/ongoing-commercial-projects-mumbai/tsbb-andheri-east" "Mozilla/5.0 (Macintosh; Intel Mac OS X 10_15_3) AppleWebKit/537.36 (KHTML, like Gecko) Chrome/80.0.3987.132 Safari/537.36"
31.145.120.62 - - [28/Jan/2026:09:36:46 +0100] "GET /assets/images/down-arw.png HTTP/1.0" 200 832 "https://www.omkar.com/ongoing-commercial-projects-mumbai/tsbb-andheri-east" "Mozilla/5.0 (Macintosh; Intel Mac OS X 10_15_3) AppleWebKit/537.36 (KHTML, like Gecko) Chrome/80.0.3987.132 Safari/537.36"
31.145.120.62 - - [28/Jan/2026:09:36:46 +0100] "GET /uploads/projects/logo_image/1499331210361930641.png HTTP/1.0" 200 857 "https://www.omkar.com/ongoing-commercial-projects-mumbai/tsbb-andheri-east" "Mozilla/5.0 (Macintosh; Intel Mac OS X 10_15_3) AppleWebKit/537.36 (KHTML, like Gecko) Chrome/80.0.3987.132 Safari/537.36"
31.145.120.62 - - [28/Jan/2026:09:36:46 +0100] "GET /assets/images/whatsapp-dsk.png HTTP/1.0" 200 836 "https://www.omkar.com/ongoing-commercial-projects-mumbai/tsbb-andheri-east" "Mozilla/5.0 (Macintosh; Intel Mac OS X 10_15_3) AppleWebKit/537.36 (KHTML, like Gecko) Chrome/80.0.3987.132 Safari/537.36"
