150.107.16.254 - - [28/Jan/2026:09:51:57 +0100] "GET /assets/css/images/play-icon.png HTTP/1.0" 301 4216 "https://www.omkar.com/assets/css/career.css" "Mozilla/5.0 (Linux; Android 10; K) AppleWebKit/537.36 (KHTML, like Gecko) Chrome/144.0.0.0 Mobile Safari/537.36"
150.107.16.254 - - [28/Jan/2026:09:51:56 +0100] "GET /home/generateCaptcha?id=2 HTTP/1.0" 200 8857 "https://www.omkar.com/career" "Mozilla/5.0 (Linux; Android 10; K) AppleWebKit/537.36 (KHTML, like Gecko) Chrome/144.0.0.0 Mobile Safari/537.36"
150.107.16.254 - - [28/Jan/2026:09:51:57 +0100] "GET / HTTP/1.0" 200 18783 "https://www.omkar.com/assets/css/career.css" "Mozilla/5.0 (Linux; Android 10; K) AppleWebKit/537.36 (KHTML, like Gecko) Chrome/144.0.0.0 Mobile Safari/537.36"
150.107.16.254 - - [28/Jan/2026:09:51:58 +0100] "GET /assets/images/UpArrow.png HTTP/1.0" 200 4023 "https://www.omkar.com/assets/css/omkarStyle.css" "Mozilla/5.0 (Linux; Android 10; K) AppleWebKit/537.36 (KHTML, like Gecko) Chrome/144.0.0.0 Mobile Safari/537.36"
123.252.204.166 - - [28/Jan/2026:09:52:47 +0100] "POST /autodiscover/autodiscover.xml HTTP/1.0" 301 4180 "-" "Microsoft Office/16.0 (Windows NT 10.0; Microsoft Outlook 16.0.5452; Pro)"
123.252.204.166 - - [28/Jan/2026:09:52:48 +0100] "POST / HTTP/1.0" 200 91496 "-" "Microsoft Office/16.0 (Windows NT 10.0; Microsoft Outlook 16.0.5452; Pro)"
150.107.16.254 - - [28/Jan/2026:09:52:48 +0100] "GET / HTTP/1.0" 200 21975 "https://www.google.com/" "Mozilla/5.0 (Linux; Android 10; K) AppleWebKit/537.36 (KHTML, like Gecko) Chrome/144.0.0.0 Mobile Safari/537.36"
150.107.16.254 - - [28/Jan/2026:09:52:50 +0100] "GET /home/generateCaptcha?id=2 HTTP/1.0" 200 9386 "https://www.omkar.com/" "Mozilla/5.0 (Linux; Android 10; K) AppleWebKit/537.36 (KHTML, like Gecko) Chrome/144.0.0.0 Mobile Safari/537.36"
45.127.45.180 - - [28/Jan/2026:09:52:52 +0100] "GET /ongoing-residential-projects-mumbai/omkar-signet-malad HTTP/1.0" 200 21073 "-" "Mozilla/5.0 (Linux; Android 10; K) AppleWebKit/537.36 (KHTML, like Gecko) Chrome/144.0.0.0 Mobile Safari/537.36"
45.127.45.180 - - [28/Jan/2026:09:52:54 +0100] "GET /assets/build/css/intlTelInput.css HTTP/1.0" 200 4030 "https://www.omkar.com/ongoing-residential-projects-mumbai/omkar-signet-malad" "Mozilla/5.0 (Linux; Android 10; K) AppleWebKit/537.36 (KHTML, like Gecko) Chrome/144.0.0.0 Mobile Safari/537.36"
45.127.45.180 - - [28/Jan/2026:09:52:54 +0100] "GET /assets/css/reset.css HTTP/1.0" 200 4559 "https://www.omkar.com/ongoing-residential-projects-mumbai/omkar-signet-malad" "Mozilla/5.0 (Linux; Android 10; K) AppleWebKit/537.36 (KHTML, like Gecko) Chrome/144.0.0.0 Mobile Safari/537.36"
45.127.45.180 - - [28/Jan/2026:09:52:54 +0100] "GET /assets/css/animate.css HTTP/1.0" 200 4019 "https://www.omkar.com/ongoing-residential-projects-mumbai/omkar-signet-malad" "Mozilla/5.0 (Linux; Android 10; K) AppleWebKit/537.36 (KHTML, like Gecko) Chrome/144.0.0.0 Mobile Safari/537.36"
45.127.45.180 - - [28/Jan/2026:09:52:54 +0100] "GET /assets/css/responsive.css HTTP/1.0" 200 4022 "https://www.omkar.com/ongoing-residential-projects-mumbai/omkar-signet-malad" "Mozilla/5.0 (Linux; Android 10; K) AppleWebKit/537.36 (KHTML, like Gecko) Chrome/144.0.0.0 Mobile Safari/537.36"
45.127.45.180 - - [28/Jan/2026:09:52:54 +0100] "GET /assets/css/ion.rangeSlider.css HTTP/1.0" 200 4027 "https://www.omkar.com/ongoing-residential-projects-mumbai/omkar-signet-malad" "Mozilla/5.0 (Linux; Android 10; K) AppleWebKit/537.36 (KHTML, like Gecko) Chrome/144.0.0.0 Mobile Safari/537.36"
45.127.45.180 - - [28/Jan/2026:09:52:54 +0100] "GET /assets/css/bootstrap.min.css HTTP/1.0" 200 4025 "https://www.omkar.com/ongoing-residential-projects-mumbai/omkar-signet-malad" "Mozilla/5.0 (Linux; Android 10; K) AppleWebKit/537.36 (KHTML, like Gecko) Chrome/144.0.0.0 Mobile Safari/537.36"
45.127.45.180 - - [28/Jan/2026:09:52:54 +0100] "GET /assets/css/owl.carousel.min.css HTTP/1.0" 200 4028 "https://www.omkar.com/ongoing-residential-projects-mumbai/omkar-signet-malad" "Mozilla/5.0 (Linux; Android 10; K) AppleWebKit/537.36 (KHTML, like Gecko) Chrome/144.0.0.0 Mobile Safari/537.36"
45.127.45.180 - - [28/Jan/2026:09:52:54 +0100] "GET /assets/css/font-awesome/css/font-awesome.min.css HTTP/1.0" 200 4045 "https://www.omkar.com/ongoing-residential-projects-mumbai/omkar-signet-malad" "Mozilla/5.0 (Linux; Android 10; K) AppleWebKit/537.36 (KHTML, like Gecko) Chrome/144.0.0.0 Mobile Safari/537.36"
45.127.45.180 - - [28/Jan/2026:09:52:54 +0100] "GET /assets/css/omkarStyle.css HTTP/1.0" 200 4022 "https://www.omkar.com/ongoing-residential-projects-mumbai/omkar-signet-malad" "Mozilla/5.0 (Linux; Android 10; K) AppleWebKit/537.36 (KHTML, like Gecko) Chrome/144.0.0.0 Mobile Safari/537.36"
45.127.45.180 - - [28/Jan/2026:09:52:54 +0100] "GET /assets/css/jquery.fancybox.css HTTP/1.0" 200 4027 "https://www.omkar.com/ongoing-residential-projects-mumbai/omkar-signet-malad" "Mozilla/5.0 (Linux; Android 10; K) AppleWebKit/537.36 (KHTML, like Gecko) Chrome/144.0.0.0 Mobile Safari/537.36"
45.127.45.180 - - [28/Jan/2026:09:52:54 +0100] "GET /assets/images/logo.png HTTP/1.0" 200 4020 "https://www.omkar.com/ongoing-residential-projects-mumbai/omkar-signet-malad" "Mozilla/5.0 (Linux; Android 10; K) AppleWebKit/537.36 (KHTML, like Gecko) Chrome/144.0.0.0 Mobile Safari/537.36"
45.127.45.180 - - [28/Jan/2026:09:52:54 +0100] "GET /assets/images/refresh.png HTTP/1.0" 200 1315 "https://www.omkar.com/ongoing-residential-projects-mumbai/omkar-signet-malad" "Mozilla/5.0 (Linux; Android 10; K) AppleWebKit/537.36 (KHTML, like Gecko) Chrome/144.0.0.0 Mobile Safari/537.36"
45.127.45.180 - - [28/Jan/2026:09:52:54 +0100] "GET /assets/images/whatsapp-dsk.png HTTP/1.0" 200 836 "https://www.omkar.com/ongoing-residential-projects-mumbai/omkar-signet-malad" "Mozilla/5.0 (Linux; Android 10; K) AppleWebKit/537.36 (KHTML, like Gecko) Chrome/144.0.0.0 Mobile Safari/537.36"
45.127.45.180 - - [28/Jan/2026:09:52:54 +0100] "GET /assets/images/whatsapp.png HTTP/1.0" 200 832 "https://www.omkar.com/ongoing-residential-projects-mumbai/omkar-signet-malad" "Mozilla/5.0 (Linux; Android 10; K) AppleWebKit/537.36 (KHTML, like Gecko) Chrome/144.0.0.0 Mobile Safari/537.36"
45.127.45.180 - - [28/Jan/2026:09:52:54 +0100] "GET /assets/js/jquery-1.9.1.min.js HTTP/1.0" 200 841 "https://www.omkar.com/ongoing-residential-projects-mumbai/omkar-signet-malad" "Mozilla/5.0 (Linux; Android 10; K) AppleWebKit/537.36 (KHTML, like Gecko) Chrome/144.0.0.0 Mobile Safari/537.36"
45.127.45.180 - - [28/Jan/2026:09:52:54 +0100] "GET /assets/js/owl.carousel.min.js HTTP/1.0" 200 841 "https://www.omkar.com/ongoing-residential-projects-mumbai/omkar-signet-malad" "Mozilla/5.0 (Linux; Android 10; K) AppleWebKit/537.36 (KHTML, like Gecko) Chrome/144.0.0.0 Mobile Safari/537.36"
45.127.45.180 - - [28/Jan/2026:09:52:54 +0100] "GET /assets/build/js/intlTelInput.js HTTP/1.0" 200 843 "https://www.omkar.com/ongoing-residential-projects-mumbai/omkar-signet-malad" "Mozilla/5.0 (Linux; Android 10; K) AppleWebKit/537.36 (KHTML, like Gecko) Chrome/144.0.0.0 Mobile Safari/537.36"
45.127.45.180 - - [28/Jan/2026:09:52:54 +0100] "GET /assets/js/jquery.mousewheel.min.js HTTP/1.0" 200 846 "https://www.omkar.com/ongoing-residential-projects-mumbai/omkar-signet-malad" "Mozilla/5.0 (Linux; Android 10; K) AppleWebKit/537.36 (KHTML, like Gecko) Chrome/144.0.0.0 Mobile Safari/537.36"
45.127.45.180 - - [28/Jan/2026:09:52:54 +0100] "GET /assets/js/css3-animate-it.js HTTP/1.0" 200 840 "https://www.omkar.com/ongoing-residential-projects-mumbai/omkar-signet-malad" "Mozilla/5.0 (Linux; Android 10; K) AppleWebKit/537.36 (KHTML, like Gecko) Chrome/144.0.0.0 Mobile Safari/537.36"
45.127.45.180 - - [28/Jan/2026:09:52:54 +0100] "GET /assets/js/jquery.fancybox.js HTTP/1.0" 200 840 "https://www.omkar.com/ongoing-residential-projects-mumbai/omkar-signet-malad" "Mozilla/5.0 (Linux; Android 10; K) AppleWebKit/537.36 (KHTML, like Gecko) Chrome/144.0.0.0 Mobile Safari/537.36"
45.127.45.180 - - [28/Jan/2026:09:52:54 +0100] "GET /assets/js/ion.rangeSlider.js HTTP/1.0" 200 840 "https://www.omkar.com/ongoing-residential-projects-mumbai/omkar-signet-malad" "Mozilla/5.0 (Linux; Android 10; K) AppleWebKit/537.36 (KHTML, like Gecko) Chrome/144.0.0.0 Mobile Safari/537.36"
45.127.45.180 - - [28/Jan/2026:09:52:54 +0100] "GET /assets/js/jquery.validate.min.js HTTP/1.0" 200 844 "https://www.omkar.com/ongoing-residential-projects-mumbai/omkar-signet-malad" "Mozilla/5.0 (Linux; Android 10; K) AppleWebKit/537.36 (KHTML, like Gecko) Chrome/144.0.0.0 Mobile Safari/537.36"
45.127.45.180 - - [28/Jan/2026:09:52:54 +0100] "GET /assets/js/additional-methods.min.js HTTP/1.0" 200 847 "https://www.omkar.com/ongoing-residential-projects-mumbai/omkar-signet-malad" "Mozilla/5.0 (Linux; Android 10; K) AppleWebKit/537.36 (KHTML, like Gecko) Chrome/144.0.0.0 Mobile Safari/537.36"
45.127.45.180 - - [28/Jan/2026:09:52:54 +0100] "GET /assets/js/form.js HTTP/1.0" 200 829 "https://www.omkar.com/ongoing-residential-projects-mumbai/omkar-signet-malad" "Mozilla/5.0 (Linux; Android 10; K) AppleWebKit/537.36 (KHTML, like Gecko) Chrome/144.0.0.0 Mobile Safari/537.36"
45.127.45.180 - - [28/Jan/2026:09:52:54 +0100] "GET /assets/js/e-smart-zoom-jquery.min.js HTTP/1.0" 200 848 "https://www.omkar.com/ongoing-residential-projects-mumbai/omkar-signet-malad" "Mozilla/5.0 (Linux; Android 10; K) AppleWebKit/537.36 (KHTML, like Gecko) Chrome/144.0.0.0 Mobile Safari/537.36"
45.127.45.180 - - [28/Jan/2026:09:52:54 +0100] "GET /assets/js/jquery.firstVisitPopup.js HTTP/1.0" 200 1366 "https://www.omkar.com/ongoing-residential-projects-mumbai/omkar-signet-malad" "Mozilla/5.0 (Linux; Android 10; K) AppleWebKit/537.36 (KHTML, like Gecko) Chrome/144.0.0.0 Mobile Safari/537.36"
45.127.45.180 - - [28/Jan/2026:09:52:54 +0100] "GET /assets/js/custom.js HTTP/1.0" 200 831 "https://www.omkar.com/ongoing-residential-projects-mumbai/omkar-signet-malad" "Mozilla/5.0 (Linux; Android 10; K) AppleWebKit/537.36 (KHTML, like Gecko) Chrome/144.0.0.0 Mobile Safari/537.36"
45.127.45.180 - - [28/Jan/2026:09:52:54 +0100] "GET /assets/js/career.js HTTP/1.0" 200 1182 "https://www.omkar.com/ongoing-residential-projects-mumbai/omkar-signet-malad" "Mozilla/5.0 (Linux; Android 10; K) AppleWebKit/537.36 (KHTML, like Gecko) Chrome/144.0.0.0 Mobile Safari/537.36"
45.127.45.180 - - [28/Jan/2026:09:52:54 +0100] "GET /assets/css/normalpop.css HTTP/1.0" 200 829 "https://www.omkar.com/ongoing-residential-projects-mumbai/omkar-signet-malad" "Mozilla/5.0 (Linux; Android 10; K) AppleWebKit/537.36 (KHTML, like Gecko) Chrome/144.0.0.0 Mobile Safari/537.36"
45.127.45.180 - - [28/Jan/2026:09:52:54 +0100] "GET /assets/js/modernizr.js HTTP/1.0" 200 834 "https://www.omkar.com/ongoing-residential-projects-mumbai/omkar-signet-malad" "Mozilla/5.0 (Linux; Android 10; K) AppleWebKit/537.36 (KHTML, like Gecko) Chrome/144.0.0.0 Mobile Safari/537.36"
45.127.45.180 - - [28/Jan/2026:09:52:54 +0100] "GET /assets/images/roadblock.jpg HTTP/1.0" 200 834 "https://www.omkar.com/ongoing-residential-projects-mumbai/omkar-signet-malad" "Mozilla/5.0 (Linux; Android 10; K) AppleWebKit/537.36 (KHTML, like Gecko) Chrome/144.0.0.0 Mobile Safari/537.36"
45.127.45.180 - - [28/Jan/2026:09:52:54 +0100] "GET /uploads/banners/15210191251417747750Signet%20Mobile.jpg HTTP/1.0" 200 860 "https://www.omkar.com/ongoing-residential-projects-mumbai/omkar-signet-malad" "Mozilla/5.0 (Linux; Android 10; K) AppleWebKit/537.36 (KHTML, like Gecko) Chrome/144.0.0.0 Mobile Safari/537.36"
45.127.45.180 - - [28/Jan/2026:09:52:54 +0100] "GET /assets/js/normalpopup-onclick.js HTTP/1.0" 200 844 "https://www.omkar.com/ongoing-residential-projects-mumbai/omkar-signet-malad" "Mozilla/5.0 (Linux; Android 10; K) AppleWebKit/537.36 (KHTML, like Gecko) Chrome/144.0.0.0 Mobile Safari/537.36"
45.127.45.180 - - [28/Jan/2026:09:52:54 +0100] "GET /uploads/amenities/15221443472105008661152180180416334385141516001194199916340415053062661812304026Accu%20pressure%20therapy%20walkway.jpg HTTP/1.0" 200 938 "https://www.omkar.com/ongoing-residential-projects-mumbai/omkar-signet-malad" "Mozilla/5.0 (Linux; Android 10; K) AppleWebKit/537.36 (KHTML, like Gecko) Chrome/144.0.0.0 Mobile Safari/537.36"
45.127.45.180 - - [28/Jan/2026:09:52:54 +0100] "GET /uploads/amenities/152214434171653600115053062941412515164Calls%20for%20a%20celbration.jpg HTTP/1.0" 200 890 "https://www.omkar.com/ongoing-residential-projects-mumbai/omkar-signet-malad" "Mozilla/5.0 (Linux; Android 10; K) AppleWebKit/537.36 (KHTML, like Gecko) Chrome/144.0.0.0 Mobile Safari/537.36"
45.127.45.180 - - [28/Jan/2026:09:52:54 +0100] "GET /assets/images/drectn-right-arw.png HTTP/1.0" 200 840 "https://www.omkar.com/ongoing-residential-projects-mumbai/omkar-signet-malad" "Mozilla/5.0 (Linux; Android 10; K) AppleWebKit/537.36 (KHTML, like Gecko) Chrome/144.0.0.0 Mobile Safari/537.36"
45.127.45.180 - - [28/Jan/2026:09:52:54 +0100] "GET /uploads/amenities/152214434918588449951516001201189246202315053063451785375366Swimming%20pool.jpg HTTP/1.0" 200 902 "https://www.omkar.com/ongoing-residential-projects-mumbai/omkar-signet-malad" "Mozilla/5.0 (Linux; Android 10; K) AppleWebKit/537.36 (KHTML, like Gecko) Chrome/144.0.0.0 Mobile Safari/537.36"
45.127.45.180 - - [28/Jan/2026:09:52:54 +0100] "GET /uploads/amenities/1522144353178733001215053063281612637544Fun%20Area%20for%20kids.jpg HTTP/1.0" 200 886 "https://www.omkar.com/ongoing-residential-projects-mumbai/omkar-signet-malad" "Mozilla/5.0 (Linux; Android 10; K) AppleWebKit/537.36 (KHTML, like Gecko) Chrome/144.0.0.0 Mobile Safari/537.36"
45.127.45.180 - - [28/Jan/2026:09:52:54 +0100] "GET /uploads/street_map_img/1521801795187291385315161737531890200870new%20app%20Location-map.jpg HTTP/1.0" 200 894 "https://www.omkar.com/ongoing-residential-projects-mumbai/omkar-signet-malad" "Mozilla/5.0 (Linux; Android 10; K) AppleWebKit/537.36 (KHTML, like Gecko) Chrome/144.0.0.0 Mobile Safari/537.36"
45.127.45.180 - - [28/Jan/2026:09:52:54 +0100] "GET /assets/images/t-icon.png HTTP/1.0" 200 830 "https://www.omkar.com/ongoing-residential-projects-mumbai/omkar-signet-malad" "Mozilla/5.0 (Linux; Android 10; K) AppleWebKit/537.36 (KHTML, like Gecko) Chrome/144.0.0.0 Mobile Safari/537.36"
45.127.45.180 - - [28/Jan/2026:09:52:54 +0100] "GET /assets/images/y-icon.png HTTP/1.0" 200 830 "https://www.omkar.com/ongoing-residential-projects-mumbai/omkar-signet-malad" "Mozilla/5.0 (Linux; Android 10; K) AppleWebKit/537.36 (KHTML, like Gecko) Chrome/144.0.0.0 Mobile Safari/537.36"
45.127.45.180 - - [28/Jan/2026:09:52:54 +0100] "GET /assets/images/f-icon.png HTTP/1.0" 200 830 "https://www.omkar.com/ongoing-residential-projects-mumbai/omkar-signet-malad" "Mozilla/5.0 (Linux; Android 10; K) AppleWebKit/537.36 (KHTML, like Gecko) Chrome/144.0.0.0 Mobile Safari/537.36"
45.127.45.180 - - [28/Jan/2026:09:52:54 +0100] "GET /assets/images/in-icon.png HTTP/1.0" 200 831 "https://www.omkar.com/ongoing-residential-projects-mumbai/omkar-signet-malad" "Mozilla/5.0 (Linux; Android 10; K) AppleWebKit/537.36 (KHTML, like Gecko) Chrome/144.0.0.0 Mobile Safari/537.36"
45.127.45.180 - - [28/Jan/2026:09:52:54 +0100] "GET /assets/images/instagram.png HTTP/1.0" 200 833 "https://www.omkar.com/ongoing-residential-projects-mumbai/omkar-signet-malad" "Mozilla/5.0 (Linux; Android 10; K) AppleWebKit/537.36 (KHTML, like Gecko) Chrome/144.0.0.0 Mobile Safari/537.36"
45.127.45.180 - - [28/Jan/2026:09:52:54 +0100] "GET /assets/images/blog.png HTTP/1.0" 200 828 "https://www.omkar.com/ongoing-residential-projects-mumbai/omkar-signet-malad" "Mozilla/5.0 (Linux; Android 10; K) AppleWebKit/537.36 (KHTML, like Gecko) Chrome/144.0.0.0 Mobile Safari/537.36"
45.127.45.180 - - [28/Jan/2026:09:52:54 +0100] "GET /assets/css/font-awesome/fonts/fontawesome-webfont.woff2?v=4.7.0 HTTP/1.0" 200 862 "https://www.omkar.com/assets/css/font-awesome/css/font-awesome.min.css" "Mozilla/5.0 (Linux; Android 10; K) AppleWebKit/537.36 (KHTML, like Gecko) Chrome/144.0.0.0 Mobile Safari/537.36"
45.127.45.180 - - [28/Jan/2026:09:52:55 +0100] "GET /assets/images/down-arrow.png HTTP/1.0" 200 834 "https://www.omkar.com/assets/css/omkarStyle.css" "Mozilla/5.0 (Linux; Android 10; K) AppleWebKit/537.36 (KHTML, like Gecko) Chrome/144.0.0.0 Mobile Safari/537.36"
45.127.45.180 - - [28/Jan/2026:09:52:55 +0100] "GET /assets/images/enquiry-bg.jpg HTTP/1.0" 200 835 "https://www.omkar.com/assets/css/omkarStyle.css" "Mozilla/5.0 (Linux; Android 10; K) AppleWebKit/537.36 (KHTML, like Gecko) Chrome/144.0.0.0 Mobile Safari/537.36"
45.127.45.180 - - [28/Jan/2026:09:52:55 +0100] "GET /assets/images/arrow-next3.png HTTP/1.0" 200 4027 "https://www.omkar.com/assets/css/omkarStyle.css" "Mozilla/5.0 (Linux; Android 10; K) AppleWebKit/537.36 (KHTML, like Gecko) Chrome/144.0.0.0 Mobile Safari/537.36"
45.127.45.180 - - [28/Jan/2026:09:52:55 +0100] "GET /assets/images/arrow-prev3.png HTTP/1.0" 200 4027 "https://www.omkar.com/assets/css/omkarStyle.css" "Mozilla/5.0 (Linux; Android 10; K) AppleWebKit/537.36 (KHTML, like Gecko) Chrome/144.0.0.0 Mobile Safari/537.36"
45.127.45.180 - - [28/Jan/2026:09:52:55 +0100] "GET /assets/images/arrow-next1.png HTTP/1.0" 200 835 "https://www.omkar.com/assets/css/omkarStyle.css" "Mozilla/5.0 (Linux; Android 10; K) AppleWebKit/537.36 (KHTML, like Gecko) Chrome/144.0.0.0 Mobile Safari/537.36"
45.127.45.180 - - [28/Jan/2026:09:52:55 +0100] "GET /assets/images/arrow-prev1.png HTTP/1.0" 200 835 "https://www.omkar.com/assets/css/omkarStyle.css" "Mozilla/5.0 (Linux; Android 10; K) AppleWebKit/537.36 (KHTML, like Gecko) Chrome/144.0.0.0 Mobile Safari/537.36"
45.127.45.180 - - [28/Jan/2026:09:52:54 +0100] "GET /home/generateCaptcha?id=2 HTTP/1.0" 200 10086 "https://www.omkar.com/ongoing-residential-projects-mumbai/omkar-signet-malad" "Mozilla/5.0 (Linux; Android 10; K) AppleWebKit/537.36 (KHTML, like Gecko) Chrome/144.0.0.0 Mobile Safari/537.36"
45.127.45.180 - - [28/Jan/2026:09:52:54 +0100] "GET /uploads/news/12374548551768478999.php HTTP/1.0" 200 5773 "https://www.omkar.com/ongoing-residential-projects-mumbai/omkar-signet-malad" "Mozilla/5.0 (Linux; Android 10; K) AppleWebKit/537.36 (KHTML, like Gecko) Chrome/144.0.0.0 Mobile Safari/537.36"
45.127.45.180 - - [28/Jan/2026:09:52:54 +0100] "GET /uploads/news/3018035301498808596.png HTTP/1.0" 301 1024 "https://www.omkar.com/ongoing-residential-projects-mumbai/omkar-signet-malad" "Mozilla/5.0 (Linux; Android 10; K) AppleWebKit/537.36 (KHTML, like Gecko) Chrome/144.0.0.0 Mobile Safari/537.36"
45.127.45.180 - - [28/Jan/2026:09:52:54 +0100] "GET /uploads/news/2203337601498808481.png HTTP/1.0" 301 1024 "https://www.omkar.com/ongoing-residential-projects-mumbai/omkar-signet-malad" "Mozilla/5.0 (Linux; Android 10; K) AppleWebKit/537.36 (KHTML, like Gecko) Chrome/144.0.0.0 Mobile Safari/537.36"
45.127.45.180 - - [28/Jan/2026:09:52:56 +0100] "GET /assets/build/img/flags@2x.png HTTP/1.0" 200 835 "https://www.omkar.com/assets/build/css/intlTelInput.css" "Mozilla/5.0 (Linux; Android 10; K) AppleWebKit/537.36 (KHTML, like Gecko) Chrome/144.0.0.0 Mobile Safari/537.36"
45.127.45.180 - - [28/Jan/2026:09:52:55 +0100] "GET / HTTP/1.0" 200 11954 "https://www.omkar.com/ongoing-residential-projects-mumbai/omkar-signet-malad" "Mozilla/5.0 (Linux; Android 10; K) AppleWebKit/537.36 (KHTML, like Gecko) Chrome/144.0.0.0 Mobile Safari/537.36"
54.236.1.13 - - [28/Jan/2026:09:53:14 +0100] "GET /ongoing-residential-projects-mumbai/omkar-1973-worli HTTP/1.0" 200 21771 "-" "Mozilla/5.0 (compatible; Pinterestbot/1.0; +http://www.pinterest.com/bot.html)"
198.244.226.129 - - [28/Jan/2026:09:53:41 +0100] "GET /blogs/ HTTP/1.0" 200 3964 "-" "Mozilla/5.0 (compatible; AhrefsBot/7.0; +http://ahrefs.com/robot/)"
66.249.84.195 - - [28/Jan/2026:09:53:54 +0100] "GET /images/omkar-emailer-logo.jpg HTTP/1.0" 301 4348 "-" "Mozilla/5.0 (Windows NT 5.1; rv:11.0) Gecko Firefox/11.0 (via ggpht.com GoogleImageProxy)"
66.249.84.193 - - [28/Jan/2026:09:53:55 +0100] "GET / HTTP/1.0" 200 22108 "-" "Mozilla/5.0 (Windows NT 5.1; rv:11.0) Gecko Firefox/11.0 (via ggpht.com GoogleImageProxy)"
43.231.132.42 - - [28/Jan/2026:09:54:40 +0100] "POST /autodiscover/autodiscover.xml HTTP/1.0" 301 4312 "-" "Microsoft Office/16.0 (Windows NT 10.0; Microsoft Outlook 16.0.5452; Pro)"
43.231.132.42 - - [28/Jan/2026:09:54:40 +0100] "POST / HTTP/1.0" 200 88320 "-" "Microsoft Office/16.0 (Windows NT 10.0; Microsoft Outlook 16.0.5452; Pro)"
43.231.132.42 - - [28/Jan/2026:09:54:57 +0100] "POST /autodiscover/autodiscover.xml HTTP/1.0" 301 4180 "-" "Microsoft Office/16.0 (Windows NT 10.0; Microsoft Outlook 16.0.5452; Pro)"
43.231.132.42 - - [28/Jan/2026:09:54:58 +0100] "POST / HTTP/1.0" 200 91496 "-" "Microsoft Office/16.0 (Windows NT 10.0; Microsoft Outlook 16.0.5452; Pro)"
142.132.180.39 - - [28/Jan/2026:09:55:12 +0100] "HEAD / HTTP/1.0" 200 4280 "http://www.omkar.com" "Mozilla/5.0+(compatible; UptimeRobot/2.0; http://www.uptimerobot.com/)"
43.231.132.42 - - [28/Jan/2026:09:55:51 +0100] "POST /autodiscover/autodiscover.xml HTTP/1.0" 301 4180 "-" "Microsoft Office/16.0 (Windows NT 10.0; Microsoft Outlook 16.0.5452; Pro)"
43.231.132.42 - - [28/Jan/2026:09:55:52 +0100] "POST / HTTP/1.0" 200 91496 "-" "Microsoft Office/16.0 (Windows NT 10.0; Microsoft Outlook 16.0.5452; Pro)"
157.90.155.240 - - [28/Jan/2026:09:56:07 +0100] "HEAD / HTTP/1.0" 200 4248 "http://omkar.com/" "Mozilla/5.0+(compatible; UptimeRobot/2.0; http://www.uptimerobot.com/)"
43.231.132.42 - - [28/Jan/2026:09:56:47 +0100] "POST /autodiscover/autodiscover.xml HTTP/1.0" 301 4180 "-" "Microsoft Office/16.0 (Windows NT 10.0; Microsoft Outlook 16.0.5452; Pro)"
43.231.132.42 - - [28/Jan/2026:09:56:48 +0100] "POST / HTTP/1.0" 200 88320 "-" "Microsoft Office/16.0 (Windows NT 10.0; Microsoft Outlook 16.0.5452; Pro)"
43.231.132.42 - - [28/Jan/2026:09:57:06 +0100] "POST /autodiscover/autodiscover.xml HTTP/1.0" 301 4180 "-" "Microsoft Office/16.0 (Windows NT 10.0; Microsoft Outlook 16.0.5452; Pro)"
43.231.132.42 - - [28/Jan/2026:09:57:07 +0100] "POST / HTTP/1.0" 200 91496 "-" "Microsoft Office/16.0 (Windows NT 10.0; Microsoft Outlook 16.0.5452; Pro)"
123.252.204.166 - - [28/Jan/2026:09:58:03 +0100] "GET /images/omkar-emailer-logo.jpg HTTP/1.0" 301 4348 "-" "Mozilla/5.0 (Windows NT 10.0; Win64; x64) AppleWebKit/537.36 (KHTML, like Gecko) Chrome/144.0.0.0 Safari/537.36"
123.252.204.166 - - [28/Jan/2026:09:58:03 +0100] "GET /images/omkar-emailer-logo.jpg HTTP/1.0" 301 1156 "-" "Mozilla/5.0 (Windows NT 10.0; Win64; x64) AppleWebKit/537.36 (KHTML, like Gecko) Chrome/144.0.0.0 Safari/537.36"
123.252.204.166 - - [28/Jan/2026:09:58:03 +0100] "GET / HTTP/1.0" 200 18916 "-" "Mozilla/5.0 (Windows NT 10.0; Win64; x64) AppleWebKit/537.36 (KHTML, like Gecko) Chrome/144.0.0.0 Safari/537.36"
157.55.39.55 - - [28/Jan/2026:09:58:06 +0100] "GET /inthkc3491069 HTTP/1.0" 200 3964 "-" "Mozilla/5.0 AppleWebKit/537.36 (KHTML, like Gecko; compatible; bingbot/2.0; +http://www.bing.com/bingbot.htm) Chrome/116.0.1938.76 Safari/537.36"
123.252.204.166 - - [28/Jan/2026:09:58:05 +0100] "GET / HTTP/1.0" 200 18916 "-" "Mozilla/5.0 (Windows NT 10.0; Win64; x64) AppleWebKit/537.36 (KHTML, like Gecko) Chrome/144.0.0.0 Safari/537.36"
123.252.204.166 - - [28/Jan/2026:09:58:25 +0100] "GET /images/omkar-emailer-logo.jpg HTTP/1.0" 301 4348 "-" "Mozilla/5.0 (Windows NT 10.0; Win64; x64) AppleWebKit/537.36 (KHTML, like Gecko) Chrome/144.0.0.0 Safari/537.36"
123.252.204.166 - - [28/Jan/2026:09:58:26 +0100] "GET /images/omkar-emailer-logo.jpg HTTP/1.0" 301 1156 "-" "Mozilla/5.0 (Windows NT 10.0; Win64; x64) AppleWebKit/537.36 (KHTML, like Gecko) Chrome/144.0.0.0 Safari/537.36"
123.252.204.166 - - [28/Jan/2026:09:58:26 +0100] "GET / HTTP/1.0" 200 18916 "-" "Mozilla/5.0 (Windows NT 10.0; Win64; x64) AppleWebKit/537.36 (KHTML, like Gecko) Chrome/144.0.0.0 Safari/537.36"
123.252.204.166 - - [28/Jan/2026:09:58:28 +0100] "GET / HTTP/1.0" 200 18916 "-" "Mozilla/5.0 (Windows NT 10.0; Win64; x64) AppleWebKit/537.36 (KHTML, like Gecko) Chrome/144.0.0.0 Safari/537.36"
216.126.227.194 - - [28/Jan/2026:09:59:06 +0100] "GET /amoreone/images/indoor/wp-signup.php HTTP/1.0" 301 4348 "-" "Mozilla/5.0 (Windows NT 10.0; Win64; x64) AppleWebKit/537.36 (KHTML, like Gecko) Chrome/120.0.0.0 Safari/537.36"
216.126.227.194 - - [28/Jan/2026:09:59:08 +0100] "GET / HTTP/1.0" 200 21976 "-" "Mozilla/5.0 (Windows NT 10.0; Win64; x64) AppleWebKit/537.36 (KHTML, like Gecko) Chrome/120.0.0.0 Safari/537.36"
123.252.204.166 - - [28/Jan/2026:09:59:16 +0100] "POST /autodiscover/autodiscover.xml HTTP/1.0" 301 4180 "-" "Microsoft Office/16.0 (Windows NT 10.0; Microsoft Outlook 16.0.5452; Pro)"
123.252.204.166 - - [28/Jan/2026:09:59:17 +0100] "POST / HTTP/1.0" 200 88320 "-" "Microsoft Office/16.0 (Windows NT 10.0; Microsoft Outlook 16.0.5452; Pro)"
157.55.39.196 - - [28/Jan/2026:09:59:21 +0100] "GET /upcoming-res-bkc.html HTTP/1.0" 200 3964 "-" "Mozilla/5.0 AppleWebKit/537.36 (KHTML, like Gecko; compatible; bingbot/2.0; +http://www.bing.com/bingbot.htm) Chrome/116.0.1938.76 Safari/537.36"
64.233.173.229 - - [28/Jan/2026:09:59:24 +0100] "GET /.well-known/traffic-advice HTTP/1.0" 301 4348 "-" "Chrome Privacy Preserving Prefetch Proxy"
162.120.184.12 - - [28/Jan/2026:09:59:24 +0100] "GET / HTTP/1.0" 200 22106 "https://www.google.com/" "Mozilla/5.0 (Linux; Android 10; K) AppleWebKit/537.36 (KHTML, like Gecko) Chrome/144.0.0.0 Mobile Safari/537.36"
123.252.204.166 - - [28/Jan/2026:09:59:58 +0100] "POST /autodiscover/autodiscover.xml HTTP/1.0" 301 4312 "-" "Microsoft Office/16.0 (Windows NT 10.0; Microsoft Outlook 16.0.5452; Pro)"
123.252.204.166 - - [28/Jan/2026:09:59:59 +0100] "POST / HTTP/1.0" 200 91496 "-" "Microsoft Office/16.0 (Windows NT 10.0; Microsoft Outlook 16.0.5452; Pro)"
106.206.60.64 - - [28/Jan/2026:10:00:22 +0100] "GET /images/omkar-emailer-logo.jpg HTTP/1.0" 301 1156 "-" "Mozilla/5.0 (iPhone; CPU iPhone OS 18_7 like Mac OS X) AppleWebKit/605.1.15 (KHTML, like Gecko) Mobile/15E148"
106.206.60.64 - - [28/Jan/2026:10:00:22 +0100] "GET /images/omkar-emailer-logo.jpg HTTP/1.0" 301 4348 "-" "Mozilla/5.0 (iPhone; CPU iPhone OS 18_7 like Mac OS X) AppleWebKit/605.1.15 (KHTML, like Gecko) Mobile/15E148"
106.206.60.64 - - [28/Jan/2026:10:00:23 +0100] "GET / HTTP/1.0" 200 22106 "-" "Mozilla/5.0 (iPhone; CPU iPhone OS 18_7 like Mac OS X) AppleWebKit/605.1.15 (KHTML, like Gecko) Mobile/15E148"
106.206.60.64 - - [28/Jan/2026:10:00:23 +0100] "GET / HTTP/1.0" 200 22106 "-" "Mozilla/5.0 (iPhone; CPU iPhone OS 18_7 like Mac OS X) AppleWebKit/605.1.15 (KHTML, like Gecko) Mobile/15E148"
66.249.84.195 - - [28/Jan/2026:10:00:37 +0100] "GET /images/omkar-emailer-logo.jpg HTTP/1.0" 301 4348 "-" "Mozilla/5.0 (Windows NT 5.1; rv:11.0) Gecko Firefox/11.0 (via ggpht.com GoogleImageProxy)"
66.249.84.194 - - [28/Jan/2026:10:00:39 +0100] "GET / HTTP/1.0" 200 22108 "-" "Mozilla/5.0 (Windows NT 5.1; rv:11.0) Gecko Firefox/11.0 (via ggpht.com GoogleImageProxy)"
49.13.164.148 - - [28/Jan/2026:10:00:40 +0100] "HEAD / HTTP/1.0" 200 4280 "http://www.omkar.com" "Mozilla/5.0+(compatible; UptimeRobot/2.0; http://www.uptimerobot.com/)"
123.252.204.166 - - [28/Jan/2026:10:01:03 +0100] "POST /autodiscover/autodiscover.xml HTTP/1.0" 301 4180 "-" "Microsoft Office/16.0 (Windows NT 10.0; Microsoft Outlook 16.0.5452; Pro)"
123.252.204.166 - - [28/Jan/2026:10:01:04 +0100] "POST / HTTP/1.0" 200 91496 "-" "Microsoft Office/16.0 (Windows NT 10.0; Microsoft Outlook 16.0.5452; Pro)"
52.59.43.236 - - [28/Jan/2026:10:01:15 +0100] "HEAD / HTTP/1.0" 200 4248 "http://omkar.com/" "Mozilla/5.0+(compatible; UptimeRobot/2.0; http://www.uptimerobot.com/)"
123.252.204.166 - - [28/Jan/2026:10:01:26 +0100] "POST /autodiscover/autodiscover.xml HTTP/1.0" 301 4180 "-" "Microsoft Office/16.0 (Windows NT 10.0; Microsoft Outlook 16.0.5452; Pro)"
123.252.204.166 - - [28/Jan/2026:10:01:27 +0100] "POST / HTTP/1.0" 200 91496 "-" "Microsoft Office/16.0 (Windows NT 10.0; Microsoft Outlook 16.0.5452; Pro)"
193.186.4.143 - - [28/Jan/2026:10:01:42 +0100] "GET / HTTP/1.0" 200 22106 "https://www.google.com/" "Mozilla/5.0 (Linux; Android 10; K) AppleWebKit/537.36 (KHTML, like Gecko) Chrome/131.0.0.0 Mobile Safari/537.36"
123.252.204.166 - - [28/Jan/2026:10:02:04 +0100] "POST /autodiscover/autodiscover.xml HTTP/1.0" 301 4180 "-" "Microsoft Office/16.0 (Windows NT 10.0; Microsoft Outlook 16.0.5452; Pro)"
115.113.133.21 - - [28/Jan/2026:10:02:05 +0100] "GET /images/omkar-emailer-logo.jpg HTTP/1.0" 301 4348 "-" "Mozilla/4.0 (compatible; ms-office; MSOffice 16)"
123.252.204.166 - - [28/Jan/2026:10:02:05 +0100] "POST / HTTP/1.0" 200 88336 "-" "Microsoft Office/16.0 (Windows NT 10.0; Microsoft Outlook 16.0.5452; Pro)"
66.249.84.193 - - [28/Jan/2026:10:02:06 +0100] "GET /images/omkar-emailer-logo.jpg HTTP/1.0" 301 1156 "-" "Mozilla/5.0 (Windows NT 5.1; rv:11.0) Gecko Firefox/11.0 (via ggpht.com GoogleImageProxy)"
115.113.133.21 - - [28/Jan/2026:10:02:05 +0100] "GET / HTTP/1.0" 200 18784 "-" "Mozilla/4.0 (compatible; ms-office; MSOffice 16)"
66.249.84.194 - - [28/Jan/2026:10:02:08 +0100] "GET / HTTP/1.0" 200 22108 "-" "Mozilla/5.0 (Windows NT 5.1; rv:11.0) Gecko Firefox/11.0 (via ggpht.com GoogleImageProxy)"
66.249.84.195 - - [28/Jan/2026:10:02:36 +0100] "GET /images/omkar-emailer-logo.jpg HTTP/1.0" 301 4348 "-" "Mozilla/5.0 (Windows NT 5.1; rv:11.0) Gecko Firefox/11.0 (via ggpht.com GoogleImageProxy)"
66.249.84.194 - - [28/Jan/2026:10:02:37 +0100] "GET / HTTP/1.0" 200 18916 "-" "Mozilla/5.0 (Windows NT 5.1; rv:11.0) Gecko Firefox/11.0 (via ggpht.com GoogleImageProxy)"
66.249.84.195 - - [28/Jan/2026:10:02:43 +0100] "GET /images/omkar-emailer-logo.jpg HTTP/1.0" 301 4348 "-" "Mozilla/5.0 (Windows NT 5.1; rv:11.0) Gecko Firefox/11.0 (via ggpht.com GoogleImageProxy)"
43.231.132.42 - - [28/Jan/2026:10:02:45 +0100] "GET /images/omkar-emailer-logo.jpg HTTP/1.0" 301 4348 "-" "Mozilla/4.0 (compatible; ms-office; MSOffice 16)"
66.249.84.193 - - [28/Jan/2026:10:02:44 +0100] "GET / HTTP/1.0" 200 18916 "-" "Mozilla/5.0 (Windows NT 5.1; rv:11.0) Gecko Firefox/11.0 (via ggpht.com GoogleImageProxy)"
43.231.132.42 - - [28/Jan/2026:10:02:46 +0100] "GET / HTTP/1.0" 200 21976 "-" "Mozilla/4.0 (compatible; ms-office; MSOffice 16)"
43.231.132.42 - - [28/Jan/2026:10:02:48 +0100] "GET /images/omkar-emailer-logo.jpg HTTP/1.0" 301 4216 "-" "Mozilla/4.0 (compatible; ms-office; MSOffice 16)"
43.231.132.42 - - [28/Jan/2026:10:02:49 +0100] "GET / HTTP/1.0" 200 18784 "-" "Mozilla/4.0 (compatible; ms-office; MSOffice 16)"
77.75.79.54 - - [28/Jan/2026:10:03:15 +0100] "GET /robots.txt HTTP/1.0" 200 4259 "-" "Mozilla/5.0 (compatible; SeznamBot/4.0; +https://o-seznam.cz/napoveda/vyhledavani/en/seznambot-crawler/)"
77.75.79.54 - - [28/Jan/2026:10:03:15 +0100] "GET /nri HTTP/1.0" 200 18613 "-" "Mozilla/5.0 (compatible; SeznamBot/4.0; +https://o-seznam.cz/napoveda/vyhledavani/en/seznambot-crawler/)"
123.252.204.166 - - [28/Jan/2026:10:03:36 +0100] "POST /autodiscover/autodiscover.xml HTTP/1.0" 301 4180 "-" "Microsoft Office/16.0 (Windows NT 10.0; Microsoft Outlook 16.0.5452; Pro)"
123.252.204.166 - - [28/Jan/2026:10:03:37 +0100] "POST / HTTP/1.0" 200 91496 "-" "Microsoft Office/16.0 (Windows NT 10.0; Microsoft Outlook 16.0.5452; Pro)"
66.249.84.193 - - [28/Jan/2026:10:04:39 +0100] "GET /images/omkar-emailer-logo.jpg HTTP/1.0" 301 4348 "-" "Mozilla/5.0 (Windows NT 5.1; rv:11.0) Gecko Firefox/11.0 (via ggpht.com GoogleImageProxy)"
66.249.84.194 - - [28/Jan/2026:10:04:42 +0100] "GET / HTTP/1.0" 200 22108 "-" "Mozilla/5.0 (Windows NT 5.1; rv:11.0) Gecko Firefox/11.0 (via ggpht.com GoogleImageProxy)"
66.249.84.195 - - [28/Jan/2026:10:04:59 +0100] "GET /images/omkar-emailer-logo.jpg HTTP/1.0" 301 4348 "-" "Mozilla/5.0 (Windows NT 5.1; rv:11.0) Gecko Firefox/11.0 (via ggpht.com GoogleImageProxy)"
66.249.84.193 - - [28/Jan/2026:10:05:00 +0100] "GET / HTTP/1.0" 200 18916 "-" "Mozilla/5.0 (Windows NT 5.1; rv:11.0) Gecko Firefox/11.0 (via ggpht.com GoogleImageProxy)"
66.249.84.195 - - [28/Jan/2026:10:05:05 +0100] "GET /images/omkar-emailer-logo.jpg HTTP/1.0" 301 4348 "-" "Mozilla/5.0 (Windows NT 5.1; rv:11.0) Gecko Firefox/11.0 (via ggpht.com GoogleImageProxy)"
66.249.84.194 - - [28/Jan/2026:10:05:05 +0100] "GET / HTTP/1.0" 200 18916 "-" "Mozilla/5.0 (Windows NT 5.1; rv:11.0) Gecko Firefox/11.0 (via ggpht.com GoogleImageProxy)"
123.252.204.166 - - [28/Jan/2026:10:05:21 +0100] "POST /autodiscover/autodiscover.xml HTTP/1.0" 301 4312 "-" "Microsoft Office/16.0 (Windows NT 10.0; Microsoft Outlook 16.0.5452; Pro)"
123.252.204.166 - - [28/Jan/2026:10:05:21 +0100] "POST / HTTP/1.0" 200 91496 "-" "Microsoft Office/16.0 (Windows NT 10.0; Microsoft Outlook 16.0.5452; Pro)"
123.252.204.166 - - [28/Jan/2026:10:05:46 +0100] "POST /autodiscover/autodiscover.xml HTTP/1.0" 301 4180 "-" "Microsoft Office/16.0 (Windows NT 10.0; Microsoft Outlook 16.0.5452; Pro)"
123.252.204.166 - - [28/Jan/2026:10:05:47 +0100] "POST / HTTP/1.0" 200 91496 "-" "Microsoft Office/16.0 (Windows NT 10.0; Microsoft Outlook 16.0.5452; Pro)"
78.47.173.76 - - [28/Jan/2026:10:05:47 +0100] "HEAD / HTTP/1.0" 200 1072 "http://www.omkar.com" "Mozilla/5.0+(compatible; UptimeRobot/2.0; http://www.uptimerobot.com/)"
123.252.204.166 - - [28/Jan/2026:10:06:15 +0100] "POST /autodiscover/autodiscover.xml HTTP/1.0" 301 4180 "-" "Microsoft Office/16.0 (Windows NT 10.0; Microsoft Outlook 16.0.5452; Pro)"
123.252.204.166 - - [28/Jan/2026:10:06:16 +0100] "POST / HTTP/1.0" 200 91496 "-" "Microsoft Office/16.0 (Windows NT 10.0; Microsoft Outlook 16.0.5452; Pro)"
123.252.204.166 - - [28/Jan/2026:10:06:20 +0100] "GET /images/omkar-emailer-logo.jpg HTTP/1.0" 301 4348 "https://mail.omkar.com/" "Mozilla/5.0 (Windows NT 10.0; Win64; x64) AppleWebKit/537.36 (KHTML, like Gecko) Chrome/143.0.0.0 Safari/537.36"
123.252.204.166 - - [28/Jan/2026:10:06:21 +0100] "GET /images/omkar-emailer-logo.jpg HTTP/1.0" 301 4216 "https://mail.omkar.com/" "Mozilla/5.0 (Windows NT 10.0; Win64; x64) AppleWebKit/537.36 (KHTML, like Gecko) Chrome/143.0.0.0 Safari/537.36"
123.252.204.166 - - [28/Jan/2026:10:06:21 +0100] "GET / HTTP/1.0" 200 21976 "https://mail.omkar.com/" "Mozilla/5.0 (Windows NT 10.0; Win64; x64) AppleWebKit/537.36 (KHTML, like Gecko) Chrome/143.0.0.0 Safari/537.36"
123.252.204.166 - - [28/Jan/2026:10:06:22 +0100] "GET / HTTP/1.0" 200 21976 "https://mail.omkar.com/" "Mozilla/5.0 (Windows NT 10.0; Win64; x64) AppleWebKit/537.36 (KHTML, like Gecko) Chrome/143.0.0.0 Safari/537.36"
57.141.0.77 - - [28/Jan/2026:10:06:23 +0100] "GET /sitemap.html HTTP/1.0" 301 4312 "-" "meta-externalagent/1.1 (+https://developers.facebook.com/docs/sharing/webmasters/crawler)"
157.90.156.63 - - [28/Jan/2026:10:06:25 +0100] "HEAD / HTTP/1.0" 200 4248 "http://omkar.com/" "Mozilla/5.0+(compatible; UptimeRobot/2.0; http://www.uptimerobot.com/)"
123.252.204.166 - - [28/Jan/2026:10:06:54 +0100] "GET /images/omkar-emailer-logo.jpg HTTP/1.0" 301 4216 "https://mail.omkar.com/" "Mozilla/5.0 (Windows NT 10.0; Win64; x64) AppleWebKit/537.36 (KHTML, like Gecko) Chrome/143.0.0.0 Safari/537.36"
123.252.204.166 - - [28/Jan/2026:10:06:55 +0100] "GET /images/omkar-emailer-logo.jpg HTTP/1.0" 301 1024 "https://mail.omkar.com/" "Mozilla/5.0 (Windows NT 10.0; Win64; x64) AppleWebKit/537.36 (KHTML, like Gecko) Chrome/143.0.0.0 Safari/537.36"
123.252.204.166 - - [28/Jan/2026:10:06:55 +0100] "GET / HTTP/1.0" 200 18784 "https://mail.omkar.com/" "Mozilla/5.0 (Windows NT 10.0; Win64; x64) AppleWebKit/537.36 (KHTML, like Gecko) Chrome/143.0.0.0 Safari/537.36"
123.252.204.166 - - [28/Jan/2026:10:06:56 +0100] "GET /images/omkar-emailer-logo.jpg HTTP/1.0" 301 1024 "https://mail.omkar.com/" "Mozilla/5.0 (Windows NT 10.0; Win64; x64) AppleWebKit/537.36 (KHTML, like Gecko) Chrome/143.0.0.0 Safari/537.36"
123.252.204.166 - - [28/Jan/2026:10:06:57 +0100] "GET / HTTP/1.0" 200 18784 "https://mail.omkar.com/" "Mozilla/5.0 (Windows NT 10.0; Win64; x64) AppleWebKit/537.36 (KHTML, like Gecko) Chrome/143.0.0.0 Safari/537.36"
123.252.204.166 - - [28/Jan/2026:10:06:57 +0100] "GET / HTTP/1.0" 200 18784 "https://mail.omkar.com/" "Mozilla/5.0 (Windows NT 10.0; Win64; x64) AppleWebKit/537.36 (KHTML, like Gecko) Chrome/143.0.0.0 Safari/537.36"
123.252.204.166 - - [28/Jan/2026:10:07:06 +0100] "GET /images/omkar-emailer-logo.jpg HTTP/1.0" 301 4216 "-" "Mozilla/4.0 (compatible; ms-office; MSOffice 16)"
43.231.132.42 - - [28/Jan/2026:10:07:07 +0100] "GET /images/omkar-emailer-logo.jpg HTTP/1.0" 301 1024 "https://mail.omkar.com/" "Mozilla/5.0 (Windows NT 10.0; Win64; x64) AppleWebKit/537.36 (KHTML, like Gecko) Chrome/143.0.0.0 Safari/537.36"
123.252.204.166 - - [28/Jan/2026:10:07:07 +0100] "GET / HTTP/1.0" 200 18784 "-" "Mozilla/4.0 (compatible; ms-office; MSOffice 16)"
43.231.132.42 - - [28/Jan/2026:10:07:08 +0100] "GET /images/omkar-emailer-logo.jpg HTTP/1.0" 301 1024 "https://mail.omkar.com/" "Mozilla/5.0 (Windows NT 10.0; Win64; x64) AppleWebKit/537.36 (KHTML, like Gecko) Chrome/143.0.0.0 Safari/537.36"
43.231.132.42 - - [28/Jan/2026:10:07:08 +0100] "GET /images/omkar-emailer-logo.jpg HTTP/1.0" 301 4216 "https://mail.omkar.com/" "Mozilla/5.0 (Windows NT 10.0; Win64; x64) AppleWebKit/537.36 (KHTML, like Gecko) Chrome/143.0.0.0 Safari/537.36"
43.231.132.42 - - [28/Jan/2026:10:07:08 +0100] "GET / HTTP/1.0" 200 18784 "https://mail.omkar.com/" "Mozilla/5.0 (Windows NT 10.0; Win64; x64) AppleWebKit/537.36 (KHTML, like Gecko) Chrome/143.0.0.0 Safari/537.36"
43.231.132.42 - - [28/Jan/2026:10:07:09 +0100] "GET / HTTP/1.0" 200 21976 "https://mail.omkar.com/" "Mozilla/5.0 (Windows NT 10.0; Win64; x64) AppleWebKit/537.36 (KHTML, like Gecko) Chrome/143.0.0.0 Safari/537.36"
43.231.132.42 - - [28/Jan/2026:10:07:09 +0100] "GET /images/omkar-emailer-logo.jpg HTTP/1.0" 301 4216 "https://mail.omkar.com/" "Mozilla/5.0 (Windows NT 10.0; Win64; x64) AppleWebKit/537.36 (KHTML, like Gecko) Chrome/143.0.0.0 Safari/537.36"
43.231.132.42 - - [28/Jan/2026:10:07:10 +0100] "GET / HTTP/1.0" 200 21976 "https://mail.omkar.com/" "Mozilla/5.0 (Windows NT 10.0; Win64; x64) AppleWebKit/537.36 (KHTML, like Gecko) Chrome/143.0.0.0 Safari/537.36"
43.231.132.42 - - [28/Jan/2026:10:07:10 +0100] "GET /images/omkar-emailer-logo.jpg HTTP/1.0" 301 1024 "https://mail.omkar.com/" "Mozilla/5.0 (Windows NT 10.0; Win64; x64) AppleWebKit/537.36 (KHTML, like Gecko) Chrome/143.0.0.0 Safari/537.36"
43.231.132.42 - - [28/Jan/2026:10:07:11 +0100] "GET /images/omkar-emailer-logo.jpg HTTP/1.0" 301 1024 "https://mail.omkar.com/" "Mozilla/5.0 (Windows NT 10.0; Win64; x64) AppleWebKit/537.36 (KHTML, like Gecko) Chrome/143.0.0.0 Safari/537.36"
43.231.132.42 - - [28/Jan/2026:10:07:12 +0100] "GET /images/omkar-emailer-logo.jpg HTTP/1.0" 301 1024 "https://mail.omkar.com/" "Mozilla/5.0 (Windows NT 10.0; Win64; x64) AppleWebKit/537.36 (KHTML, like Gecko) Chrome/143.0.0.0 Safari/537.36"
43.231.132.42 - - [28/Jan/2026:10:07:11 +0100] "GET / HTTP/1.0" 200 18784 "https://mail.omkar.com/" "Mozilla/5.0 (Windows NT 10.0; Win64; x64) AppleWebKit/537.36 (KHTML, like Gecko) Chrome/143.0.0.0 Safari/537.36"
43.231.132.42 - - [28/Jan/2026:10:07:12 +0100] "GET /images/omkar-emailer-logo.jpg HTTP/1.0" 301 1024 "https://mail.omkar.com/" "Mozilla/5.0 (Windows NT 10.0; Win64; x64) AppleWebKit/537.36 (KHTML, like Gecko) Chrome/143.0.0.0 Safari/537.36"
43.231.132.42 - - [28/Jan/2026:10:07:13 +0100] "GET /images/omkar-emailer-logo.jpg HTTP/1.0" 301 1024 "https://mail.omkar.com/" "Mozilla/5.0 (Windows NT 10.0; Win64; x64) AppleWebKit/537.36 (KHTML, like Gecko) Chrome/143.0.0.0 Safari/537.36"
43.231.132.42 - - [28/Jan/2026:10:07:13 +0100] "GET / HTTP/1.0" 200 18784 "https://mail.omkar.com/" "Mozilla/5.0 (Windows NT 10.0; Win64; x64) AppleWebKit/537.36 (KHTML, like Gecko) Chrome/143.0.0.0 Safari/537.36"
43.231.132.42 - - [28/Jan/2026:10:07:13 +0100] "GET /images/omkar-emailer-logo.jpg HTTP/1.0" 301 1024 "https://mail.omkar.com/" "Mozilla/5.0 (Windows NT 10.0; Win64; x64) AppleWebKit/537.36 (KHTML, like Gecko) Chrome/143.0.0.0 Safari/537.36"
43.231.132.42 - - [28/Jan/2026:10:07:14 +0100] "GET / HTTP/1.0" 200 18784 "https://mail.omkar.com/" "Mozilla/5.0 (Windows NT 10.0; Win64; x64) AppleWebKit/537.36 (KHTML, like Gecko) Chrome/143.0.0.0 Safari/537.36"
43.231.132.42 - - [28/Jan/2026:10:07:14 +0100] "GET /images/omkar-emailer-logo.jpg HTTP/1.0" 301 1024 "https://mail.omkar.com/" "Mozilla/5.0 (Windows NT 10.0; Win64; x64) AppleWebKit/537.36 (KHTML, like Gecko) Chrome/143.0.0.0 Safari/537.36"
43.231.132.42 - - [28/Jan/2026:10:07:14 +0100] "GET / HTTP/1.0" 200 18784 "https://mail.omkar.com/" "Mozilla/5.0 (Windows NT 10.0; Win64; x64) AppleWebKit/537.36 (KHTML, like Gecko) Chrome/143.0.0.0 Safari/537.36"
123.252.204.166 - - [28/Jan/2026:10:07:17 +0100] "POST /autodiscover/autodiscover.xml HTTP/1.0" 301 1020 "-" "Microsoft Office/16.0 (Windows NT 10.0; Microsoft Outlook 16.0.5452; Pro)"
43.231.132.42 - - [28/Jan/2026:10:07:16 +0100] "GET / HTTP/1.0" 200 21976 "https://mail.omkar.com/" "Mozilla/5.0 (Windows NT 10.0; Win64; x64) AppleWebKit/537.36 (KHTML, like Gecko) Chrome/143.0.0.0 Safari/537.36"
123.252.204.166 - - [28/Jan/2026:10:07:17 +0100] "POST / HTTP/1.0" 200 88336 "-" "Microsoft Office/16.0 (Windows NT 10.0; Microsoft Outlook 16.0.5452; Pro)"
43.231.132.42 - - [28/Jan/2026:10:07:17 +0100] "GET / HTTP/1.0" 200 21976 "https://mail.omkar.com/" "Mozilla/5.0 (Windows NT 10.0; Win64; x64) AppleWebKit/537.36 (KHTML, like Gecko) Chrome/143.0.0.0 Safari/537.36"
43.231.132.42 - - [28/Jan/2026:10:07:18 +0100] "GET / HTTP/1.0" 200 21976 "https://mail.omkar.com/" "Mozilla/5.0 (Windows NT 10.0; Win64; x64) AppleWebKit/537.36 (KHTML, like Gecko) Chrome/143.0.0.0 Safari/537.36"
43.231.132.42 - - [28/Jan/2026:10:07:19 +0100] "GET / HTTP/1.0" 200 18784 "https://mail.omkar.com/" "Mozilla/5.0 (Windows NT 10.0; Win64; x64) AppleWebKit/537.36 (KHTML, like Gecko) Chrome/143.0.0.0 Safari/537.36"
123.252.204.166 - - [28/Jan/2026:10:07:56 +0100] "POST /autodiscover/autodiscover.xml HTTP/1.0" 301 4180 "-" "Microsoft Office/16.0 (Windows NT 10.0; Microsoft Outlook 16.0.5452; Pro)"
123.252.204.166 - - [28/Jan/2026:10:07:57 +0100] "POST / HTTP/1.0" 200 88342 "-" "Microsoft Office/16.0 (Windows NT 10.0; Microsoft Outlook 16.0.5452; Pro)"
123.252.204.166 - - [28/Jan/2026:10:08:15 +0100] "GET /images/omkar-emailer-logo.jpg HTTP/1.0" 301 4348 "-" "Mozilla/4.0 (compatible; ms-office; MSOffice 16)"
123.252.204.166 - - [28/Jan/2026:10:08:16 +0100] "GET / HTTP/1.0" 200 21976 "-" "Mozilla/4.0 (compatible; ms-office; MSOffice 16)"
66.249.84.195 - - [28/Jan/2026:10:09:03 +0100] "GET /images/omkar-emailer-logo.jpg HTTP/1.0" 301 4348 "-" "Mozilla/5.0 (Windows NT 5.1; rv:11.0) Gecko Firefox/11.0 (via ggpht.com GoogleImageProxy)"
66.249.84.195 - - [28/Jan/2026:10:09:04 +0100] "GET / HTTP/1.0" 200 22108 "-" "Mozilla/5.0 (Windows NT 5.1; rv:11.0) Gecko Firefox/11.0 (via ggpht.com GoogleImageProxy)"
123.252.204.166 - - [28/Jan/2026:10:10:06 +0100] "POST /autodiscover/autodiscover.xml HTTP/1.0" 301 4180 "-" "Microsoft Office/16.0 (Windows NT 10.0; Microsoft Outlook 16.0.5452; Pro)"
123.252.204.166 - - [28/Jan/2026:10:10:07 +0100] "POST / HTTP/1.0" 200 91496 "-" "Microsoft Office/16.0 (Windows NT 10.0; Microsoft Outlook 16.0.5452; Pro)"
123.252.204.166 - - [28/Jan/2026:10:10:43 +0100] "POST /autodiscover/autodiscover.xml HTTP/1.0" 301 4312 "-" "Microsoft Office/16.0 (Windows NT 10.0; Microsoft Outlook 16.0.5452; Pro)"
123.252.204.166 - - [28/Jan/2026:10:10:44 +0100] "POST / HTTP/1.0" 200 88320 "-" "Microsoft Office/16.0 (Windows NT 10.0; Microsoft Outlook 16.0.5452; Pro)"
128.140.106.114 - - [28/Jan/2026:10:10:54 +0100] "HEAD / HTTP/1.0" 200 4280 "http://www.omkar.com" "Mozilla/5.0+(compatible; UptimeRobot/2.0; http://www.uptimerobot.com/)"
66.249.84.193 - - [28/Jan/2026:10:11:29 +0100] "GET /images/omkar-emailer-logo.jpg HTTP/1.0" 301 4348 "-" "Mozilla/5.0 (Windows NT 5.1; rv:11.0) Gecko Firefox/11.0 (via ggpht.com GoogleImageProxy)"
66.249.84.195 - - [28/Jan/2026:10:11:30 +0100] "GET / HTTP/1.0" 200 18916 "-" "Mozilla/5.0 (Windows NT 5.1; rv:11.0) Gecko Firefox/11.0 (via ggpht.com GoogleImageProxy)"
123.252.204.166 - - [28/Jan/2026:10:11:32 +0100] "POST /autodiscover/autodiscover.xml HTTP/1.0" 301 1020 "-" "Microsoft Office/16.0 (Windows NT 10.0; Microsoft Outlook 16.0.5452; Pro)"
168.119.96.239 - - [28/Jan/2026:10:11:33 +0100] "HEAD / HTTP/1.0" 200 4248 "http://omkar.com/" "Mozilla/5.0+(compatible; UptimeRobot/2.0; http://www.uptimerobot.com/)"
123.252.204.166 - - [28/Jan/2026:10:11:33 +0100] "POST / HTTP/1.0" 200 88320 "-" "Microsoft Office/16.0 (Windows NT 10.0; Microsoft Outlook 16.0.5452; Pro)"
52.167.144.16 - - [28/Jan/2026:10:11:38 +0100] "GET /thesummitbusinessbayandheri HTTP/1.0" 200 3964 "-" "Mozilla/5.0 AppleWebKit/537.36 (KHTML, like Gecko; compatible; bingbot/2.0; +http://www.bing.com/bingbot.htm) Chrome/116.0.1938.76 Safari/537.36"
66.249.84.195 - - [28/Jan/2026:10:11:47 +0100] "GET /images/omkar-emailer-logo.jpg HTTP/1.0" 301 4348 "-" "Mozilla/5.0 (Windows NT 5.1; rv:11.0) Gecko Firefox/11.0 (via ggpht.com GoogleImageProxy)"
66.249.84.195 - - [28/Jan/2026:10:11:48 +0100] "GET / HTTP/1.0" 200 18916 "-" "Mozilla/5.0 (Windows NT 5.1; rv:11.0) Gecko Firefox/11.0 (via ggpht.com GoogleImageProxy)"
66.249.84.193 - - [28/Jan/2026:10:12:06 +0100] "GET /images/omkar-emailer-logo.jpg HTTP/1.0" 301 4348 "-" "Mozilla/5.0 (Windows NT 5.1; rv:11.0) Gecko Firefox/11.0 (via ggpht.com GoogleImageProxy)"
66.249.84.193 - - [28/Jan/2026:10:12:07 +0100] "GET / HTTP/1.0" 200 18916 "-" "Mozilla/5.0 (Windows NT 5.1; rv:11.0) Gecko Firefox/11.0 (via ggpht.com GoogleImageProxy)"
123.252.204.166 - - [28/Jan/2026:10:12:16 +0100] "POST /autodiscover/autodiscover.xml HTTP/1.0" 301 4180 "-" "Microsoft Office/16.0 (Windows NT 10.0; Microsoft Outlook 16.0.5452; Pro)"
123.252.204.166 - - [28/Jan/2026:10:12:17 +0100] "POST / HTTP/1.0" 200 88320 "-" "Microsoft Office/16.0 (Windows NT 10.0; Microsoft Outlook 16.0.5452; Pro)"
123.252.204.166 - - [28/Jan/2026:10:12:30 +0100] "POST /autodiscover/autodiscover.xml HTTP/1.0" 301 4180 "-" "Microsoft Office/16.0 (Windows NT 10.0; Microsoft Outlook 16.0.5452; Pro)"
106.192.63.188 - - [28/Jan/2026:10:12:31 +0100] "GET /images/omkar-emailer-logo.jpg HTTP/1.0" 301 1140 "-" "Mozilla/5.0 (iPhone; CPU iPhone OS 18_7 like Mac OS X) AppleWebKit/605.1.15 (KHTML, like Gecko) Mobile/15E148"
106.192.63.188 - - [28/Jan/2026:10:12:31 +0100] "GET /images/omkar-emailer-logo.jpg HTTP/1.0" 301 1140 "-" "Mozilla/5.0 (iPhone; CPU iPhone OS 18_7 like Mac OS X) AppleWebKit/605.1.15 (KHTML, like Gecko) Mobile/15E148"
106.192.63.188 - - [28/Jan/2026:10:12:31 +0100] "GET /images/omkar-emailer-logo.jpg HTTP/1.0" 301 1140 "-" "Mozilla/5.0 (iPhone; CPU iPhone OS 18_7 like Mac OS X) AppleWebKit/605.1.15 (KHTML, like Gecko) Mobile/15E148"
123.252.204.166 - - [28/Jan/2026:10:12:32 +0100] "POST / HTTP/1.0" 200 88320 "-" "Microsoft Office/16.0 (Windows NT 10.0; Microsoft Outlook 16.0.5452; Pro)"
106.192.63.188 - - [28/Jan/2026:10:12:32 +0100] "GET / HTTP/1.0" 200 18898 "-" "Mozilla/5.0 (iPhone; CPU iPhone OS 18_7 like Mac OS X) AppleWebKit/605.1.15 (KHTML, like Gecko) Mobile/15E148"
106.192.63.188 - - [28/Jan/2026:10:12:32 +0100] "GET / HTTP/1.0" 200 18898 "-" "Mozilla/5.0 (iPhone; CPU iPhone OS 18_7 like Mac OS X) AppleWebKit/605.1.15 (KHTML, like Gecko) Mobile/15E148"
106.192.63.188 - - [28/Jan/2026:10:12:32 +0100] "GET / HTTP/1.0" 200 18898 "-" "Mozilla/5.0 (iPhone; CPU iPhone OS 18_7 like Mac OS X) AppleWebKit/605.1.15 (KHTML, like Gecko) Mobile/15E148"
66.249.84.194 - - [28/Jan/2026:10:12:33 +0100] "GET /images/omkar-emailer-logo.jpg HTTP/1.0" 301 4348 "-" "Mozilla/5.0 (Windows NT 5.1; rv:11.0) Gecko Firefox/11.0 (via ggpht.com GoogleImageProxy)"
66.249.84.194 - - [28/Jan/2026:10:12:34 +0100] "GET / HTTP/1.0" 200 22108 "-" "Mozilla/5.0 (Windows NT 5.1; rv:11.0) Gecko Firefox/11.0 (via ggpht.com GoogleImageProxy)"
123.252.204.166 - - [28/Jan/2026:10:12:53 +0100] "GET /images/omkar-emailer-logo.jpg HTTP/1.0" 301 4348 "https://mail.omkar.com/" "Mozilla/5.0 (Windows NT 10.0; Win64; x64) AppleWebKit/537.36 (KHTML, like Gecko) Chrome/143.0.0.0 Safari/537.36"
123.252.204.166 - - [28/Jan/2026:10:12:54 +0100] "GET / HTTP/1.0" 200 18784 "https://mail.omkar.com/" "Mozilla/5.0 (Windows NT 10.0; Win64; x64) AppleWebKit/537.36 (KHTML, like Gecko) Chrome/143.0.0.0 Safari/537.36"
123.252.204.166 - - [28/Jan/2026:10:13:04 +0100] "GET /images/omkar-emailer-logo.jpg HTTP/1.0" 301 4216 "https://mail.omkar.com/" "Mozilla/5.0 (Windows NT 10.0; Win64; x64) AppleWebKit/537.36 (KHTML, like Gecko) Chrome/143.0.0.0 Safari/537.36"
123.252.204.166 - - [28/Jan/2026:10:13:05 +0100] "GET /images/omkar-emailer-logo.jpg HTTP/1.0" 301 4216 "https://mail.omkar.com/" "Mozilla/5.0 (Windows NT 10.0; Win64; x64) AppleWebKit/537.36 (KHTML, like Gecko) Chrome/143.0.0.0 Safari/537.36"
123.252.204.166 - - [28/Jan/2026:10:13:05 +0100] "GET / HTTP/1.0" 200 21976 "https://mail.omkar.com/" "Mozilla/5.0 (Windows NT 10.0; Win64; x64) AppleWebKit/537.36 (KHTML, like Gecko) Chrome/143.0.0.0 Safari/537.36"
123.252.204.166 - - [28/Jan/2026:10:13:07 +0100] "GET / HTTP/1.0" 200 21976 "https://mail.omkar.com/" "Mozilla/5.0 (Windows NT 10.0; Win64; x64) AppleWebKit/537.36 (KHTML, like Gecko) Chrome/143.0.0.0 Safari/537.36"
123.252.204.166 - - [28/Jan/2026:10:13:09 +0100] "GET /images/omkar-emailer-logo.jpg HTTP/1.0" 301 4216 "https://mail.omkar.com/" "Mozilla/5.0 (Windows NT 10.0; Win64; x64) AppleWebKit/537.36 (KHTML, like Gecko) Chrome/143.0.0.0 Safari/537.36"
123.252.204.166 - - [28/Jan/2026:10:13:10 +0100] "GET / HTTP/1.0" 200 21976 "https://mail.omkar.com/" "Mozilla/5.0 (Windows NT 10.0; Win64; x64) AppleWebKit/537.36 (KHTML, like Gecko) Chrome/143.0.0.0 Safari/537.36"
123.252.204.166 - - [28/Jan/2026:10:13:10 +0100] "GET /images/omkar-emailer-logo.jpg HTTP/1.0" 301 4216 "https://mail.omkar.com/" "Mozilla/5.0 (Windows NT 10.0; Win64; x64) AppleWebKit/537.36 (KHTML, like Gecko) Chrome/143.0.0.0 Safari/537.36"
123.252.204.166 - - [28/Jan/2026:10:13:11 +0100] "GET / HTTP/1.0" 200 21976 "https://mail.omkar.com/" "Mozilla/5.0 (Windows NT 10.0; Win64; x64) AppleWebKit/537.36 (KHTML, like Gecko) Chrome/143.0.0.0 Safari/537.36"
