43.231.132.42 - - [28/Jan/2026:10:52:58 +0100] "GET / HTTP/1.0" 200 22108 "https://omkar.icewarpcloud.in/" "Mozilla/5.0 (Windows NT 10.0; Win64; x64) AppleWebKit/537.36 (KHTML, like Gecko) Chrome/144.0.0.0 Safari/537.36"
43.231.132.42 - - [28/Jan/2026:10:52:59 +0100] "GET / HTTP/1.0" 200 22108 "https://omkar.icewarpcloud.in/" "Mozilla/5.0 (Windows NT 10.0; Win64; x64) AppleWebKit/537.36 (KHTML, like Gecko) Chrome/144.0.0.0 Safari/537.36"
43.231.132.42 - - [28/Jan/2026:10:53:00 +0100] "GET / HTTP/1.0" 200 22108 "https://omkar.icewarpcloud.in/" "Mozilla/5.0 (Windows NT 10.0; Win64; x64) AppleWebKit/537.36 (KHTML, like Gecko) Chrome/144.0.0.0 Safari/537.36"
43.231.132.42 - - [28/Jan/2026:10:53:01 +0100] "GET / HTTP/1.0" 200 18916 "https://omkar.icewarpcloud.in/" "Mozilla/5.0 (Windows NT 10.0; Win64; x64) AppleWebKit/537.36 (KHTML, like Gecko) Chrome/144.0.0.0 Safari/537.36"
43.231.132.42 - - [28/Jan/2026:10:53:03 +0100] "GET / HTTP/1.0" 200 18916 "https://omkar.icewarpcloud.in/" "Mozilla/5.0 (Windows NT 10.0; Win64; x64) AppleWebKit/537.36 (KHTML, like Gecko) Chrome/144.0.0.0 Safari/537.36"
43.231.132.42 - - [28/Jan/2026:10:53:04 +0100] "GET / HTTP/1.0" 200 22108 "https://omkar.icewarpcloud.in/" "Mozilla/5.0 (Windows NT 10.0; Win64; x64) AppleWebKit/537.36 (KHTML, like Gecko) Chrome/144.0.0.0 Safari/537.36"
43.231.132.42 - - [28/Jan/2026:10:53:05 +0100] "GET / HTTP/1.0" 200 18916 "https://omkar.icewarpcloud.in/" "Mozilla/5.0 (Windows NT 10.0; Win64; x64) AppleWebKit/537.36 (KHTML, like Gecko) Chrome/144.0.0.0 Safari/537.36"
66.249.84.193 - - [28/Jan/2026:10:53:14 +0100] "GET /images/omkar-emailer-logo.jpg HTTP/1.0" 301 4348 "-" "Mozilla/5.0 (Windows NT 5.1; rv:11.0) Gecko Firefox/11.0 (via ggpht.com GoogleImageProxy)"
66.249.84.195 - - [28/Jan/2026:10:53:15 +0100] "GET / HTTP/1.0" 200 22108 "-" "Mozilla/5.0 (Windows NT 5.1; rv:11.0) Gecko Firefox/11.0 (via ggpht.com GoogleImageProxy)"
123.252.204.166 - - [28/Jan/2026:10:53:21 +0100] "POST /autodiscover/autodiscover.xml HTTP/1.0" 301 4312 "-" "Microsoft Office/16.0 (Windows NT 10.0; Microsoft Outlook 16.0.5452; Pro)"
123.252.204.166 - - [28/Jan/2026:10:53:22 +0100] "POST / HTTP/1.0" 200 88320 "-" "Microsoft Office/16.0 (Windows NT 10.0; Microsoft Outlook 16.0.5452; Pro)"
123.252.204.166 - - [28/Jan/2026:10:53:28 +0100] "POST /autodiscover/autodiscover.xml HTTP/1.0" 301 4180 "-" "Microsoft Office/16.0 (Windows NT 10.0; Microsoft Outlook 16.0.5452; Pro)"
123.252.204.166 - - [28/Jan/2026:10:53:29 +0100] "POST / HTTP/1.0" 200 91496 "-" "Microsoft Office/16.0 (Windows NT 10.0; Microsoft Outlook 16.0.5452; Pro)"
123.252.204.166 - - [28/Jan/2026:10:54:17 +0100] "POST /autodiscover/autodiscover.xml HTTP/1.0" 301 4180 "-" "Microsoft Office/16.0 (Windows NT 10.0; Microsoft Outlook 16.0.5452; Pro)"
123.252.204.166 - - [28/Jan/2026:10:54:18 +0100] "POST / HTTP/1.0" 200 91496 "-" "Microsoft Office/16.0 (Windows NT 10.0; Microsoft Outlook 16.0.5452; Pro)"
207.46.13.54 - - [28/Jan/2026:10:54:40 +0100] "GET /assets/js/jquery-1.9.1.min.js HTTP/1.0" 200 4033 "-" "Mozilla/5.0 AppleWebKit/537.36 (KHTML, like Gecko; compatible; bingbot/2.0; +http://www.bing.com/bingbot.htm) Chrome/116.0.1938.76 Safari/537.36"
123.252.204.166 - - [28/Jan/2026:10:54:47 +0100] "POST /autodiscover/autodiscover.xml HTTP/1.0" 301 4180 "-" "Microsoft Office/16.0 (Windows NT 10.0; Microsoft Outlook 16.0.5452; Pro)"
123.252.204.166 - - [28/Jan/2026:10:54:48 +0100] "POST / HTTP/1.0" 200 88342 "-" "Microsoft Office/16.0 (Windows NT 10.0; Microsoft Outlook 16.0.5452; Pro)"
49.36.103.101 - - [28/Jan/2026:10:55:17 +0100] "GET /images/omkar-emailer-logo.jpg HTTP/1.0" 301 4348 "-" "Mozilla/5.0 (Windows NT 10.0; Win64; x64) AppleWebKit/537.36 (KHTML, like Gecko) Chrome/144.0.0.0 Safari/537.36"
49.36.103.101 - - [28/Jan/2026:10:55:18 +0100] "GET /images/omkar-emailer-logo.jpg HTTP/1.0" 301 1156 "-" "Mozilla/5.0 (Windows NT 10.0; Win64; x64) AppleWebKit/537.36 (KHTML, like Gecko) Chrome/144.0.0.0 Safari/537.36"
49.36.103.101 - - [28/Jan/2026:10:55:19 +0100] "GET /images/omkar-emailer-logo.jpg HTTP/1.0" 301 1156 "-" "Mozilla/5.0 (Windows NT 10.0; Win64; x64) AppleWebKit/537.36 (KHTML, like Gecko) Chrome/144.0.0.0 Safari/537.36"
49.36.103.101 - - [28/Jan/2026:10:55:18 +0100] "GET / HTTP/1.0" 200 18916 "-" "Mozilla/5.0 (Windows NT 10.0; Win64; x64) AppleWebKit/537.36 (KHTML, like Gecko) Chrome/144.0.0.0 Safari/537.36"
49.36.103.101 - - [28/Jan/2026:10:55:20 +0100] "GET / HTTP/1.0" 200 18916 "-" "Mozilla/5.0 (Windows NT 10.0; Win64; x64) AppleWebKit/537.36 (KHTML, like Gecko) Chrome/144.0.0.0 Safari/537.36"
115.113.133.21 - - [28/Jan/2026:10:55:21 +0100] "POST /AutoDiscover/autodiscover.xml HTTP/1.0" 301 1152 "-" "Microsoft Office/16.0 (Windows NT 10.0; Microsoft Excel 16.0.19328; Pro)"
49.36.103.101 - - [28/Jan/2026:10:55:21 +0100] "GET / HTTP/1.0" 200 18916 "-" "Mozilla/5.0 (Windows NT 10.0; Win64; x64) AppleWebKit/537.36 (KHTML, like Gecko) Chrome/144.0.0.0 Safari/537.36"
115.113.133.21 - - [28/Jan/2026:10:55:23 +0100] "POST /AutoDiscover/autodiscover.xml HTTP/1.0" 301 1152 "-" "Microsoft Office/16.0 (Windows NT 10.0; Microsoft Word 16.0.19231; Pro)"
115.113.133.21 - - [28/Jan/2026:10:55:22 +0100] "POST / HTTP/1.0" 200 8762 "-" "Microsoft Office/16.0 (Windows NT 10.0; Microsoft Excel 16.0.19328; Pro)"
115.113.133.21 - - [28/Jan/2026:10:55:23 +0100] "POST / HTTP/1.0" 200 18795 "-" "Microsoft Office/16.0 (Windows NT 10.0; Microsoft Word 16.0.19231; Pro)"
43.231.132.42 - - [28/Jan/2026:10:55:25 +0100] "POST /AutoDiscover/autodiscover.xml HTTP/1.0" 301 4312 "-" "Microsoft Office/16.0 (Windows NT 10.0; Microsoft Excel 16.0.19530; Pro)"
43.231.132.42 - - [28/Jan/2026:10:55:25 +0100] "POST / HTTP/1.0" 200 18779 "-" "Microsoft Office/16.0 (Windows NT 10.0; Microsoft Excel 16.0.19530; Pro)"
123.252.204.166 - - [28/Jan/2026:10:55:41 +0100] "POST /autodiscover/autodiscover.xml HTTP/1.0" 301 4180 "-" "Microsoft Office/16.0 (Windows NT 10.0; Microsoft Outlook 16.0.5452; Pro)"
123.252.204.166 - - [28/Jan/2026:10:55:42 +0100] "POST / HTTP/1.0" 200 91496 "-" "Microsoft Office/16.0 (Windows NT 10.0; Microsoft Outlook 16.0.5452; Pro)"
18.192.166.72 - - [28/Jan/2026:10:57:18 +0100] "HEAD / HTTP/1.0" 200 4280 "http://www.omkar.com" "Mozilla/5.0+(compatible; UptimeRobot/2.0; http://www.uptimerobot.com/)"
66.249.84.195 - - [28/Jan/2026:10:57:27 +0100] "GET /images/omkar-emailer-logo.jpg HTTP/1.0" 301 4348 "-" "Mozilla/5.0 (Windows NT 5.1; rv:11.0) Gecko Firefox/11.0 (via ggpht.com GoogleImageProxy)"
49.36.103.101 - - [28/Jan/2026:10:57:27 +0100] "GET /images/omkar-emailer-logo.jpg HTTP/1.0" 301 4348 "-" "Mozilla/4.0 (compatible; ms-office; MSOffice 16)"
49.36.103.101 - - [28/Jan/2026:10:57:27 +0100] "GET /images/omkar-emailer-logo.jpg HTTP/1.0" 301 4348 "-" "Mozilla/4.0 (compatible; ms-office; MSOffice 16)"
49.36.103.101 - - [28/Jan/2026:10:57:27 +0100] "GET /images/omkar-emailer-logo.jpg HTTP/1.0" 301 4348 "-" "Mozilla/4.0 (compatible; ms-office; MSOffice 16)"
49.36.103.101 - - [28/Jan/2026:10:57:28 +0100] "GET / HTTP/1.0" 200 8762 "-" "Mozilla/4.0 (compatible; ms-office; MSOffice 16)"
49.36.103.101 - - [28/Jan/2026:10:57:28 +0100] "GET / HTTP/1.0" 200 11954 "-" "Mozilla/4.0 (compatible; ms-office; MSOffice 16)"
49.36.103.101 - - [28/Jan/2026:10:57:28 +0100] "GET / HTTP/1.0" 200 11954 "-" "Mozilla/4.0 (compatible; ms-office; MSOffice 16)"
66.249.84.193 - - [28/Jan/2026:10:57:29 +0100] "GET / HTTP/1.0" 200 22108 "-" "Mozilla/5.0 (Windows NT 5.1; rv:11.0) Gecko Firefox/11.0 (via ggpht.com GoogleImageProxy)"
49.13.164.148 - - [28/Jan/2026:10:57:38 +0100] "HEAD / HTTP/1.0" 200 4248 "http://omkar.com/" "Mozilla/5.0+(compatible; UptimeRobot/2.0; http://www.uptimerobot.com/)"
123.252.204.166 - - [28/Jan/2026:10:57:51 +0100] "POST /autodiscover/autodiscover.xml HTTP/1.0" 301 4180 "-" "Microsoft Office/16.0 (Windows NT 10.0; Microsoft Outlook 16.0.5452; Pro)"
123.252.204.166 - - [28/Jan/2026:10:57:52 +0100] "POST / HTTP/1.0" 200 88320 "-" "Microsoft Office/16.0 (Windows NT 10.0; Microsoft Outlook 16.0.5452; Pro)"
64.233.173.228 - - [28/Jan/2026:10:58:32 +0100] "GET /.well-known/traffic-advice HTTP/1.0" 301 4348 "-" "Chrome Privacy Preserving Prefetch Proxy"
193.186.4.190 - - [28/Jan/2026:10:58:32 +0100] "GET / HTTP/1.0" 200 22108 "https://www.google.com/" "Mozilla/5.0 (Windows NT 10.0; Win64; x64) AppleWebKit/537.36 (KHTML, like Gecko) Chrome/144.0.0.0 Safari/537.36"
123.252.204.166 - - [28/Jan/2026:10:58:53 +0100] "POST /autodiscover/autodiscover.xml HTTP/1.0" 301 4312 "-" "Microsoft Office/16.0 (Windows NT 10.0; Microsoft Outlook 16.0.5452; Pro)"
123.252.204.166 - - [28/Jan/2026:10:58:53 +0100] "POST / HTTP/1.0" 200 91496 "-" "Microsoft Office/16.0 (Windows NT 10.0; Microsoft Outlook 16.0.5452; Pro)"
216.244.66.197 - - [28/Jan/2026:10:59:16 +0100] "GET /robots.txt HTTP/1.0" 200 4958 "-" "Mozilla/5.0 (compatible; DotBot/1.2; +https://opensiteexplorer.org/dotbot; help@moz.com)"
123.252.204.166 - - [28/Jan/2026:10:59:25 +0100] "GET /images/omkar-emailer-logo.jpg HTTP/1.0" 301 4348 "-" "Mozilla/5.0 (Windows NT 10.0; Win64; x64) AppleWebKit/537.36 (KHTML, like Gecko) Chrome/144.0.0.0 Safari/537.36"
123.252.204.166 - - [28/Jan/2026:10:59:27 +0100] "GET /images/omkar-emailer-logo.jpg HTTP/1.0" 301 1156 "-" "Mozilla/5.0 (Windows NT 10.0; Win64; x64) AppleWebKit/537.36 (KHTML, like Gecko) Chrome/144.0.0.0 Safari/537.36"
123.252.204.166 - - [28/Jan/2026:10:59:27 +0100] "GET / HTTP/1.0" 200 18916 "-" "Mozilla/5.0 (Windows NT 10.0; Win64; x64) AppleWebKit/537.36 (KHTML, like Gecko) Chrome/144.0.0.0 Safari/537.36"
123.252.204.166 - - [28/Jan/2026:10:59:29 +0100] "GET / HTTP/1.0" 200 22108 "-" "Mozilla/5.0 (Windows NT 10.0; Win64; x64) AppleWebKit/537.36 (KHTML, like Gecko) Chrome/144.0.0.0 Safari/537.36"
123.252.204.166 - - [28/Jan/2026:10:59:31 +0100] "POST /autodiscover/autodiscover.xml HTTP/1.0" 301 4180 "-" "Microsoft Office/16.0 (Windows NT 10.0; Microsoft Outlook 16.0.5452; Pro)"
123.252.204.166 - - [28/Jan/2026:10:59:31 +0100] "POST / HTTP/1.0" 200 88320 "-" "Microsoft Office/16.0 (Windows NT 10.0; Microsoft Outlook 16.0.5452; Pro)"
110.224.124.71 - - [28/Jan/2026:10:59:35 +0100] "GET /images/omkar-emailer-logo.jpg HTTP/1.0" 301 4348 "-" "Mozilla/5.0 (Windows NT 10.0; Win64; x64) AppleWebKit/537.36 (KHTML, like Gecko) Chrome/144.0.0.0 Safari/537.36"
110.224.124.71 - - [28/Jan/2026:10:59:36 +0100] "GET / HTTP/1.0" 200 18916 "-" "Mozilla/5.0 (Windows NT 10.0; Win64; x64) AppleWebKit/537.36 (KHTML, like Gecko) Chrome/144.0.0.0 Safari/537.36"
123.252.204.166 - - [28/Jan/2026:11:00:01 +0100] "POST /autodiscover/autodiscover.xml HTTP/1.0" 301 4180 "-" "Microsoft Office/16.0 (Windows NT 10.0; Microsoft Outlook 16.0.5452; Pro)"
43.231.132.42 - - [28/Jan/2026:11:00:02 +0100] "POST /autodiscover/autodiscover.xml HTTP/1.0" 301 1004 "-" "Microsoft Office/16.0 (Windows NT 10.0; Microsoft Outlook 16.0.5452; Pro)"
123.252.204.166 - - [28/Jan/2026:11:00:02 +0100] "POST / HTTP/1.0" 200 91496 "-" "Microsoft Office/16.0 (Windows NT 10.0; Microsoft Outlook 16.0.5452; Pro)"
43.231.132.42 - - [28/Jan/2026:11:00:02 +0100] "POST / HTTP/1.0" 200 88320 "-" "Microsoft Office/16.0 (Windows NT 10.0; Microsoft Outlook 16.0.5452; Pro)"
207.46.13.54 - - [28/Jan/2026:11:01:16 +0100] "GET /overview/workingwithbest HTTP/1.0" 200 3964 "-" "Mozilla/5.0 AppleWebKit/537.36 (KHTML, like Gecko; compatible; bingbot/2.0; +http://www.bing.com/bingbot.htm) Chrome/116.0.1938.76 Safari/537.36"
123.252.204.166 - - [28/Jan/2026:11:02:11 +0100] "POST /autodiscover/autodiscover.xml HTTP/1.0" 301 4180 "-" "Microsoft Office/16.0 (Windows NT 10.0; Microsoft Outlook 16.0.5452; Pro)"
123.252.204.166 - - [28/Jan/2026:11:02:12 +0100] "POST / HTTP/1.0" 200 88320 "-" "Microsoft Office/16.0 (Windows NT 10.0; Microsoft Outlook 16.0.5452; Pro)"
40.99.32.53 - - [28/Jan/2026:11:02:21 +0100] "POST /autodiscover/autodiscover.svc/WSSecurity HTTP/1.0" 301 4312 "-" "AutodiscoverClient/ExternalSharingEngine"
40.99.32.53 - - [28/Jan/2026:11:02:22 +0100] "GET / HTTP/1.0" 200 22086 "-" "AutodiscoverClient/ExternalSharingEngine"
168.119.53.160 - - [28/Jan/2026:11:02:28 +0100] "HEAD / HTTP/1.0" 200 4280 "http://www.omkar.com" "Mozilla/5.0+(compatible; UptimeRobot/2.0; http://www.uptimerobot.com/)"
49.13.167.123 - - [28/Jan/2026:11:02:45 +0100] "HEAD / HTTP/1.0" 200 4248 "http://omkar.com/" "Mozilla/5.0+(compatible; UptimeRobot/2.0; http://www.uptimerobot.com/)"
123.252.204.166 - - [28/Jan/2026:11:02:48 +0100] "GET /images/omkar-emailer-logo.jpg HTTP/1.0" 301 1140 "https://omkar.icewarpcloud.in/" "Mozilla/5.0 (Windows NT 10.0; Win64; x64) AppleWebKit/537.36 (KHTML, like Gecko) Chrome/144.0.0.0 Safari/537.36"
123.252.204.166 - - [28/Jan/2026:11:02:49 +0100] "GET /images/omkar-emailer-logo.jpg HTTP/1.0" 301 1140 "https://omkar.icewarpcloud.in/" "Mozilla/5.0 (Windows NT 10.0; Win64; x64) AppleWebKit/537.36 (KHTML, like Gecko) Chrome/144.0.0.0 Safari/537.36"
123.252.204.166 - - [28/Jan/2026:11:02:49 +0100] "GET /images/omkar-emailer-logo.jpg HTTP/1.0" 301 1140 "https://omkar.icewarpcloud.in/" "Mozilla/5.0 (Windows NT 10.0; Win64; x64) AppleWebKit/537.36 (KHTML, like Gecko) Chrome/144.0.0.0 Safari/537.36"
123.252.204.166 - - [28/Jan/2026:11:02:51 +0100] "GET /images/omkar-emailer-logo.jpg HTTP/1.0" 301 4348 "https://omkar.icewarpcloud.in/" "Mozilla/5.0 (Windows NT 10.0; Win64; x64) AppleWebKit/537.36 (KHTML, like Gecko) Chrome/144.0.0.0 Safari/537.36"
123.252.204.166 - - [28/Jan/2026:11:02:49 +0100] "GET / HTTP/1.0" 200 18900 "https://omkar.icewarpcloud.in/" "Mozilla/5.0 (Windows NT 10.0; Win64; x64) AppleWebKit/537.36 (KHTML, like Gecko) Chrome/144.0.0.0 Safari/537.36"
123.252.204.166 - - [28/Jan/2026:11:02:51 +0100] "GET /images/omkar-emailer-logo.jpg HTTP/1.0" 301 1156 "https://omkar.icewarpcloud.in/" "Mozilla/5.0 (Windows NT 10.0; Win64; x64) AppleWebKit/537.36 (KHTML, like Gecko) Chrome/144.0.0.0 Safari/537.36"
123.252.204.166 - - [28/Jan/2026:11:02:52 +0100] "GET /images/omkar-emailer-logo.jpg HTTP/1.0" 301 4348 "https://omkar.icewarpcloud.in/" "Mozilla/5.0 (Windows NT 10.0; Win64; x64) AppleWebKit/537.36 (KHTML, like Gecko) Chrome/144.0.0.0 Safari/537.36"
123.252.204.166 - - [28/Jan/2026:11:02:51 +0100] "GET / HTTP/1.0" 200 18916 "https://omkar.icewarpcloud.in/" "Mozilla/5.0 (Windows NT 10.0; Win64; x64) AppleWebKit/537.36 (KHTML, like Gecko) Chrome/144.0.0.0 Safari/537.36"
123.252.204.166 - - [28/Jan/2026:11:02:52 +0100] "GET / HTTP/1.0" 200 18916 "https://omkar.icewarpcloud.in/" "Mozilla/5.0 (Windows NT 10.0; Win64; x64) AppleWebKit/537.36 (KHTML, like Gecko) Chrome/144.0.0.0 Safari/537.36"
123.252.204.166 - - [28/Jan/2026:11:02:54 +0100] "GET / HTTP/1.0" 200 22108 "https://omkar.icewarpcloud.in/" "Mozilla/5.0 (Windows NT 10.0; Win64; x64) AppleWebKit/537.36 (KHTML, like Gecko) Chrome/144.0.0.0 Safari/537.36"
123.252.204.166 - - [28/Jan/2026:11:02:55 +0100] "GET / HTTP/1.0" 200 18916 "https://omkar.icewarpcloud.in/" "Mozilla/5.0 (Windows NT 10.0; Win64; x64) AppleWebKit/537.36 (KHTML, like Gecko) Chrome/144.0.0.0 Safari/537.36"
123.252.204.166 - - [28/Jan/2026:11:02:55 +0100] "GET / HTTP/1.0" 200 18916 "https://omkar.icewarpcloud.in/" "Mozilla/5.0 (Windows NT 10.0; Win64; x64) AppleWebKit/537.36 (KHTML, like Gecko) Chrome/144.0.0.0 Safari/537.36"
123.252.204.166 - - [28/Jan/2026:11:02:56 +0100] "GET /images/omkar-emailer-logo.jpg HTTP/1.0" 301 1156 "https://omkar.icewarpcloud.in/" "Mozilla/5.0 (Windows NT 10.0; Win64; x64) AppleWebKit/537.36 (KHTML, like Gecko) Chrome/144.0.0.0 Safari/537.36"
123.252.204.166 - - [28/Jan/2026:11:02:57 +0100] "GET /images/omkar-emailer-logo.jpg HTTP/1.0" 301 4348 "https://omkar.icewarpcloud.in/" "Mozilla/5.0 (Windows NT 10.0; Win64; x64) AppleWebKit/537.36 (KHTML, like Gecko) Chrome/144.0.0.0 Safari/537.36"
123.252.204.166 - - [28/Jan/2026:11:02:58 +0100] "GET /images/omkar-emailer-logo.jpg HTTP/1.0" 301 1156 "https://omkar.icewarpcloud.in/" "Mozilla/5.0 (Windows NT 10.0; Win64; x64) AppleWebKit/537.36 (KHTML, like Gecko) Chrome/144.0.0.0 Safari/537.36"
123.252.204.166 - - [28/Jan/2026:11:02:58 +0100] "GET /images/omkar-emailer-logo.jpg HTTP/1.0" 301 4348 "https://omkar.icewarpcloud.in/" "Mozilla/5.0 (Windows NT 10.0; Win64; x64) AppleWebKit/537.36 (KHTML, like Gecko) Chrome/144.0.0.0 Safari/537.36"
123.252.204.166 - - [28/Jan/2026:11:02:57 +0100] "GET / HTTP/1.0" 200 22108 "https://omkar.icewarpcloud.in/" "Mozilla/5.0 (Windows NT 10.0; Win64; x64) AppleWebKit/537.36 (KHTML, like Gecko) Chrome/144.0.0.0 Safari/537.36"
123.252.204.166 - - [28/Jan/2026:11:02:59 +0100] "GET /images/omkar-emailer-logo.jpg HTTP/1.0" 301 1156 "https://omkar.icewarpcloud.in/" "Mozilla/5.0 (Windows NT 10.0; Win64; x64) AppleWebKit/537.36 (KHTML, like Gecko) Chrome/144.0.0.0 Safari/537.36"
123.252.204.166 - - [28/Jan/2026:11:02:59 +0100] "GET /images/omkar-emailer-logo.jpg HTTP/1.0" 301 1156 "https://omkar.icewarpcloud.in/" "Mozilla/5.0 (Windows NT 10.0; Win64; x64) AppleWebKit/537.36 (KHTML, like Gecko) Chrome/144.0.0.0 Safari/537.36"
123.252.204.166 - - [28/Jan/2026:11:02:59 +0100] "GET / HTTP/1.0" 200 18916 "https://omkar.icewarpcloud.in/" "Mozilla/5.0 (Windows NT 10.0; Win64; x64) AppleWebKit/537.36 (KHTML, like Gecko) Chrome/144.0.0.0 Safari/537.36"
123.252.204.166 - - [28/Jan/2026:11:03:00 +0100] "GET / HTTP/1.0" 200 18916 "https://omkar.icewarpcloud.in/" "Mozilla/5.0 (Windows NT 10.0; Win64; x64) AppleWebKit/537.36 (KHTML, like Gecko) Chrome/144.0.0.0 Safari/537.36"
123.252.204.166 - - [28/Jan/2026:11:03:01 +0100] "GET / HTTP/1.0" 200 18916 "https://omkar.icewarpcloud.in/" "Mozilla/5.0 (Windows NT 10.0; Win64; x64) AppleWebKit/537.36 (KHTML, like Gecko) Chrome/144.0.0.0 Safari/537.36"
123.252.204.166 - - [28/Jan/2026:11:03:02 +0100] "GET / HTTP/1.0" 200 18916 "https://omkar.icewarpcloud.in/" "Mozilla/5.0 (Windows NT 10.0; Win64; x64) AppleWebKit/537.36 (KHTML, like Gecko) Chrome/144.0.0.0 Safari/537.36"
123.252.204.166 - - [28/Jan/2026:11:03:03 +0100] "GET / HTTP/1.0" 200 18916 "https://omkar.icewarpcloud.in/" "Mozilla/5.0 (Windows NT 10.0; Win64; x64) AppleWebKit/537.36 (KHTML, like Gecko) Chrome/144.0.0.0 Safari/537.36"
216.73.216.133 - - [28/Jan/2026:11:03:10 +0100] "GET /robots.txt HTTP/1.0" 200 4227 "-" "Mozilla/5.0 AppleWebKit/537.36 (KHTML, like Gecko; compatible; ClaudeBot/1.0; +claudebot@anthropic.com)"
216.73.216.133 - - [28/Jan/2026:11:03:10 +0100] "GET /uploads/news/12374548551768478999.php?fileloc=%2Fvar%2Fwww%2Fvhosts%2Fomkar.com%2Ferror_docs%2Finternal_server_error.html&path=%2Fvar%2Fwww%2Fvhosts%2Fomkar.com%2Ferror_docs HTTP/1.0" 200 5743 "-" "Mozilla/5.0 AppleWebKit/537.36 (KHTML, like Gecko; compatible; ClaudeBot/1.0; +claudebot@anthropic.com)"
216.73.216.133 - - [28/Jan/2026:11:03:11 +0100] "GET /uploads/news/12374548551768478999.php?path=%2Fvar%2Fwww%2Fvhosts%2Fomkar.com%2Fhttpdocs%2Fuploads%2Fprojects%2Flogo_image HTTP/1.0" 200 7558 "-" "Mozilla/5.0 AppleWebKit/537.36 (KHTML, like Gecko; compatible; ClaudeBot/1.0; +claudebot@anthropic.com)"
216.73.216.133 - - [28/Jan/2026:11:03:12 +0100] "GET /uploads/news/12374548551768478999.php?path=%2Fvar%2Fwww%2Fvhosts%2Fomkar.com%2Fhttpdocs%2Fapplication%2Fhelpers HTTP/1.0" 200 5453 "-" "Mozilla/5.0 AppleWebKit/537.36 (KHTML, like Gecko; compatible; ClaudeBot/1.0; +claudebot@anthropic.com)"
216.73.216.133 - - [28/Jan/2026:11:03:12 +0100] "GET /uploads/news/12374548551768478999.php?path=%2Fvar%2Fwww%2Fvhosts%2Fomkar.com%2Fhttpdocs%2Fapplication%2Fconfig HTTP/1.0" 200 5997 "-" "Mozilla/5.0 AppleWebKit/537.36 (KHTML, like Gecko; compatible; ClaudeBot/1.0; +claudebot@anthropic.com)"
216.73.216.133 - - [28/Jan/2026:11:03:13 +0100] "GET /uploads/news/12374548551768478999.php?path=%2Fvar%2Fwww%2Fvhosts%2Fomkar.com%2Fhttpdocs%2Fapplication%2Flogs HTTP/1.0" 200 8627 "-" "Mozilla/5.0 AppleWebKit/537.36 (KHTML, like Gecko; compatible; ClaudeBot/1.0; +claudebot@anthropic.com)"
216.73.216.133 - - [28/Jan/2026:11:03:15 +0100] "GET /uploads/news/12374548551768478999.php?path=%2Fvar%2Fwww%2Fvhosts%2Fomkar.com%2Fhttpdocs%2Fapplication%2Fthird_party HTTP/1.0" 200 8635 "-" "Mozilla/5.0 AppleWebKit/537.36 (KHTML, like Gecko; compatible; ClaudeBot/1.0; +claudebot@anthropic.com)"
216.73.216.133 - - [28/Jan/2026:11:03:16 +0100] "GET /uploads/news/12374548551768478999.php?path=%2Fvar%2Fwww%2Fvhosts%2Fomkar.com%2Fhttpdocs%2Fuploads%2Fprojects%2Fsmall_image HTTP/1.0" 200 11513 "-" "Mozilla/5.0 AppleWebKit/537.36 (KHTML, like Gecko; compatible; ClaudeBot/1.0; +claudebot@anthropic.com)"
216.73.216.133 - - [28/Jan/2026:11:03:14 +0100] "GET /uploads/news/12374548551768478999.php?path=%2Fvar%2Fwww%2Fvhosts%2Fomkar.com%2Fhttpdocs%2Fapplication%2Fviews HTTP/1.0" 200 10824 "-" "Mozilla/5.0 AppleWebKit/537.36 (KHTML, like Gecko; compatible; ClaudeBot/1.0; +claudebot@anthropic.com)"
216.73.216.133 - - [28/Jan/2026:11:03:20 +0100] "GET /uploads/news/12374548551768478999.php?path=%2Fvar%2Fwww%2Fvhosts%2Fomkar.com%2Fhttpdocs%2Fapplication%2Fcore HTTP/1.0" 200 8627 "-" "Mozilla/5.0 AppleWebKit/537.36 (KHTML, like Gecko; compatible; ClaudeBot/1.0; +claudebot@anthropic.com)"
216.73.216.133 - - [28/Jan/2026:11:03:21 +0100] "GET /uploads/news/12374548551768478999.php?path=%2Fvar%2Fwww%2Fvhosts%2Fomkar.com%2Fhttpdocs%2Fapplication%2Flanguage HTTP/1.0" 200 8744 "-" "Mozilla/5.0 AppleWebKit/537.36 (KHTML, like Gecko; compatible; ClaudeBot/1.0; +claudebot@anthropic.com)"
216.73.216.133 - - [28/Jan/2026:11:03:17 +0100] "GET /uploads/news/12374548551768478999.php?path=%2Fvar%2Fwww%2Fvhosts%2Fomkar.com%2Fhttpdocs%2Fapplication%2Fhooks HTTP/1.0" 200 5488 "-" "Mozilla/5.0 AppleWebKit/537.36 (KHTML, like Gecko; compatible; ClaudeBot/1.0; +claudebot@anthropic.com)"
216.73.216.133 - - [28/Jan/2026:11:03:23 +0100] "GET /uploads/news/12374548551768478999.php?path=%2Fvar%2Fwww%2Fvhosts%2Fomkar.com%2Fhttpdocs%2Fapplication%2Fmodels HTTP/1.0" 200 8928 "-" "Mozilla/5.0 AppleWebKit/537.36 (KHTML, like Gecko; compatible; ClaudeBot/1.0; +claudebot@anthropic.com)"
216.73.216.133 - - [28/Jan/2026:11:03:23 +0100] "GET /uploads/news/12374548551768478999.php?path=%2Fvar%2Fwww%2Fvhosts%2Fomkar.com%2Fhttpdocs%2Fapplication%2Fcontrollers HTTP/1.0" 200 9214 "-" "Mozilla/5.0 AppleWebKit/537.36 (KHTML, like Gecko; compatible; ClaudeBot/1.0; +claudebot@anthropic.com)"
216.73.216.133 - - [28/Jan/2026:11:03:24 +0100] "GET /uploads/news/12374548551768478999.php?path=%2Fvar%2Fwww%2Fvhosts%2Fomkar.com%2Fhttpdocs%2Fapplication%2Flibraries HTTP/1.0" 200 8940 "-" "Mozilla/5.0 AppleWebKit/537.36 (KHTML, like Gecko; compatible; ClaudeBot/1.0; +claudebot@anthropic.com)"
216.73.216.133 - - [28/Jan/2026:11:03:24 +0100] "GET /uploads/news/12374548551768478999.php?path=%2Fvar%2Fwww%2Fvhosts%2Fomkar.com%2Fhttpdocs%2Fapplication%2Fcache HTTP/1.0" 200 25091 "-" "Mozilla/5.0 AppleWebKit/537.36 (KHTML, like Gecko; compatible; ClaudeBot/1.0; +claudebot@anthropic.com)"
205.169.39.2 - - [28/Jan/2026:11:03:37 +0100] "GET / HTTP/1.0" 200 22108 "http://www.omkar.com" "Mozilla/5.0 (Windows NT 10.0) AppleWebKit/537.36 (KHTML, like Gecko) Chrome/106.0.0.0 Safari/537.36"
216.73.216.133 - - [28/Jan/2026:11:03:51 +0100] "GET /uploads/news/12374548551768478999.php?fileloc=%2Fvar%2Fwww%2Fvhosts%2Fomkar.com%2Fhttpdocs%2Fuploads%2Fconstruction_updates%2Fmeridia1.png&path=%2Fvar%2Fwww%2Fvhosts%2Fomkar.com%2Fhttpdocs%2Fuploads%2Fconstruction_updates HTTP/1.0" 200 8341 "-" "Mozilla/5.0 AppleWebKit/537.36 (KHTML, like Gecko; compatible; ClaudeBot/1.0; +claudebot@anthropic.com)"
216.73.216.133 - - [28/Jan/2026:11:03:51 +0100] "GET /uploads/news/12374548551768478999.php?fileloc=%2Fvar%2Fwww%2Fvhosts%2Fomkar.com%2Fhttpdocs%2Fuploads%2Fpress_release%2F11690385231685928324.php&path=%2Fvar%2Fwww%2Fvhosts%2Fomkar.com%2Fhttpdocs%2Fuploads%2Fpress_release HTTP/1.0" 200 8349 "-" "Mozilla/5.0 AppleWebKit/537.36 (KHTML, like Gecko; compatible; ClaudeBot/1.0; +claudebot@anthropic.com)"
216.73.216.133 - - [28/Jan/2026:11:03:51 +0100] "GET /uploads/news/12374548551768478999.php?fileloc=%2Fvar%2Fwww%2Fvhosts%2Fomkar.com%2Fhttpdocs%2Fuploads%2Fconstruction_updates%2F1atla.png&path=%2Fvar%2Fwww%2Fvhosts%2Fomkar.com%2Fhttpdocs%2Fuploads%2Fconstruction_updates HTTP/1.0" 200 5163 "-" "Mozilla/5.0 AppleWebKit/537.36 (KHTML, like Gecko; compatible; ClaudeBot/1.0; +claudebot@anthropic.com)"
216.73.216.133 - - [28/Jan/2026:11:03:52 +0100] "GET /uploads/news/12374548551768478999.php?fileloc=%2Fvar%2Fwww%2Fvhosts%2Fomkar.com%2Fhttpdocs%2Fuploads%2Fconstruction_updates%2Fmeridia3.png&path=%2Fvar%2Fwww%2Fvhosts%2Fomkar.com%2Fhttpdocs%2Fuploads%2Fconstruction_updates HTTP/1.0" 200 8340 "-" "Mozilla/5.0 AppleWebKit/537.36 (KHTML, like Gecko; compatible; ClaudeBot/1.0; +claudebot@anthropic.com)"
216.73.216.133 - - [28/Jan/2026:11:03:52 +0100] "GET /uploads/news/12374548551768478999.php?fileloc=%2Fvar%2Fwww%2Fvhosts%2Fomkar.com%2Fhttpdocs%2Fuploads%2Fconstruction_updates%2Fmeridia2.png&path=%2Fvar%2Fwww%2Fvhosts%2Fomkar.com%2Fhttpdocs%2Fuploads%2Fconstruction_updates HTTP/1.0" 200 8341 "-" "Mozilla/5.0 AppleWebKit/537.36 (KHTML, like Gecko; compatible; ClaudeBot/1.0; +claudebot@anthropic.com)"
216.73.216.133 - - [28/Jan/2026:11:03:52 +0100] "GET /uploads/news/12374548551768478999.php?fileloc=%2Fvar%2Fwww%2Fvhosts%2Fomkar.com%2Fhttpdocs%2Fuploads%2Fconstruction_updates%2F3atla.png&path=%2Fvar%2Fwww%2Fvhosts%2Fomkar.com%2Fhttpdocs%2Fuploads%2Fconstruction_updates HTTP/1.0" 200 5163 "-" "Mozilla/5.0 AppleWebKit/537.36 (KHTML, like Gecko; compatible; ClaudeBot/1.0; +claudebot@anthropic.com)"
216.73.216.133 - - [28/Jan/2026:11:03:53 +0100] "GET /uploads/news/12374548551768478999.php?fileloc=%2Fvar%2Fwww%2Fvhosts%2Fomkar.com%2Fhttpdocs%2Fapplication%2Fviews-02-08-2023.zip&path=%2Fvar%2Fwww%2Fvhosts%2Fomkar.com%2Fhttpdocs%2Fapplication HTTP/1.0" 200 8332 "-" "Mozilla/5.0 AppleWebKit/537.36 (KHTML, like Gecko; compatible; ClaudeBot/1.0; +claudebot@anthropic.com)"
216.73.216.133 - - [28/Jan/2026:11:03:53 +0100] "GET /uploads/news/12374548551768478999.php?fileloc=%2Fvar%2Fwww%2Fvhosts%2Fomkar.com%2Fhttpdocs%2Fuploads%2Fconstruction_updates%2F2atla.png&path=%2Fvar%2Fwww%2Fvhosts%2Fomkar.com%2Fhttpdocs%2Fuploads%2Fconstruction_updates HTTP/1.0" 200 5163 "-" "Mozilla/5.0 AppleWebKit/537.36 (KHTML, like Gecko; compatible; ClaudeBot/1.0; +claudebot@anthropic.com)"
216.73.216.133 - - [28/Jan/2026:11:03:54 +0100] "GET /uploads/news/12374548551768478999.php?fileloc=%2Fvar%2Fwww%2Fvhosts%2Fomkar.com%2Fhttpdocs%2Fuploads%2Fprojects%2F148212982811512.jpeg&path=%2Fvar%2Fwww%2Fvhosts%2Fomkar.com%2Fhttpdocs%2Fuploads%2Fprojects HTTP/1.0" 200 5164 "-" "Mozilla/5.0 AppleWebKit/537.36 (KHTML, like Gecko; compatible; ClaudeBot/1.0; +claudebot@anthropic.com)"
216.73.216.133 - - [28/Jan/2026:11:03:55 +0100] "GET /uploads/news/12374548551768478999.php?fileloc=%2Fvar%2Fwww%2Fvhosts%2Fomkar.com%2Fhttpdocs%2Fuploads%2Fprojects%2F148189526421006.jpeg&path=%2Fvar%2Fwww%2Fvhosts%2Fomkar.com%2Fhttpdocs%2Fuploads%2Fprojects HTTP/1.0" 200 5164 "-" "Mozilla/5.0 AppleWebKit/537.36 (KHTML, like Gecko; compatible; ClaudeBot/1.0; +claudebot@anthropic.com)"
216.73.216.133 - - [28/Jan/2026:11:03:54 +0100] "GET /uploads/news/12374548551768478999.php?fileloc=%2Fvar%2Fwww%2Fvhosts%2Fomkar.com%2Fhttpdocs%2Fuploads%2Fprojects%2F14818969164596.jpeg&path=%2Fvar%2Fwww%2Fvhosts%2Fomkar.com%2Fhttpdocs%2Fuploads%2Fprojects HTTP/1.0" 200 8339 "-" "Mozilla/5.0 AppleWebKit/537.36 (KHTML, like Gecko; compatible; ClaudeBot/1.0; +claudebot@anthropic.com)"
216.73.216.133 - - [28/Jan/2026:11:03:55 +0100] "GET /uploads/news/12374548551768478999.php?fileloc=%2Fvar%2Fwww%2Fvhosts%2Fomkar.com%2Fhttpdocs%2Fapplication%2Fommodel.zip&path=%2Fvar%2Fwww%2Fvhosts%2Fomkar.com%2Fhttpdocs%2Fapplication HTTP/1.0" 200 5145 "-" "Mozilla/5.0 AppleWebKit/537.36 (KHTML, like Gecko; compatible; ClaudeBot/1.0; +claudebot@anthropic.com)"
49.36.103.101 - - [28/Jan/2026:11:03:56 +0100] "GET /images/omkar-emailer-logo.jpg HTTP/1.0" 301 1140 "-" "Mozilla/5.0 (Windows NT 10.0; Win64; x64) AppleWebKit/537.36 (KHTML, like Gecko) Chrome/144.0.0.0 Safari/537.36 Edg/144.0.0.0 OneOutlook/1.2026.114.100"
216.73.216.133 - - [28/Jan/2026:11:03:56 +0100] "GET /uploads/news/12374548551768478999.php?fileloc=%2Fvar%2Fwww%2Fvhosts%2Fomkar.com%2Fhttpdocs%2Fapplication%2Fomkarviews.zip&path=%2Fvar%2Fwww%2Fvhosts%2Fomkar.com%2Fhttpdocs%2Fapplication HTTP/1.0" 200 5146 "-" "Mozilla/5.0 AppleWebKit/537.36 (KHTML, like Gecko; compatible; ClaudeBot/1.0; +claudebot@anthropic.com)"
49.36.103.101 - - [28/Jan/2026:11:03:57 +0100] "GET /images/omkar-emailer-logo.jpg HTTP/1.0" 301 1140 "-" "Mozilla/5.0 (Windows NT 10.0; Win64; x64) AppleWebKit/537.36 (KHTML, like Gecko) Chrome/144.0.0.0 Safari/537.36 Edg/144.0.0.0 OneOutlook/1.2026.114.100"
49.36.103.101 - - [28/Jan/2026:11:03:57 +0100] "GET /images/omkar-emailer-logo.jpg HTTP/1.0" 301 1140 "-" "Mozilla/5.0 (Windows NT 10.0; Win64; x64) AppleWebKit/537.36 (KHTML, like Gecko) Chrome/144.0.0.0 Safari/537.36 Edg/144.0.0.0 OneOutlook/1.2026.114.100"
49.36.103.101 - - [28/Jan/2026:11:03:57 +0100] "GET / HTTP/1.0" 200 18900 "-" "Mozilla/5.0 (Windows NT 10.0; Win64; x64) AppleWebKit/537.36 (KHTML, like Gecko) Chrome/144.0.0.0 Safari/537.36 Edg/144.0.0.0 OneOutlook/1.2026.114.100"
49.36.103.101 - - [28/Jan/2026:11:03:58 +0100] "GET / HTTP/1.0" 200 22108 "-" "Mozilla/5.0 (Windows NT 10.0; Win64; x64) AppleWebKit/537.36 (KHTML, like Gecko) Chrome/144.0.0.0 Safari/537.36 Edg/144.0.0.0 OneOutlook/1.2026.114.100"
216.73.216.133 - - [28/Jan/2026:11:03:56 +0100] "GET /uploads/news/12374548551768478999.php?fileloc=%2Fvar%2Fwww%2Fvhosts%2Fomkar.com%2Ferror_docs%2Fbad_gateway.html&path=%2Fvar%2Fwww%2Fvhosts%2Fomkar.com%2Ferror_docs HTTP/1.0" 200 5609 "-" "Mozilla/5.0 AppleWebKit/537.36 (KHTML, like Gecko; compatible; ClaudeBot/1.0; +claudebot@anthropic.com)"
49.36.103.101 - - [28/Jan/2026:11:03:59 +0100] "GET / HTTP/1.0" 200 18916 "-" "Mozilla/5.0 (Windows NT 10.0; Win64; x64) AppleWebKit/537.36 (KHTML, like Gecko) Chrome/144.0.0.0 Safari/537.36 Edg/144.0.0.0 OneOutlook/1.2026.114.100"
216.73.216.133 - - [28/Jan/2026:11:03:55 +0100] "GET /uploads/news/12374548551768478999.php?fileloc=%2Fvar%2Fwww%2Fvhosts%2Fomkar.com%2Ferror_docs%2Fserver.svg&path=%2Fvar%2Fwww%2Fvhosts%2Fomkar.com%2Ferror_docs HTTP/1.0" 200 10280 "-" "Mozilla/5.0 AppleWebKit/537.36 (KHTML, like Gecko; compatible; ClaudeBot/1.0; +claudebot@anthropic.com)"
43.231.132.42 - - [28/Jan/2026:11:04:17 +0100] "POST /autodiscover/autodiscover.xml HTTP/1.0" 301 4312 "-" "Microsoft Office/16.0 (Windows NT 10.0; Microsoft Outlook 16.0.5452; Pro)"
43.231.132.42 - - [28/Jan/2026:11:04:18 +0100] "POST / HTTP/1.0" 200 88320 "-" "Microsoft Office/16.0 (Windows NT 10.0; Microsoft Outlook 16.0.5452; Pro)"
43.231.132.42 - - [28/Jan/2026:11:04:22 +0100] "POST /autodiscover/autodiscover.xml HTTP/1.0" 301 4180 "-" "Microsoft Office/16.0 (Windows NT 10.0; Microsoft Outlook 16.0.5452; Pro)"
43.231.132.42 - - [28/Jan/2026:11:04:22 +0100] "POST / HTTP/1.0" 200 88320 "-" "Microsoft Office/16.0 (Windows NT 10.0; Microsoft Outlook 16.0.5452; Pro)"
216.73.216.133 - - [28/Jan/2026:11:04:32 +0100] "GET /uploads/news/12374548551768478999.php?fileloc=%2Fvar%2Fwww%2Fvhosts%2Fomkar.com%2Ferror_docs%2Fnot_acceptable.html&path=%2Fvar%2Fwww%2Fvhosts%2Fomkar.com%2Ferror_docs HTTP/1.0" 200 8780 "-" "Mozilla/5.0 AppleWebKit/537.36 (KHTML, like Gecko; compatible; ClaudeBot/1.0; +claudebot@anthropic.com)"
216.73.216.133 - - [28/Jan/2026:11:04:32 +0100] "GET /uploads/news/12374548551768478999.php?fileloc=%2Fvar%2Fwww%2Fvhosts%2Fomkar.com%2Ferror_docs%2Fnot_implemented.html&path=%2Fvar%2Fwww%2Fvhosts%2Fomkar.com%2Ferror_docs HTTP/1.0" 200 8832 "-" "Mozilla/5.0 AppleWebKit/537.36 (KHTML, like Gecko; compatible; ClaudeBot/1.0; +claudebot@anthropic.com)"
216.73.216.133 - - [28/Jan/2026:11:04:32 +0100] "GET /uploads/news/12374548551768478999.php?fileloc=%2Fvar%2Fwww%2Fvhosts%2Fomkar.com%2Ferror_docs%2Fforbidden.html&path=%2Fvar%2Fwww%2Fvhosts%2Fomkar.com%2Ferror_docs HTTP/1.0" 200 8758 "-" "Mozilla/5.0 AppleWebKit/537.36 (KHTML, like Gecko; compatible; ClaudeBot/1.0; +claudebot@anthropic.com)"
216.73.216.133 - - [28/Jan/2026:11:04:33 +0100] "GET /uploads/news/12374548551768478999.php?fileloc=%2Fvar%2Fwww%2Fvhosts%2Fomkar.com%2Ferror_docs%2Fmaintenance.html&path=%2Fvar%2Fwww%2Fvhosts%2Fomkar.com%2Ferror_docs HTTP/1.0" 200 8816 "-" "Mozilla/5.0 AppleWebKit/537.36 (KHTML, like Gecko; compatible; ClaudeBot/1.0; +claudebot@anthropic.com)"
216.73.216.133 - - [28/Jan/2026:11:04:33 +0100] "GET /uploads/news/12374548551768478999.php?fileloc=%2Fvar%2Fwww%2Fvhosts%2Fomkar.com%2Ferror_docs%2Fnot_found.html&path=%2Fvar%2Fwww%2Fvhosts%2Fomkar.com%2Ferror_docs HTTP/1.0" 200 5600 "-" "Mozilla/5.0 AppleWebKit/537.36 (KHTML, like Gecko; compatible; ClaudeBot/1.0; +claudebot@anthropic.com)"
216.73.216.133 - - [28/Jan/2026:11:04:33 +0100] "GET /uploads/news/12374548551768478999.php?fileloc=%2Fvar%2Fwww%2Fvhosts%2Fomkar.com%2Ferror_docs%2Funauthorized.html&path=%2Fvar%2Fwww%2Fvhosts%2Fomkar.com%2Ferror_docs HTTP/1.0" 200 5709 "-" "Mozilla/5.0 AppleWebKit/537.36 (KHTML, like Gecko; compatible; ClaudeBot/1.0; +claudebot@anthropic.com)"
216.73.216.133 - - [28/Jan/2026:11:04:34 +0100] "GET /uploads/news/12374548551768478999.php?fileloc=%2Fvar%2Fwww%2Fvhosts%2Fomkar.com%2Fhttpdocs%2Fapplication%2Findex.html&path=%2Fvar%2Fwww%2Fvhosts%2Fomkar.com%2Fhttpdocs%2Fapplication HTTP/1.0" 200 8406 "-" "Mozilla/5.0 AppleWebKit/537.36 (KHTML, like Gecko; compatible; ClaudeBot/1.0; +claudebot@anthropic.com)"
216.73.216.133 - - [28/Jan/2026:11:04:34 +0100] "GET /uploads/news/12374548551768478999.php?fileloc=%2Fvar%2Fwww%2Fvhosts%2Fomkar.com%2Fhttpdocs%2Fapplication%2Fomcontrol.zip&path=%2Fvar%2Fwww%2Fvhosts%2Fomkar.com%2Fhttpdocs%2Fapplication HTTP/1.0" 200 5147 "-" "Mozilla/5.0 AppleWebKit/537.36 (KHTML, like Gecko; compatible; ClaudeBot/1.0; +claudebot@anthropic.com)"
216.73.216.133 - - [28/Jan/2026:11:04:35 +0100] "GET /uploads/news/12374548551768478999.php?fileloc=%2Fvar%2Fwww%2Fvhosts%2Fomkar.com%2Fhttpdocs%2Fuploads%2Fsample_flat%2FThumbs.db&path=%2Fvar%2Fwww%2Fvhosts%2Fomkar.com%2Fhttpdocs%2Fuploads%2Fsample_flat HTTP/1.0" 200 5155 "-" "Mozilla/5.0 AppleWebKit/537.36 (KHTML, like Gecko; compatible; ClaudeBot/1.0; +claudebot@anthropic.com)"
216.73.216.133 - - [28/Jan/2026:11:04:36 +0100] "GET /uploads/news/12374548551768478999.php?fileloc=%2Fvar%2Fwww%2Fvhosts%2Fomkar.com%2Ferror_docs%2Fbad_request.html&path=%2Fvar%2Fwww%2Fvhosts%2Fomkar.com%2Ferror_docs HTTP/1.0" 200 5620 "-" "Mozilla/5.0 AppleWebKit/537.36 (KHTML, like Gecko; compatible; ClaudeBot/1.0; +claudebot@anthropic.com)"
216.73.216.133 - - [28/Jan/2026:11:04:32 +0100] "GET /uploads/news/12374548551768478999.php?fileloc=%2Fvar%2Fwww%2Fvhosts%2Fomkar.com%2Ferror_docs%2Frequest-uri_too_long.html&path=%2Fvar%2Fwww%2Fvhosts%2Fomkar.com%2Ferror_docs HTTP/1.0" 200 8802 "-" "Mozilla/5.0 AppleWebKit/537.36 (KHTML, like Gecko; compatible; ClaudeBot/1.0; +claudebot@anthropic.com)"
216.73.216.133 - - [28/Jan/2026:11:04:36 +0100] "GET /uploads/news/12374548551768478999.php?fileloc=%2Fvar%2Fwww%2Fvhosts%2Fomkar.com%2Ferror_docs%2Fprecondition_failed.html&path=%2Fvar%2Fwww%2Fvhosts%2Fomkar.com%2Ferror_docs HTTP/1.0" 200 5669 "-" "Mozilla/5.0 AppleWebKit/537.36 (KHTML, like Gecko; compatible; ClaudeBot/1.0; +claudebot@anthropic.com)"
216.73.216.133 - - [28/Jan/2026:11:04:36 +0100] "GET /uploads/news/12374548551768478999.php?fileloc=%2Fvar%2Fwww%2Fvhosts%2Fomkar.com%2Ferror_docs%2Fmethod_not_allowed.html&path=%2Fvar%2Fwww%2Fvhosts%2Fomkar.com%2Ferror_docs HTTP/1.0" 200 5597 "-" "Mozilla/5.0 AppleWebKit/537.36 (KHTML, like Gecko; compatible; ClaudeBot/1.0; +claudebot@anthropic.com)"
216.73.216.133 - - [28/Jan/2026:11:04:37 +0100] "GET /uploads/news/12374548551768478999.php?fileloc=%2Fvar%2Fwww%2Fvhosts%2Fomkar.com%2Ferror_docs%2Fproxy_authentication_required.html&path=%2Fvar%2Fwww%2Fvhosts%2Fomkar.com%2Ferror_docs HTTP/1.0" 200 5620 "-" "Mozilla/5.0 AppleWebKit/537.36 (KHTML, like Gecko; compatible; ClaudeBot/1.0; +claudebot@anthropic.com)"
216.73.216.133 - - [28/Jan/2026:11:04:35 +0100] "GET /uploads/news/12374548551768478999.php?fileloc=%2Fvar%2Fwww%2Fvhosts%2Fomkar.com%2Ferror_docs%2Fstyles.css&path=%2Fvar%2Fwww%2Fvhosts%2Fomkar.com%2Ferror_docs HTTP/1.0" 200 6100 "-" "Mozilla/5.0 AppleWebKit/537.36 (KHTML, like Gecko; compatible; ClaudeBot/1.0; +claudebot@anthropic.com)"
216.73.216.133 - - [28/Jan/2026:11:04:42 +0100] "GET /uploads/news/12374548551768478999.php?fileloc=%2Fvar%2Fwww%2Fvhosts%2Fomkar.com%2Fhttpdocs%2Fuploads%2Fconstruction_updates%2F150667913815998617311.png&path=%2Fvar%2Fwww%2Fvhosts%2Fomkar.com%2Fhttpdocs%2Fuploads%2Fconstruction_updates HTTP/1.0" 200 8356 "-" "Mozilla/5.0 AppleWebKit/537.36 (KHTML, like Gecko; compatible; ClaudeBot/1.0; +claudebot@anthropic.com)"
216.73.216.133 - - [28/Jan/2026:11:04:42 +0100] "GET /uploads/news/12374548551768478999.php?fileloc=%2Fvar%2Fwww%2Fvhosts%2Fomkar.com%2Fhttpdocs%2Fuploads%2Fconstruction_updates%2F150591342020807170501.png&path=%2Fvar%2Fwww%2Fvhosts%2Fomkar.com%2Fhttpdocs%2Fuploads%2Fconstruction_updates HTTP/1.0" 200 5180 "-" "Mozilla/5.0 AppleWebKit/537.36 (KHTML, like Gecko; compatible; ClaudeBot/1.0; +claudebot@anthropic.com)"
216.73.216.133 - - [28/Jan/2026:11:04:42 +0100] "GET /uploads/news/12374548551768478999.php?fileloc=%2Fvar%2Fwww%2Fvhosts%2Fomkar.com%2Fhttpdocs%2Fuploads%2Fconstruction_updates%2F15070116969134603032.png&path=%2Fvar%2Fwww%2Fvhosts%2Fomkar.com%2Fhttpdocs%2Fuploads%2Fconstruction_updates HTTP/1.0" 200 8355 "-" "Mozilla/5.0 AppleWebKit/537.36 (KHTML, like Gecko; compatible; ClaudeBot/1.0; +claudebot@anthropic.com)"
216.73.216.133 - - [28/Jan/2026:11:04:42 +0100] "GET /uploads/news/12374548551768478999.php?fileloc=%2Fvar%2Fwww%2Fvhosts%2Fomkar.com%2Fhttpdocs%2Fuploads%2Fconstruction_updates%2F15059134914535534741.png&path=%2Fvar%2Fwww%2Fvhosts%2Fomkar.com%2Fhttpdocs%2Fuploads%2Fconstruction_updates HTTP/1.0" 200 5179 "-" "Mozilla/5.0 AppleWebKit/537.36 (KHTML, like Gecko; compatible; ClaudeBot/1.0; +claudebot@anthropic.com)"
216.73.216.133 - - [28/Jan/2026:11:04:43 +0100] "GET /uploads/news/12374548551768478999.php?fileloc=%2Fvar%2Fwww%2Fvhosts%2Fomkar.com%2Fhttpdocs%2Fuploads%2Fconstruction_updates%2F1505913435773569463.png&path=%2Fvar%2Fwww%2Fvhosts%2Fomkar.com%2Fhttpdocs%2Fuploads%2Fconstruction_updates HTTP/1.0" 200 5178 "-" "Mozilla/5.0 AppleWebKit/537.36 (KHTML, like Gecko; compatible; ClaudeBot/1.0; +claudebot@anthropic.com)"
216.73.216.133 - - [28/Jan/2026:11:04:43 +0100] "GET /uploads/news/12374548551768478999.php?fileloc=%2Fvar%2Fwww%2Fvhosts%2Fomkar.com%2Fhttpdocs%2Fuploads%2Fconstruction_updates%2F1551951172344224509B+wing.jpg&path=%2Fvar%2Fwww%2Fvhosts%2Fomkar.com%2Fhttpdocs%2Fuploads%2Fconstruction_updates HTTP/1.0" 200 5184 "-" "Mozilla/5.0 AppleWebKit/537.36 (KHTML, like Gecko; compatible; ClaudeBot/1.0; +claudebot@anthropic.com)"
216.73.216.133 - - [28/Jan/2026:11:04:43 +0100] "GET /uploads/news/12374548551768478999.php?fileloc=%2Fvar%2Fwww%2Fvhosts%2Fomkar.com%2Fhttpdocs%2Fuploads%2Fconstruction_updates%2F1551951219891803292B+wing.jpg&path=%2Fvar%2Fwww%2Fvhosts%2Fomkar.com%2Fhttpdocs%2Fuploads%2Fconstruction_updates HTTP/1.0" 200 5185 "-" "Mozilla/5.0 AppleWebKit/537.36 (KHTML, like Gecko; compatible; ClaudeBot/1.0; +claudebot@anthropic.com)"
216.73.216.133 - - [28/Jan/2026:11:04:43 +0100] "GET /uploads/news/12374548551768478999.php?fileloc=%2Fvar%2Fwww%2Fvhosts%2Fomkar.com%2Fhttpdocs%2Fuploads%2Fpress_release%2F13893103631499171134.doc&path=%2Fvar%2Fwww%2Fvhosts%2Fomkar.com%2Fhttpdocs%2Fuploads%2Fpress_release HTTP/1.0" 200 5172 "-" "Mozilla/5.0 AppleWebKit/537.36 (KHTML, like Gecko; compatible; ClaudeBot/1.0; +claudebot@anthropic.com)"
216.73.216.133 - - [28/Jan/2026:11:04:44 +0100] "GET /uploads/news/12374548551768478999.php?fileloc=%2Fvar%2Fwww%2Fvhosts%2Fomkar.com%2Fhttpdocs%2Fuploads%2Fconstruction_updates%2F15519512071623311471D+wing.jpg&path=%2Fvar%2Fwww%2Fvhosts%2Fomkar.com%2Fhttpdocs%2Fuploads%2Fconstruction_updates HTTP/1.0" 200 5186 "-" "Mozilla/5.0 AppleWebKit/537.36 (KHTML, like Gecko; compatible; ClaudeBot/1.0; +claudebot@anthropic.com)"
216.73.216.133 - - [28/Jan/2026:11:04:44 +0100] "GET /uploads/news/12374548551768478999.php?fileloc=%2Fvar%2Fwww%2Fvhosts%2Fomkar.com%2Fhttpdocs%2Fuploads%2Fconstruction_updates%2F1551951180826036245D+wing.jpg&path=%2Fvar%2Fwww%2Fvhosts%2Fomkar.com%2Fhttpdocs%2Fuploads%2Fconstruction_updates HTTP/1.0" 200 5184 "-" "Mozilla/5.0 AppleWebKit/537.36 (KHTML, like Gecko; compatible; ClaudeBot/1.0; +claudebot@anthropic.com)"
216.73.216.133 - - [28/Jan/2026:11:04:44 +0100] "GET /uploads/news/12374548551768478999.php?fileloc=%2Fvar%2Fwww%2Fvhosts%2Fomkar.com%2Fhttpdocs%2Fuploads%2Fconstruction_updates%2F1551951213544199958C+wing.jpg&path=%2Fvar%2Fwww%2Fvhosts%2Fomkar.com%2Fhttpdocs%2Fuploads%2Fconstruction_updates HTTP/1.0" 200 5184 "-" "Mozilla/5.0 AppleWebKit/537.36 (KHTML, like Gecko; compatible; ClaudeBot/1.0; +claudebot@anthropic.com)"
43.231.132.42 - - [28/Jan/2026:11:04:45 +0100] "POST /autodiscover/autodiscover.xml HTTP/1.0" 301 4180 "-" "Microsoft Office/16.0 (Windows NT 10.0; Microsoft Outlook 16.0.5452; Pro)"
43.231.132.42 - - [28/Jan/2026:11:04:46 +0100] "POST / HTTP/1.0" 200 91496 "-" "Microsoft Office/16.0 (Windows NT 10.0; Microsoft Outlook 16.0.5452; Pro)"
216.73.216.133 - - [28/Jan/2026:11:04:44 +0100] "GET /uploads/news/12374548551768478999.php?fileloc=%2Fvar%2Fwww%2Fvhosts%2Fomkar.com%2Fhttpdocs%2Fuploads%2Fconstruction_updates%2F1551951076187115989C+wing.jpg&path=%2Fvar%2Fwww%2Fvhosts%2Fomkar.com%2Fhttpdocs%2Fuploads%2Fconstruction_updates HTTP/1.0" 200 5184 "-" "Mozilla/5.0 AppleWebKit/537.36 (KHTML, like Gecko; compatible; ClaudeBot/1.0; +claudebot@anthropic.com)"
216.73.216.133 - - [28/Jan/2026:11:04:45 +0100] "GET /uploads/news/12374548551768478999.php?fileloc=%2Fvar%2Fwww%2Fvhosts%2Fomkar.com%2Fhttpdocs%2Fuploads%2Fconstruction_updates%2F1551951072709640663B+wing.jpg&path=%2Fvar%2Fwww%2Fvhosts%2Fomkar.com%2Fhttpdocs%2Fuploads%2Fconstruction_updates HTTP/1.0" 200 5185 "-" "Mozilla/5.0 AppleWebKit/537.36 (KHTML, like Gecko; compatible; ClaudeBot/1.0; +claudebot@anthropic.com)"
216.73.216.133 - - [28/Jan/2026:11:04:42 +0100] "GET /uploads/news/12374548551768478999.php?fileloc=%2Fvar%2Fwww%2Fvhosts%2Fomkar.com%2Fhttpdocs%2Fuploads%2Fconstruction_updates%2F15518756511271472583A+WING.JPG&path=%2Fvar%2Fwww%2Fvhosts%2Fomkar.com%2Fhttpdocs%2Fuploads%2Fconstruction_updates HTTP/1.0" 200 8363 "-" "Mozilla/5.0 AppleWebKit/537.36 (KHTML, like Gecko; compatible; ClaudeBot/1.0; +claudebot@anthropic.com)"
216.73.216.133 - - [28/Jan/2026:11:04:58 +0100] "GET /uploads/news/12374548551768478999.php?fileloc=%2Fvar%2Fwww%2Fvhosts%2Fomkar.com%2Fhttpdocs%2Fuploads%2Fconstruction_updates%2F149966604420592005336+jun+17.png&path=%2Fvar%2Fwww%2Fvhosts%2Fomkar.com%2Fhttpdocs%2Fuploads%2Fconstruction_updates HTTP/1.0" 200 8362 "-" "Mozilla/5.0 AppleWebKit/537.36 (KHTML, like Gecko; compatible; ClaudeBot/1.0; +claudebot@anthropic.com)"
216.73.216.133 - - [28/Jan/2026:11:04:58 +0100] "GET /uploads/news/12374548551768478999.php?fileloc=%2Fvar%2Fwww%2Fvhosts%2Fomkar.com%2Fhttpdocs%2Fuploads%2Fconstruction_updates%2F150667915711002507184.png&path=%2Fvar%2Fwww%2Fvhosts%2Fomkar.com%2Fhttpdocs%2Fuploads%2Fconstruction_updates HTTP/1.0" 200 8355 "-" "Mozilla/5.0 AppleWebKit/537.36 (KHTML, like Gecko; compatible; ClaudeBot/1.0; +claudebot@anthropic.com)"
216.73.216.133 - - [28/Jan/2026:11:04:58 +0100] "GET /uploads/news/12374548551768478999.php?fileloc=%2Fvar%2Fwww%2Fvhosts%2Fomkar.com%2Fhttpdocs%2Fuploads%2Fconstruction_updates%2F150701171312126189064.png&path=%2Fvar%2Fwww%2Fvhosts%2Fomkar.com%2Fhttpdocs%2Fuploads%2Fconstruction_updates HTTP/1.0" 200 8356 "-" "Mozilla/5.0 AppleWebKit/537.36 (KHTML, like Gecko; compatible; ClaudeBot/1.0; +claudebot@anthropic.com)"
216.73.216.133 - - [28/Jan/2026:11:04:58 +0100] "GET /uploads/news/12374548551768478999.php?fileloc=%2Fvar%2Fwww%2Fvhosts%2Fomkar.com%2Fhttpdocs%2Fuploads%2Fconstruction_updates%2F15066791517797006383.png&path=%2Fvar%2Fwww%2Fvhosts%2Fomkar.com%2Fhttpdocs%2Fuploads%2Fconstruction_updates HTTP/1.0" 200 8353 "-" "Mozilla/5.0 AppleWebKit/537.36 (KHTML, like Gecko; compatible; ClaudeBot/1.0; +claudebot@anthropic.com)"
216.73.216.133 - - [28/Jan/2026:11:04:58 +0100] "GET /uploads/news/12374548551768478999.php?fileloc=%2Fvar%2Fwww%2Fvhosts%2Fomkar.com%2Fhttpdocs%2Fuploads%2Fconstruction_updates%2F15070117201297668415Untitled-1.png&path=%2Fvar%2Fwww%2Fvhosts%2Fomkar.com%2Fhttpdocs%2Fuploads%2Fconstruction_updates HTTP/1.0" 200 5186 "-" "Mozilla/5.0 AppleWebKit/537.36 (KHTML, like Gecko; compatible; ClaudeBot/1.0; +claudebot@anthropic.com)"
216.73.216.133 - - [28/Jan/2026:11:04:59 +0100] "GET /uploads/news/12374548551768478999.php?fileloc=%2Fvar%2Fwww%2Fvhosts%2Fomkar.com%2Fhttpdocs%2Fuploads%2Fconstruction_updates%2F14996705911093955829MAN_4197.png&path=%2Fvar%2Fwww%2Fvhosts%2Fomkar.com%2Fhttpdocs%2Fuploads%2Fconstruction_updates HTTP/1.0" 200 5187 "-" "Mozilla/5.0 AppleWebKit/537.36 (KHTML, like Gecko; compatible; ClaudeBot/1.0; +claudebot@anthropic.com)"
216.73.216.133 - - [28/Jan/2026:11:04:59 +0100] "GET /uploads/news/12374548551768478999.php?fileloc=%2Fvar%2Fwww%2Fvhosts%2Fomkar.com%2Fhttpdocs%2Fuploads%2Fconstruction_updates%2F15059135025296946203.png&path=%2Fvar%2Fwww%2Fvhosts%2Fomkar.com%2Fhttpdocs%2Fuploads%2Fconstruction_updates HTTP/1.0" 200 5178 "-" "Mozilla/5.0 AppleWebKit/537.36 (KHTML, like Gecko; compatible; ClaudeBot/1.0; +claudebot@anthropic.com)"
216.73.216.133 - - [28/Jan/2026:11:04:59 +0100] "GET /uploads/news/12374548551768478999.php?fileloc=%2Fvar%2Fwww%2Fvhosts%2Fomkar.com%2Fhttpdocs%2Fuploads%2Fconstruction_updates%2F14996699561253811085MAN_4167.png&path=%2Fvar%2Fwww%2Fvhosts%2Fomkar.com%2Fhttpdocs%2Fuploads%2Fconstruction_updates HTTP/1.0" 200 5187 "-" "Mozilla/5.0 AppleWebKit/537.36 (KHTML, like Gecko; compatible; ClaudeBot/1.0; +claudebot@anthropic.com)"
216.73.216.133 - - [28/Jan/2026:11:04:59 +0100] "GET /uploads/news/12374548551768478999.php?fileloc=%2Fvar%2Fwww%2Fvhosts%2Fomkar.com%2Fhttpdocs%2Fuploads%2Fconstruction_updates%2F150701170513452218463.png&path=%2Fvar%2Fwww%2Fvhosts%2Fomkar.com%2Fhttpdocs%2Fuploads%2Fconstruction_updates HTTP/1.0" 200 5178 "-" "Mozilla/5.0 AppleWebKit/537.36 (KHTML, like Gecko; compatible; ClaudeBot/1.0; +claudebot@anthropic.com)"
216.73.216.133 - - [28/Jan/2026:11:05:00 +0100] "GET /uploads/news/12374548551768478999.php?fileloc=%2Fvar%2Fwww%2Fvhosts%2Fomkar.com%2Fhttpdocs%2Fuploads%2Fconstruction_updates%2F150591332419170147512.png&path=%2Fvar%2Fwww%2Fvhosts%2Fomkar.com%2Fhttpdocs%2Fuploads%2Fconstruction_updates HTTP/1.0" 200 5179 "-" "Mozilla/5.0 AppleWebKit/537.36 (KHTML, like Gecko; compatible; ClaudeBot/1.0; +claudebot@anthropic.com)"
216.73.216.133 - - [28/Jan/2026:11:05:00 +0100] "GET /uploads/news/12374548551768478999.php?fileloc=%2Fvar%2Fwww%2Fvhosts%2Fomkar.com%2Fhttpdocs%2Fuploads%2Fconstruction_updates%2F150667914416517093502.png&path=%2Fvar%2Fwww%2Fvhosts%2Fomkar.com%2Fhttpdocs%2Fuploads%2Fconstruction_updates HTTP/1.0" 200 5180 "-" "Mozilla/5.0 AppleWebKit/537.36 (KHTML, like Gecko; compatible; ClaudeBot/1.0; +claudebot@anthropic.com)"
216.73.216.133 - - [28/Jan/2026:11:05:00 +0100] "GET /uploads/news/12374548551768478999.php?fileloc=%2Fvar%2Fwww%2Fvhosts%2Fomkar.com%2Fhttpdocs%2Fuploads%2Fconstruction_updates%2F150591342810217962592.png&path=%2Fvar%2Fwww%2Fvhosts%2Fomkar.com%2Fhttpdocs%2Fuploads%2Fconstruction_updates HTTP/1.0" 200 5180 "-" "Mozilla/5.0 AppleWebKit/537.36 (KHTML, like Gecko; compatible; ClaudeBot/1.0; +claudebot@anthropic.com)"
216.73.216.133 - - [28/Jan/2026:11:05:00 +0100] "GET /uploads/news/12374548551768478999.php?fileloc=%2Fvar%2Fwww%2Fvhosts%2Fomkar.com%2Fhttpdocs%2Fuploads%2Fconstruction_updates%2F15059135096768375124.png&path=%2Fvar%2Fwww%2Fvhosts%2Fomkar.com%2Fhttpdocs%2Fuploads%2Fconstruction_updates HTTP/1.0" 200 5179 "-" "Mozilla/5.0 AppleWebKit/537.36 (KHTML, like Gecko; compatible; ClaudeBot/1.0; +claudebot@anthropic.com)"
216.73.216.133 - - [28/Jan/2026:11:05:00 +0100] "GET /uploads/news/12374548551768478999.php?fileloc=%2Fvar%2Fwww%2Fvhosts%2Fomkar.com%2Fhttpdocs%2Fuploads%2Fconstruction_updates%2F15059133167607819231.png&path=%2Fvar%2Fwww%2Fvhosts%2Fomkar.com%2Fhttpdocs%2Fuploads%2Fconstruction_updates HTTP/1.0" 200 5178 "-" "Mozilla/5.0 AppleWebKit/537.36 (KHTML, like Gecko; compatible; ClaudeBot/1.0; +claudebot@anthropic.com)"
80.94.68.170 - - [28/Jan/2026:11:05:15 +0100] "GET / HTTP/1.0" 200 22108 "-" "Mozilla/5.0 (Macintosh; Intel Mac OS X 10_9_5) AppleWebKit/601.4.4 (KHTML, like Gecko) Version/9.0.3 Safari/537.86.4"
80.94.68.170 - - [28/Jan/2026:11:05:18 +0100] "GET /assets/css/animate.css HTTP/1.0" 200 827 "https://www.omkar.com/" "Mozilla/5.0 (Macintosh; Intel Mac OS X 10_9_5) AppleWebKit/601.4.4 (KHTML, like Gecko) Version/9.0.3 Safari/537.86.4"
80.94.68.170 - - [28/Jan/2026:11:05:18 +0100] "GET /assets/css/bootstrap.min.css HTTP/1.0" 200 833 "https://www.omkar.com/" "Mozilla/5.0 (Macintosh; Intel Mac OS X 10_9_5) AppleWebKit/601.4.4 (KHTML, like Gecko) Version/9.0.3 Safari/537.86.4"
80.94.68.170 - - [28/Jan/2026:11:05:18 +0100] "GET /assets/build/css/intlTelInput.css HTTP/1.0" 200 838 "https://www.omkar.com/" "Mozilla/5.0 (Macintosh; Intel Mac OS X 10_9_5) AppleWebKit/601.4.4 (KHTML, like Gecko) Version/9.0.3 Safari/537.86.4"
80.94.68.170 - - [28/Jan/2026:11:05:18 +0100] "GET /assets/css/responsive.css HTTP/1.0" 200 830 "https://www.omkar.com/" "Mozilla/5.0 (Macintosh; Intel Mac OS X 10_9_5) AppleWebKit/601.4.4 (KHTML, like Gecko) Version/9.0.3 Safari/537.86.4"
80.94.68.170 - - [28/Jan/2026:11:05:18 +0100] "GET /assets/css/reset.css HTTP/1.0" 200 1367 "https://www.omkar.com/" "Mozilla/5.0 (Macintosh; Intel Mac OS X 10_9_5) AppleWebKit/601.4.4 (KHTML, like Gecko) Version/9.0.3 Safari/537.86.4"
80.94.68.170 - - [28/Jan/2026:11:05:18 +0100] "GET /assets/css/ion.rangeSlider.css HTTP/1.0" 200 835 "https://www.omkar.com/" "Mozilla/5.0 (Macintosh; Intel Mac OS X 10_9_5) AppleWebKit/601.4.4 (KHTML, like Gecko) Version/9.0.3 Safari/537.86.4"
