152.58.3.229 - - [28/Jan/2026:09:01:00 +0100] "GET /assets/images/in-icon.png HTTP/1.0" 200 831 "https://www.omkar.com/ongoing-commercial-projects-mumbai/tsbb-andheri-east" "Mozilla/5.0 (iPhone; CPU iPhone OS 18_7 like Mac OS X) AppleWebKit/605.1.15 (KHTML, like Gecko) Mobile/15E148"
152.58.3.229 - - [28/Jan/2026:09:01:00 +0100] "GET /assets/images/instagram.png HTTP/1.0" 200 833 "https://www.omkar.com/ongoing-commercial-projects-mumbai/tsbb-andheri-east" "Mozilla/5.0 (iPhone; CPU iPhone OS 18_7 like Mac OS X) AppleWebKit/605.1.15 (KHTML, like Gecko) Mobile/15E148"
152.58.3.229 - - [28/Jan/2026:09:01:00 +0100] "GET /assets/images/blog.png HTTP/1.0" 200 828 "https://www.omkar.com/ongoing-commercial-projects-mumbai/tsbb-andheri-east" "Mozilla/5.0 (iPhone; CPU iPhone OS 18_7 like Mac OS X) AppleWebKit/605.1.15 (KHTML, like Gecko) Mobile/15E148"
152.58.3.229 - - [28/Jan/2026:09:01:00 +0100] "GET /assets/images/down-arrow.png HTTP/1.0" 200 834 "https://www.omkar.com/ongoing-commercial-projects-mumbai/tsbb-andheri-east" "Mozilla/5.0 (iPhone; CPU iPhone OS 18_7 like Mac OS X) AppleWebKit/605.1.15 (KHTML, like Gecko) Mobile/15E148"
152.58.3.229 - - [28/Jan/2026:09:01:00 +0100] "GET /assets/images/enquiry-bg.jpg HTTP/1.0" 200 835 "https://www.omkar.com/ongoing-commercial-projects-mumbai/tsbb-andheri-east" "Mozilla/5.0 (iPhone; CPU iPhone OS 18_7 like Mac OS X) AppleWebKit/605.1.15 (KHTML, like Gecko) Mobile/15E148"
152.58.3.229 - - [28/Jan/2026:09:01:00 +0100] "GET /assets/images/arrow-next3.png HTTP/1.0" 200 835 "https://www.omkar.com/ongoing-commercial-projects-mumbai/tsbb-andheri-east" "Mozilla/5.0 (iPhone; CPU iPhone OS 18_7 like Mac OS X) AppleWebKit/605.1.15 (KHTML, like Gecko) Mobile/15E148"
152.58.3.229 - - [28/Jan/2026:09:01:00 +0100] "GET /assets/images/arrow-prev3.png HTTP/1.0" 200 835 "https://www.omkar.com/ongoing-commercial-projects-mumbai/tsbb-andheri-east" "Mozilla/5.0 (iPhone; CPU iPhone OS 18_7 like Mac OS X) AppleWebKit/605.1.15 (KHTML, like Gecko) Mobile/15E148"
152.58.3.229 - - [28/Jan/2026:09:01:00 +0100] "GET /assets/build/img/flags@2x.png HTTP/1.0" 200 835 "https://www.omkar.com/ongoing-commercial-projects-mumbai/tsbb-andheri-east" "Mozilla/5.0 (iPhone; CPU iPhone OS 18_7 like Mac OS X) AppleWebKit/605.1.15 (KHTML, like Gecko) Mobile/15E148"
152.58.3.229 - - [28/Jan/2026:09:01:01 +0100] "GET /assets/build/js/utils.js HTTP/1.0" 200 4028 "https://www.omkar.com/ongoing-commercial-projects-mumbai/tsbb-andheri-east" "Mozilla/5.0 (iPhone; CPU iPhone OS 18_7 like Mac OS X) AppleWebKit/605.1.15 (KHTML, like Gecko) Mobile/15E148"
152.58.3.229 - - [28/Jan/2026:09:01:13 +0100] "GET /assets/images/UpArrow.png HTTP/1.0" 200 4023 "https://www.omkar.com/ongoing-commercial-projects-mumbai/tsbb-andheri-east" "Mozilla/5.0 (iPhone; CPU iPhone OS 18_7 like Mac OS X) AppleWebKit/605.1.15 (KHTML, like Gecko) Mobile/15E148"
123.252.204.166 - - [28/Jan/2026:09:01:25 +0100] "POST /autodiscover/autodiscover.xml HTTP/1.0" 301 4180 "-" "Microsoft Office/16.0 (Windows NT 10.0; Microsoft Outlook 16.0.5452; Pro)"
123.252.204.166 - - [28/Jan/2026:09:01:25 +0100] "POST / HTTP/1.0" 200 91496 "-" "Microsoft Office/16.0 (Windows NT 10.0; Microsoft Outlook 16.0.5452; Pro)"
123.252.204.166 - - [28/Jan/2026:09:01:30 +0100] "GET /images/omkar-emailer-logo.jpg HTTP/1.0" 301 4348 "https://omkar.icewarpcloud.in/" "Mozilla/5.0 (Windows NT 10.0; Win64; x64) AppleWebKit/537.36 (KHTML, like Gecko) Chrome/144.0.0.0 Safari/537.36"
123.252.204.166 - - [28/Jan/2026:09:01:30 +0100] "GET /images/omkar-emailer-logo.jpg HTTP/1.0" 301 1156 "https://omkar.icewarpcloud.in/" "Mozilla/5.0 (Windows NT 10.0; Win64; x64) AppleWebKit/537.36 (KHTML, like Gecko) Chrome/144.0.0.0 Safari/537.36"
123.252.204.166 - - [28/Jan/2026:09:01:30 +0100] "GET / HTTP/1.0" 200 18916 "https://omkar.icewarpcloud.in/" "Mozilla/5.0 (Windows NT 10.0; Win64; x64) AppleWebKit/537.36 (KHTML, like Gecko) Chrome/144.0.0.0 Safari/537.36"
123.252.204.166 - - [28/Jan/2026:09:01:31 +0100] "GET / HTTP/1.0" 200 22108 "https://omkar.icewarpcloud.in/" "Mozilla/5.0 (Windows NT 10.0; Win64; x64) AppleWebKit/537.36 (KHTML, like Gecko) Chrome/144.0.0.0 Safari/537.36"
123.252.204.166 - - [28/Jan/2026:09:01:55 +0100] "POST /autodiscover/autodiscover.xml HTTP/1.0" 301 4312 "-" "Microsoft Office/16.0 (Windows NT 10.0; Microsoft Outlook 16.0.5452; Pro)"
123.252.204.166 - - [28/Jan/2026:09:01:55 +0100] "POST / HTTP/1.0" 200 91496 "-" "Microsoft Office/16.0 (Windows NT 10.0; Microsoft Outlook 16.0.5452; Pro)"
5.182.86.69 - - [28/Jan/2026:09:01:58 +0100] "GET /blogs/4-reasons-a-property-investment-a-smart-way-to-earn/ HTTP/1.0" 301 4312 "https://omkar.com/blogs/4-reasons-a-property-investment-a-smart-way-to-earn/" "Mozilla/5.0 (Windows NT 10.0; Win64; x64) AppleWebKit/537.36 (KHTML, like Gecko) Chrome/103.0.0.0 Safari/537.36"
5.182.86.69 - - [28/Jan/2026:09:01:59 +0100] "GET / HTTP/1.0" 200 91518 "https://omkar.com/" "Mozilla/5.0 (Windows NT 10.0; Win64; x64) AppleWebKit/537.36 (KHTML, like Gecko) Chrome/103.0.0.0 Safari/537.36"
5.182.86.69 - - [28/Jan/2026:09:02:00 +0100] "GET /home/generateCaptcha?id=2 HTTP/1.0" 200 5951 "https://omkar.com/" "Mozilla/5.0 (Windows NT 10.0; Win64; x64) AppleWebKit/537.36 (KHTML, like Gecko) Chrome/103.0.0.0 Safari/537.36"
5.182.86.69 - - [28/Jan/2026:09:02:03 +0100] "GET /blogs HTTP/1.0" 301 4180 "https://omkar.com/blogs" "Mozilla/5.0 (Windows NT 10.0; Win64; x64) AppleWebKit/537.36 (KHTML, like Gecko) Chrome/103.0.0.0 Safari/537.36"
123.252.204.166 - - [28/Jan/2026:09:02:04 +0100] "POST /autodiscover/autodiscover.xml HTTP/1.0" 301 4180 "-" "Microsoft Office/16.0 (Windows NT 10.0; Microsoft Outlook 16.0.5452; Pro)"
5.182.86.69 - - [28/Jan/2026:09:02:04 +0100] "GET / HTTP/1.0" 200 91496 "https://omkar.com/" "Mozilla/5.0 (Windows NT 10.0; Win64; x64) AppleWebKit/537.36 (KHTML, like Gecko) Chrome/103.0.0.0 Safari/537.36"
123.252.204.166 - - [28/Jan/2026:09:02:05 +0100] "POST / HTTP/1.0" 200 91496 "-" "Microsoft Office/16.0 (Windows NT 10.0; Microsoft Outlook 16.0.5452; Pro)"
5.182.86.69 - - [28/Jan/2026:09:02:07 +0100] "GET /home/generateCaptcha?id=2 HTTP/1.0" 200 9256 "https://omkar.com/" "Mozilla/5.0 (Windows NT 10.0; Win64; x64) AppleWebKit/537.36 (KHTML, like Gecko) Chrome/103.0.0.0 Safari/537.36"
5.182.86.69 - - [28/Jan/2026:09:02:08 +0100] "GET /blogs HTTP/1.0" 301 4180 "https://omkar.com/blogs" "Mozilla/5.0 (Windows NT 10.0; Win64; x64) AppleWebKit/537.36 (KHTML, like Gecko) Chrome/103.0.0.0 Safari/537.36"
5.182.86.69 - - [28/Jan/2026:09:02:09 +0100] "GET / HTTP/1.0" 200 91496 "https://omkar.com/" "Mozilla/5.0 (Windows NT 10.0; Win64; x64) AppleWebKit/537.36 (KHTML, like Gecko) Chrome/103.0.0.0 Safari/537.36"
5.182.86.69 - - [28/Jan/2026:09:02:11 +0100] "GET /ongoing-commercial-projects-mumbai HTTP/1.0" 200 57057 "https://omkar.com/ongoing-commercial-projects-mumbai" "Mozilla/5.0 (Windows NT 10.0; Win64; x64) AppleWebKit/537.36 (KHTML, like Gecko) Chrome/103.0.0.0 Safari/537.36"
5.182.86.69 - - [28/Jan/2026:09:02:13 +0100] "GET /blogs HTTP/1.0" 301 4180 "https://omkar.com/blogs" "Mozilla/5.0 (Windows NT 10.0; Win64; x64) AppleWebKit/537.36 (KHTML, like Gecko) Chrome/103.0.0.0 Safari/537.36"
123.252.204.166 - - [28/Jan/2026:09:02:32 +0100] "POST /autodiscover/autodiscover.xml HTTP/1.0" 301 4180 "-" "Microsoft Office/16.0 (Windows NT 10.0; Microsoft Outlook 16.0.5452; Pro)"
123.252.204.166 - - [28/Jan/2026:09:02:33 +0100] "POST / HTTP/1.0" 200 91496 "-" "Microsoft Office/16.0 (Windows NT 10.0; Microsoft Outlook 16.0.5452; Pro)"
123.252.204.166 - - [28/Jan/2026:09:03:34 +0100] "POST /autodiscover/autodiscover.xml HTTP/1.0" 301 4180 "-" "Microsoft Office/16.0 (Windows NT 10.0; Microsoft Outlook 16.0.5452; Pro)"
123.252.204.166 - - [28/Jan/2026:09:03:35 +0100] "POST / HTTP/1.0" 200 88320 "-" "Microsoft Office/16.0 (Windows NT 10.0; Microsoft Outlook 16.0.5452; Pro)"
78.46.215.1 - - [28/Jan/2026:09:04:02 +0100] "HEAD / HTTP/1.0" 200 4280 "http://www.omkar.com" "Mozilla/5.0+(compatible; UptimeRobot/2.0; http://www.uptimerobot.com/)"
66.249.84.194 - - [28/Jan/2026:09:04:34 +0100] "GET /images/omkar-emailer-logo.jpg HTTP/1.0" 301 4348 "-" "Mozilla/5.0 (Windows NT 5.1; rv:11.0) Gecko Firefox/11.0 (via ggpht.com GoogleImageProxy)"
66.249.84.195 - - [28/Jan/2026:09:04:36 +0100] "GET / HTTP/1.0" 200 18916 "-" "Mozilla/5.0 (Windows NT 5.1; rv:11.0) Gecko Firefox/11.0 (via ggpht.com GoogleImageProxy)"
66.249.84.193 - - [28/Jan/2026:09:04:52 +0100] "GET /images/omkar-emailer-logo.jpg HTTP/1.0" 301 4348 "-" "Mozilla/5.0 (Windows NT 5.1; rv:11.0) Gecko Firefox/11.0 (via ggpht.com GoogleImageProxy)"
66.249.84.193 - - [28/Jan/2026:09:04:54 +0100] "GET / HTTP/1.0" 200 18916 "-" "Mozilla/5.0 (Windows NT 5.1; rv:11.0) Gecko Firefox/11.0 (via ggpht.com GoogleImageProxy)"
159.69.158.189 - - [28/Jan/2026:09:04:56 +0100] "HEAD / HTTP/1.0" 200 4248 "http://omkar.com/" "Mozilla/5.0+(compatible; UptimeRobot/2.0; http://www.uptimerobot.com/)"
66.249.84.193 - - [28/Jan/2026:09:05:14 +0100] "GET /images/omkar-emailer-logo.jpg HTTP/1.0" 301 4348 "-" "Mozilla/5.0 (Windows NT 5.1; rv:11.0) Gecko Firefox/11.0 (via ggpht.com GoogleImageProxy)"
66.249.84.194 - - [28/Jan/2026:09:05:15 +0100] "GET / HTTP/1.0" 200 22108 "-" "Mozilla/5.0 (Windows NT 5.1; rv:11.0) Gecko Firefox/11.0 (via ggpht.com GoogleImageProxy)"
66.249.84.194 - - [28/Jan/2026:09:05:18 +0100] "GET /images/omkar-emailer-logo.jpg HTTP/1.0" 301 4348 "-" "Mozilla/5.0 (Windows NT 5.1; rv:11.0) Gecko Firefox/11.0 (via ggpht.com GoogleImageProxy)"
66.249.84.193 - - [28/Jan/2026:09:05:19 +0100] "GET / HTTP/1.0" 200 18916 "-" "Mozilla/5.0 (Windows NT 5.1; rv:11.0) Gecko Firefox/11.0 (via ggpht.com GoogleImageProxy)"
66.249.84.195 - - [28/Jan/2026:09:05:23 +0100] "GET /images/omkar-emailer-logo.jpg HTTP/1.0" 301 1156 "-" "Mozilla/5.0 (Windows NT 5.1; rv:11.0) Gecko Firefox/11.0 (via ggpht.com GoogleImageProxy)"
66.249.84.193 - - [28/Jan/2026:09:05:23 +0100] "GET / HTTP/1.0" 200 18916 "-" "Mozilla/5.0 (Windows NT 5.1; rv:11.0) Gecko Firefox/11.0 (via ggpht.com GoogleImageProxy)"
43.231.132.42 - - [28/Jan/2026:09:05:44 +0100] "POST /autodiscover/autodiscover.xml HTTP/1.0" 301 4180 "-" "Microsoft Office/16.0 (Windows NT 10.0; Microsoft Outlook 16.0.5452; Pro)"
43.231.132.42 - - [28/Jan/2026:09:05:45 +0100] "POST / HTTP/1.0" 200 88320 "-" "Microsoft Office/16.0 (Windows NT 10.0; Microsoft Outlook 16.0.5452; Pro)"
62.84.185.52 - - [28/Jan/2026:09:06:16 +0100] "GET /robots.txt HTTP/1.0" 200 4990 "-" "Mozilla/5.0 (compatible; MJ12bot/v1.4.8; http://mj12bot.com/)"
62.84.185.52 - - [28/Jan/2026:09:06:18 +0100] "GET /uploads/news_document/13765920131768478999.php?lokasie=/var/www/vhosts/omkar.com/error_docs/bad_request.html&loknya=/var/www/vhosts/omkar.com/error_docs HTTP/1.0" 200 2930 "-" "Mozilla/5.0 (compatible; MJ12bot/v1.4.8; http://mj12bot.com/)"
62.84.185.52 - - [28/Jan/2026:09:06:25 +0100] "GET /uploads/news_document/13765920131768478999.php?lokasie=/var/www/vhosts/omkar.com/error_docs/forbidden.html&loknya=/var/www/vhosts/omkar.com/error_docs HTTP/1.0" 200 6087 "-" "Mozilla/5.0 (compatible; MJ12bot/v1.4.8; http://mj12bot.com/)"
62.84.185.52 - - [28/Jan/2026:09:06:28 +0100] "GET /uploads/news_document/13765920131768478999.php?lokasie=/var/www/vhosts/omkar.com/error_docs/method_not_allowed.html&loknya=/var/www/vhosts/omkar.com/error_docs HTTP/1.0" 200 6104 "-" "Mozilla/5.0 (compatible; MJ12bot/v1.4.8; http://mj12bot.com/)"
62.84.185.52 - - [28/Jan/2026:09:06:31 +0100] "GET /uploads/news_document/13765920131768478999.php?lokasie=/var/www/vhosts/omkar.com/httpdocs/application/cache/ci_session00d5cc3ab52a01e1c7903886f5a8e6d2595d4a11&loknya=/var/www/vhosts/omkar.com/httpdocs/application/cache HTTP/1.0" 200 5752 "-" "Mozilla/5.0 (compatible; MJ12bot/v1.4.8; http://mj12bot.com/)"
62.84.185.52 - - [28/Jan/2026:09:06:34 +0100] "GET /uploads/news_document/13765920131768478999.php?lokasie=/var/www/vhosts/omkar.com/httpdocs/application/cache/ci_session01032b7fce1cf64384860065ef084d809deb9841&loknya=/var/www/vhosts/omkar.com/httpdocs/application/cache HTTP/1.0" 200 5755 "-" "Mozilla/5.0 (compatible; MJ12bot/v1.4.8; http://mj12bot.com/)"
62.84.185.52 - - [28/Jan/2026:09:06:36 +0100] "GET /uploads/news_document/13765920131768478999.php?lokasie=/var/www/vhosts/omkar.com/httpdocs/application/cache/ci_session0108234de59fb051152acb947907c26808b7ba1f&loknya=/var/www/vhosts/omkar.com/httpdocs/application/cache HTTP/1.0" 200 5755 "-" "Mozilla/5.0 (compatible; MJ12bot/v1.4.8; http://mj12bot.com/)"
62.84.185.52 - - [28/Jan/2026:09:06:39 +0100] "GET /uploads/news_document/13765920131768478999.php?lokasie=/var/www/vhosts/omkar.com/httpdocs/application/cache/ci_session029aa8a2556681fc1f9669753b6a83ce19c83371&loknya=/var/www/vhosts/omkar.com/httpdocs/application/cache HTTP/1.0" 200 2563 "-" "Mozilla/5.0 (compatible; MJ12bot/v1.4.8; http://mj12bot.com/)"
62.84.185.52 - - [28/Jan/2026:09:06:42 +0100] "GET /uploads/news_document/13765920131768478999.php?lokasie=/var/www/vhosts/omkar.com/httpdocs/application/cache/ci_session030049f01c51ea6afbe8e1c89071abba3155ca92&loknya=/var/www/vhosts/omkar.com/httpdocs/application/cache HTTP/1.0" 200 5753 "-" "Mozilla/5.0 (compatible; MJ12bot/v1.4.8; http://mj12bot.com/)"
66.249.84.195 - - [28/Jan/2026:09:06:45 +0100] "GET /images/omkar-emailer-logo.jpg HTTP/1.0" 301 4348 "-" "Mozilla/5.0 (Windows NT 5.1; rv:11.0) Gecko Firefox/11.0 (via ggpht.com GoogleImageProxy)"
62.84.185.52 - - [28/Jan/2026:09:06:45 +0100] "GET /uploads/news_document/13765920131768478999.php?lokasie=/var/www/vhosts/omkar.com/httpdocs/application/cache/ci_session0330c4d9e258d7dd1fe3b5c7503402649b2e5a27&loknya=/var/www/vhosts/omkar.com/httpdocs/application/cache HTTP/1.0" 200 2563 "-" "Mozilla/5.0 (compatible; MJ12bot/v1.4.8; http://mj12bot.com/)"
66.249.84.194 - - [28/Jan/2026:09:06:46 +0100] "GET / HTTP/1.0" 200 22108 "-" "Mozilla/5.0 (Windows NT 5.1; rv:11.0) Gecko Firefox/11.0 (via ggpht.com GoogleImageProxy)"
66.249.84.194 - - [28/Jan/2026:09:06:51 +0100] "GET /images/omkar-emailer-logo.jpg HTTP/1.0" 301 4348 "-" "Mozilla/5.0 (Windows NT 5.1; rv:11.0) Gecko Firefox/11.0 (via ggpht.com GoogleImageProxy)"
62.84.185.52 - - [28/Jan/2026:09:06:48 +0100] "GET /uploads/news_document/13765920131768478999.php?lokasie=/var/www/vhosts/omkar.com/httpdocs/application/cache/ci_session0436ca6947f20a7bce32734096afc88b652f4cf5&loknya=/var/www/vhosts/omkar.com/httpdocs/application/cache HTTP/1.0" 200 5755 "-" "Mozilla/5.0 (compatible; MJ12bot/v1.4.8; http://mj12bot.com/)"
66.249.84.193 - - [28/Jan/2026:09:06:52 +0100] "GET / HTTP/1.0" 200 22108 "-" "Mozilla/5.0 (Windows NT 5.1; rv:11.0) Gecko Firefox/11.0 (via ggpht.com GoogleImageProxy)"
66.249.84.193 - - [28/Jan/2026:09:06:56 +0100] "GET /images/omkar-emailer-logo.jpg HTTP/1.0" 301 4348 "-" "Mozilla/5.0 (Windows NT 5.1; rv:11.0) Gecko Firefox/11.0 (via ggpht.com GoogleImageProxy)"
66.249.84.193 - - [28/Jan/2026:09:06:57 +0100] "GET / HTTP/1.0" 200 18916 "-" "Mozilla/5.0 (Windows NT 5.1; rv:11.0) Gecko Firefox/11.0 (via ggpht.com GoogleImageProxy)"
62.84.185.52 - - [28/Jan/2026:09:06:54 +0100] "GET /uploads/news_document/13765920131768478999.php?lokasie=/var/www/vhosts/omkar.com/httpdocs/application/cache/ci_session0456edb2e7d4ccab81abf17c92a766cc354a0fa3&loknya=/var/www/vhosts/omkar.com/httpdocs/application/cache HTTP/1.0" 200 2563 "-" "Mozilla/5.0 (compatible; MJ12bot/v1.4.8; http://mj12bot.com/)"
62.84.185.52 - - [28/Jan/2026:09:07:03 +0100] "GET /uploads/news_document/13765920131768478999.php?lokasie=/var/www/vhosts/omkar.com/httpdocs/application/cache/ci_session04e0f4c1ac68f716ab6b766d8c1a6b1a906686bb&loknya=/var/www/vhosts/omkar.com/httpdocs/application/cache HTTP/1.0" 200 2562 "-" "Mozilla/5.0 (compatible; MJ12bot/v1.4.8; http://mj12bot.com/)"
62.84.185.52 - - [28/Jan/2026:09:07:05 +0100] "GET /uploads/news_document/13765920131768478999.php?lokasie=/var/www/vhosts/omkar.com/httpdocs/application/cache/ci_session0516c6b51566d756b5a705043275c9ae60e454f2&loknya=/var/www/vhosts/omkar.com/httpdocs/application/cache HTTP/1.0" 200 2563 "-" "Mozilla/5.0 (compatible; MJ12bot/v1.4.8; http://mj12bot.com/)"
123.252.204.166 - - [28/Jan/2026:09:07:07 +0100] "POST /autodiscover/autodiscover.xml HTTP/1.0" 301 4312 "-" "Microsoft Office/16.0 (Windows NT 10.0; Microsoft Outlook 16.0.5452; Pro)"
123.252.204.166 - - [28/Jan/2026:09:07:08 +0100] "POST / HTTP/1.0" 200 88320 "-" "Microsoft Office/16.0 (Windows NT 10.0; Microsoft Outlook 16.0.5452; Pro)"
62.84.185.52 - - [28/Jan/2026:09:07:08 +0100] "GET /uploads/news_document/13765920131768478999.php?lokasie=/var/www/vhosts/omkar.com/httpdocs/application/cache/ci_session05242b23b55bcf1b626e76b3769c63757d989e42&loknya=/var/www/vhosts/omkar.com/httpdocs/application/cache HTTP/1.0" 200 2548 "-" "Mozilla/5.0 (compatible; MJ12bot/v1.4.8; http://mj12bot.com/)"
62.84.185.52 - - [28/Jan/2026:09:07:12 +0100] "GET /uploads/news_document/13765920131768478999.php?lokasie=/var/www/vhosts/omkar.com/httpdocs/application/cache/ci_session0630d245d10c422c58b9454f2fe279e027d31cfb&loknya=/var/www/vhosts/omkar.com/httpdocs/application/cache HTTP/1.0" 200 5755 "-" "Mozilla/5.0 (compatible; MJ12bot/v1.4.8; http://mj12bot.com/)"
62.84.185.52 - - [28/Jan/2026:09:07:15 +0100] "GET /uploads/news_document/13765920131768478999.php?lokasie=/var/www/vhosts/omkar.com/httpdocs/application/cache/ci_session063c2d19ea6c774695eb184289d6294c0e66fba1&loknya=/var/www/vhosts/omkar.com/httpdocs/application/cache HTTP/1.0" 200 2563 "-" "Mozilla/5.0 (compatible; MJ12bot/v1.4.8; http://mj12bot.com/)"
123.252.204.166 - - [28/Jan/2026:09:07:17 +0100] "POST /autodiscover/autodiscover.xml HTTP/1.0" 301 1020 "-" "Microsoft Office/16.0 (Windows NT 10.0; Microsoft Outlook 16.0.5452; Pro)"
62.84.185.52 - - [28/Jan/2026:09:07:18 +0100] "GET /uploads/news_document/13765920131768478999.php?lokasie=/var/www/vhosts/omkar.com/httpdocs/application/libraries/classes/PHPExcel/Shared/JAMA/LUDecomposition.php&loknya=/var/www/vhosts/omkar.com/httpdocs/application/libraries/classes/PHPExcel/Shared/JAMA HTTP/1.0" 200 4488 "-" "Mozilla/5.0 (compatible; MJ12bot/v1.4.8; http://mj12bot.com/)"
123.252.204.166 - - [28/Jan/2026:09:07:17 +0100] "POST / HTTP/1.0" 200 88336 "-" "Microsoft Office/16.0 (Windows NT 10.0; Microsoft Outlook 16.0.5452; Pro)"
62.84.185.52 - - [28/Jan/2026:09:07:21 +0100] "GET /uploads/news_document/13765920131768478999.php?lokasie=/var/www/vhosts/omkar.com/httpdocs/application/libraries/classes/PHPExcel/Shared/JAMA/QRDecomposition.php&loknya=/var/www/vhosts/omkar.com/httpdocs/application/libraries/classes/PHPExcel/Shared/JAMA HTTP/1.0" 200 7455 "-" "Mozilla/5.0 (compatible; MJ12bot/v1.4.8; http://mj12bot.com/)"
62.84.185.52 - - [28/Jan/2026:09:07:23 +0100] "GET /uploads/news_document/13765920131768478999.php?lokasie=/var/www/vhosts/omkar.com/httpdocs/application/libraries/classes/PHPExcel/Shared/JAMA/SingularValueDecomposition.php&loknya=/var/www/vhosts/omkar.com/httpdocs/application/libraries/classes/PHPExcel/Shared/JAMA HTTP/1.0" 200 5848 "-" "Mozilla/5.0 (compatible; MJ12bot/v1.4.8; http://mj12bot.com/)"
62.84.185.52 - - [28/Jan/2026:09:07:26 +0100] "GET /uploads/news_document/13765920131768478999.php?lokasie=/var/www/vhosts/omkar.com/httpdocs/application/libraries/classes/PHPExcel/Shared/JAMA/docs/docs.php&loknya=/var/www/vhosts/omkar.com/httpdocs/application/libraries/classes/PHPExcel/Shared/JAMA/docs HTTP/1.0" 200 5829 "-" "Mozilla/5.0 (compatible; MJ12bot/v1.4.8; http://mj12bot.com/)"
62.84.185.52 - - [28/Jan/2026:09:07:29 +0100] "GET /uploads/news_document/13765920131768478999.php?lokasie=/var/www/vhosts/omkar.com/httpdocs/application/libraries/classes/PHPExcel/Shared/JAMA/docs/download.php&loknya=/var/www/vhosts/omkar.com/httpdocs/application/libraries/classes/PHPExcel/Shared/JAMA/docs HTTP/1.0" 200 3287 "-" "Mozilla/5.0 (compatible; MJ12bot/v1.4.8; http://mj12bot.com/)"
66.249.84.193 - - [28/Jan/2026:09:07:34 +0100] "GET /images/omkar-emailer-logo.jpg HTTP/1.0" 301 4348 "-" "Mozilla/5.0 (Windows NT 5.1; rv:11.0) Gecko Firefox/11.0 (via ggpht.com GoogleImageProxy)"
62.84.185.52 - - [28/Jan/2026:09:07:32 +0100] "GET /uploads/news_document/13765920131768478999.php?lokasie=/var/www/vhosts/omkar.com/httpdocs/application/libraries/classes/PHPExcel/Shared/JAMA/docs/example.php&loknya=/var/www/vhosts/omkar.com/httpdocs/application/libraries/classes/PHPExcel/Shared/JAMA/docs HTTP/1.0" 200 4529 "-" "Mozilla/5.0 (compatible; MJ12bot/v1.4.8; http://mj12bot.com/)"
66.249.84.193 - - [28/Jan/2026:09:07:35 +0100] "GET / HTTP/1.0" 200 22108 "-" "Mozilla/5.0 (Windows NT 5.1; rv:11.0) Gecko Firefox/11.0 (via ggpht.com GoogleImageProxy)"
62.84.185.52 - - [28/Jan/2026:09:07:38 +0100] "GET /uploads/news_document/13765920131768478999.php?lokasie=/var/www/vhosts/omkar.com/httpdocs/application/libraries/classes/PHPExcel/Shared/JAMA/docs/index.php&loknya=/var/www/vhosts/omkar.com/httpdocs/application/libraries/classes/PHPExcel/Shared/JAMA/docs HTTP/1.0" 200 5756 "-" "Mozilla/5.0 (compatible; MJ12bot/v1.4.8; http://mj12bot.com/)"
62.84.185.52 - - [28/Jan/2026:09:07:41 +0100] "GET /uploads/news_document/13765920131768478999.php?lokasie=/var/www/vhosts/omkar.com/httpdocs/application/libraries/classes/PHPExcel/Shared/JAMA/docs/package.php&loknya=/var/www/vhosts/omkar.com/httpdocs/application/libraries/classes/PHPExcel/Shared/JAMA/docs HTTP/1.0" 200 6142 "-" "Mozilla/5.0 (compatible; MJ12bot/v1.4.8; http://mj12bot.com/)"
62.84.185.52 - - [28/Jan/2026:09:07:44 +0100] "GET /uploads/news_document/13765920131768478999.php?lokasie=/var/www/vhosts/omkar.com/httpdocs/application/libraries/classes/PHPExcel/Shared/JAMA/docs/test.php&loknya=/var/www/vhosts/omkar.com/httpdocs/application/libraries/classes/PHPExcel/Shared/JAMA/docs HTTP/1.0" 200 6326 "-" "Mozilla/5.0 (compatible; MJ12bot/v1.4.8; http://mj12bot.com/)"
62.84.185.52 - - [28/Jan/2026:09:07:47 +0100] "GET /uploads/news_document/13765920131768478999.php?lokasie=/var/www/vhosts/omkar.com/httpdocs/application/libraries/classes/PHPExcel/Shared/JAMA/examples/LMQuadTest.php&loknya=/var/www/vhosts/omkar.com/httpdocs/application/libraries/classes/PHPExcel/Shared/JAMA/examples HTTP/1.0" 200 6512 "-" "Mozilla/5.0 (compatible; MJ12bot/v1.4.8; http://mj12bot.com/)"
62.84.185.52 - - [28/Jan/2026:09:07:49 +0100] "GET /uploads/news_document/13765920131768478999.php?lokasie=/var/www/vhosts/omkar.com/httpdocs/application/libraries/classes/PHPExcel/Shared/JAMA/examples/LagrangeInterpolation.php&loknya=/var/www/vhosts/omkar.com/httpdocs/application/libraries/classes/PHPExcel/Shared/JAMA/examples HTTP/1.0" 200 6451 "-" "Mozilla/5.0 (compatible; MJ12bot/v1.4.8; http://mj12bot.com/)"
62.84.185.52 - - [28/Jan/2026:09:07:52 +0100] "GET /uploads/news_document/13765920131768478999.php?lokasie=/var/www/vhosts/omkar.com/httpdocs/application/libraries/classes/PHPExcel/Shared/JAMA/examples/LagrangeInterpolation2.php&loknya=/var/www/vhosts/omkar.com/httpdocs/application/libraries/classes/PHPExcel/Shared/JAMA/examples HTTP/1.0" 200 3319 "-" "Mozilla/5.0 (compatible; MJ12bot/v1.4.8; http://mj12bot.com/)"
123.252.204.166 - - [28/Jan/2026:09:07:54 +0100] "POST /autodiscover/autodiscover.xml HTTP/1.0" 301 1020 "-" "Microsoft Office/16.0 (Windows NT 10.0; Microsoft Outlook 16.0.5452; Pro)"
123.252.204.166 - - [28/Jan/2026:09:07:54 +0100] "POST / HTTP/1.0" 200 88336 "-" "Microsoft Office/16.0 (Windows NT 10.0; Microsoft Outlook 16.0.5452; Pro)"
62.84.185.52 - - [28/Jan/2026:09:07:55 +0100] "GET /uploads/news_document/13765920131768478999.php?lokasie=/var/www/vhosts/omkar.com/httpdocs/application/libraries/classes/PHPExcel/Shared/JAMA/examples/LevenbergMarquardt.php&loknya=/var/www/vhosts/omkar.com/httpdocs/application/libraries/classes/PHPExcel/Shared/JAMA/examples HTTP/1.0" 200 4595 "-" "Mozilla/5.0 (compatible; MJ12bot/v1.4.8; http://mj12bot.com/)"
193.186.4.186 - - [28/Jan/2026:09:07:58 +0100] "GET / HTTP/1.0" 200 18914 "-" "Mozilla/5.0 (Linux; Android 10; K) AppleWebKit/537.36 (KHTML, like Gecko) Chrome/144.0.0.0 Mobile Safari/537.36"
62.84.185.52 - - [28/Jan/2026:09:08:01 +0100] "GET /uploads/news_document/13765920131768478999.php?lokasie=/var/www/vhosts/omkar.com/httpdocs/application/libraries/classes/PHPExcel/Shared/JAMA/examples/MagicSquareExample.php&loknya=/var/www/vhosts/omkar.com/httpdocs/application/libraries/classes/PHPExcel/Shared/JAMA/examples HTTP/1.0" 200 7332 "-" "Mozilla/5.0 (compatible; MJ12bot/v1.4.8; http://mj12bot.com/)"
62.84.185.52 - - [28/Jan/2026:09:08:04 +0100] "GET /uploads/news_document/13765920131768478999.php?lokasie=/var/www/vhosts/omkar.com/httpdocs/application/libraries/classes/PHPExcel/Shared/JAMA/examples/Stats.php&loknya=/var/www/vhosts/omkar.com/httpdocs/application/libraries/classes/PHPExcel/Shared/JAMA/examples HTTP/1.0" 200 14638 "-" "Mozilla/5.0 (compatible; MJ12bot/v1.4.8; http://mj12bot.com/)"
62.84.185.52 - - [28/Jan/2026:09:08:07 +0100] "GET /uploads/news_document/13765920131768478999.php?lokasie=/var/www/vhosts/omkar.com/httpdocs/application/libraries/classes/PHPExcel/Shared/JAMA/examples/benchmark.php&loknya=/var/www/vhosts/omkar.com/httpdocs/application/libraries/classes/PHPExcel/Shared/JAMA/examples HTTP/1.0" 200 7069 "-" "Mozilla/5.0 (compatible; MJ12bot/v1.4.8; http://mj12bot.com/)"
62.84.185.52 - - [28/Jan/2026:09:08:10 +0100] "GET /uploads/news_document/13765920131768478999.php?lokasie=/var/www/vhosts/omkar.com/httpdocs/application/libraries/classes/PHPExcel/Shared/JAMA/examples/polyfit.php&loknya=/var/www/vhosts/omkar.com/httpdocs/application/libraries/classes/PHPExcel/Shared/JAMA/examples HTTP/1.0" 200 6515 "-" "Mozilla/5.0 (compatible; MJ12bot/v1.4.8; http://mj12bot.com/)"
62.84.185.52 - - [28/Jan/2026:09:08:13 +0100] "GET /uploads/news_document/13765920131768478999.php?lokasie=/var/www/vhosts/omkar.com/httpdocs/application/libraries/classes/PHPExcel/Shared/JAMA/examples/tile.php&loknya=/var/www/vhosts/omkar.com/httpdocs/application/libraries/classes/PHPExcel/Shared/JAMA/examples HTTP/1.0" 200 6418 "-" "Mozilla/5.0 (compatible; MJ12bot/v1.4.8; http://mj12bot.com/)"
62.84.185.52 - - [28/Jan/2026:09:08:17 +0100] "GET /uploads/news_document/13765920131768478999.php?lokasie=/var/www/vhosts/omkar.com/httpdocs/application/libraries/classes/PHPExcel/Shared/JAMA/tests/TestMatrix.php&loknya=/var/www/vhosts/omkar.com/httpdocs/application/libraries/classes/PHPExcel/Shared/JAMA/tests HTTP/1.0" 200 8979 "-" "Mozilla/5.0 (compatible; MJ12bot/v1.4.8; http://mj12bot.com/)"
62.84.185.52 - - [28/Jan/2026:09:08:19 +0100] "GET /uploads/news_document/13765920131768478999.php?lokasie=/var/www/vhosts/omkar.com/httpdocs/application/libraries/classes/PHPExcel/Shared/JAMA/utils/Error.php&loknya=/var/www/vhosts/omkar.com/httpdocs/application/libraries/classes/PHPExcel/Shared/JAMA/utils HTTP/1.0" 200 3604 "-" "Mozilla/5.0 (compatible; MJ12bot/v1.4.8; http://mj12bot.com/)"
62.84.185.52 - - [28/Jan/2026:09:08:22 +0100] "GET /uploads/news_document/13765920131768478999.php?lokasie=/var/www/vhosts/omkar.com/httpdocs/application/libraries/classes/PHPExcel/Shared/JAMA/utils/Maths.php&loknya=/var/www/vhosts/omkar.com/httpdocs/application/libraries/classes/PHPExcel/Shared/JAMA/utils HTTP/1.0" 200 6133 "-" "Mozilla/5.0 (compatible; MJ12bot/v1.4.8; http://mj12bot.com/)"
66.249.84.193 - - [28/Jan/2026:09:08:23 +0100] "GET /images/omkar-emailer-logo.jpg HTTP/1.0" 301 4348 "-" "Mozilla/5.0 (Windows NT 5.1; rv:11.0) Gecko Firefox/11.0 (via ggpht.com GoogleImageProxy)"
66.249.84.193 - - [28/Jan/2026:09:08:24 +0100] "GET / HTTP/1.0" 200 18916 "-" "Mozilla/5.0 (Windows NT 5.1; rv:11.0) Gecko Firefox/11.0 (via ggpht.com GoogleImageProxy)"
62.84.185.52 - - [28/Jan/2026:09:08:25 +0100] "GET /uploads/news_document/13765920131768478999.php?lokasie=/var/www/vhosts/omkar.com/httpdocs/application/libraries/classes/PHPExcel/Shared/OLE/ChainedBlockStream.php&loknya=/var/www/vhosts/omkar.com/httpdocs/application/libraries/classes/PHPExcel/Shared/OLE HTTP/1.0" 200 7947 "-" "Mozilla/5.0 (compatible; MJ12bot/v1.4.8; http://mj12bot.com/)"
62.84.185.52 - - [28/Jan/2026:09:08:28 +0100] "GET /uploads/news_document/13765920131768478999.php?lokasie=/var/www/vhosts/omkar.com/httpdocs/application/libraries/classes/PHPExcel/Shared/OLE/PPS.php&loknya=/var/www/vhosts/omkar.com/httpdocs/application/libraries/classes/PHPExcel/Shared/OLE HTTP/1.0" 200 7566 "-" "Mozilla/5.0 (compatible; MJ12bot/v1.4.8; http://mj12bot.com/)"
66.249.84.194 - - [28/Jan/2026:09:08:28 +0100] "GET /images/omkar-emailer-logo.jpg HTTP/1.0" 301 4348 "-" "Mozilla/5.0 (Windows NT 5.1; rv:11.0) Gecko Firefox/11.0 (via ggpht.com GoogleImageProxy)"
66.249.84.194 - - [28/Jan/2026:09:08:30 +0100] "GET /images/omkar-emailer-logo.jpg HTTP/1.0" 301 4348 "-" "Mozilla/5.0 (Windows NT 5.1; rv:11.0) Gecko Firefox/11.0 (via ggpht.com GoogleImageProxy)"
66.249.84.193 - - [28/Jan/2026:09:08:29 +0100] "GET / HTTP/1.0" 200 22108 "-" "Mozilla/5.0 (Windows NT 5.1; rv:11.0) Gecko Firefox/11.0 (via ggpht.com GoogleImageProxy)"
66.249.84.193 - - [28/Jan/2026:09:08:31 +0100] "GET / HTTP/1.0" 200 18916 "-" "Mozilla/5.0 (Windows NT 5.1; rv:11.0) Gecko Firefox/11.0 (via ggpht.com GoogleImageProxy)"
62.84.185.52 - - [28/Jan/2026:09:08:31 +0100] "GET /uploads/news_document/13765920131768478999.php?lokasie=/var/www/vhosts/omkar.com/httpdocs/application/libraries/classes/PHPExcel/Shared/OLE/PPS/File.php&loknya=/var/www/vhosts/omkar.com/httpdocs/application/libraries/classes/PHPExcel/Shared/OLE/PPS HTTP/1.0" 200 6628 "-" "Mozilla/5.0 (compatible; MJ12bot/v1.4.8; http://mj12bot.com/)"
62.84.185.52 - - [28/Jan/2026:09:08:38 +0100] "GET /uploads/news_document/13765920131768478999.php?lokasie=/var/www/vhosts/omkar.com/httpdocs/application/libraries/classes/PHPExcel/Shared/OLE/PPS/Root.php&loknya=/var/www/vhosts/omkar.com/httpdocs/application/libraries/classes/PHPExcel/Shared/OLE/PPS HTTP/1.0" 200 9387 "-" "Mozilla/5.0 (compatible; MJ12bot/v1.4.8; http://mj12bot.com/)"
62.84.185.52 - - [28/Jan/2026:09:08:41 +0100] "GET /uploads/news_document/13765920131768478999.php?lokasie=/var/www/vhosts/omkar.com/httpdocs/application/libraries/classes/PHPExcel/Shared/PCLZip/gnu-lgpl.txt&loknya=/var/www/vhosts/omkar.com/httpdocs/application/libraries/classes/PHPExcel/Shared/PCLZip HTTP/1.0" 200 15403 "-" "Mozilla/5.0 (compatible; MJ12bot/v1.4.8; http://mj12bot.com/)"
123.252.204.166 - - [28/Jan/2026:09:08:43 +0100] "POST /autodiscover/autodiscover.xml HTTP/1.0" 301 1020 "-" "Microsoft Office/16.0 (Windows NT 10.0; Microsoft Outlook 16.0.5452; Pro)"
62.84.185.52 - - [28/Jan/2026:09:08:44 +0100] "GET /uploads/news_document/13765920131768478999.php?lokasie=/var/www/vhosts/omkar.com/httpdocs/application/libraries/classes/PHPExcel/Shared/PCLZip/pclzip.lib.php&loknya=/var/www/vhosts/omkar.com/httpdocs/application/libraries/classes/PHPExcel/Shared/PCLZip HTTP/1.0" 200 35742 "-" "Mozilla/5.0 (compatible; MJ12bot/v1.4.8; http://mj12bot.com/)"
123.252.204.166 - - [28/Jan/2026:09:08:44 +0100] "POST / HTTP/1.0" 200 88336 "-" "Microsoft Office/16.0 (Windows NT 10.0; Microsoft Outlook 16.0.5452; Pro)"
66.249.84.194 - - [28/Jan/2026:09:08:45 +0100] "GET /images/omkar-emailer-logo.jpg HTTP/1.0" 301 4348 "-" "Mozilla/5.0 (Windows NT 5.1; rv:11.0) Gecko Firefox/11.0 (via ggpht.com GoogleImageProxy)"
66.249.84.194 - - [28/Jan/2026:09:08:46 +0100] "GET / HTTP/1.0" 200 18916 "-" "Mozilla/5.0 (Windows NT 5.1; rv:11.0) Gecko Firefox/11.0 (via ggpht.com GoogleImageProxy)"
62.84.185.52 - - [28/Jan/2026:09:08:47 +0100] "GET /uploads/news_document/13765920131768478999.php?lokasie=/var/www/vhosts/omkar.com/httpdocs/application/libraries/classes/PHPExcel/Shared/PCLZip/readme.txt&loknya=/var/www/vhosts/omkar.com/httpdocs/application/libraries/classes/PHPExcel/Shared/PCLZip HTTP/1.0" 200 10021 "-" "Mozilla/5.0 (compatible; MJ12bot/v1.4.8; http://mj12bot.com/)"
66.249.84.193 - - [28/Jan/2026:09:08:49 +0100] "GET /images/omkar-emailer-logo.jpg HTTP/1.0" 301 1156 "-" "Mozilla/5.0 (Windows NT 5.1; rv:11.0) Gecko Firefox/11.0 (via ggpht.com GoogleImageProxy)"
62.84.185.52 - - [28/Jan/2026:09:08:50 +0100] "GET /uploads/news_document/13765920131768478999.php?lokasie=/var/www/vhosts/omkar.com/httpdocs/application/libraries/classes/PHPExcel/Shared/PDF/2dbarcodes.php&loknya=/var/www/vhosts/omkar.com/httpdocs/application/libraries/classes/PHPExcel/Shared/PDF HTTP/1.0" 200 5013 "-" "Mozilla/5.0 (compatible; MJ12bot/v1.4.8; http://mj12bot.com/)"
66.249.84.195 - - [28/Jan/2026:09:08:50 +0100] "GET / HTTP/1.0" 200 18916 "-" "Mozilla/5.0 (Windows NT 5.1; rv:11.0) Gecko Firefox/11.0 (via ggpht.com GoogleImageProxy)"
62.84.185.52 - - [28/Jan/2026:09:08:52 +0100] "GET /uploads/news_document/13765920131768478999.php?lokasie=/var/www/vhosts/omkar.com/httpdocs/application/libraries/classes/PHPExcel/Shared/PDF/CHANGELOG.TXT&loknya=/var/www/vhosts/omkar.com/httpdocs/application/libraries/classes/PHPExcel/Shared/PDF HTTP/1.0" 200 28241 "-" "Mozilla/5.0 (compatible; MJ12bot/v1.4.8; http://mj12bot.com/)"
62.84.185.52 - - [28/Jan/2026:09:08:55 +0100] "GET /uploads/news_document/13765920131768478999.php?lokasie=/var/www/vhosts/omkar.com/httpdocs/application/libraries/classes/PHPExcel/Shared/PDF/LICENSE.TXT&loknya=/var/www/vhosts/omkar.com/httpdocs/application/libraries/classes/PHPExcel/Shared/PDF HTTP/1.0" 200 20208 "-" "Mozilla/5.0 (compatible; MJ12bot/v1.4.8; http://mj12bot.com/)"
62.84.185.52 - - [28/Jan/2026:09:08:58 +0100] "GET /uploads/news_document/13765920131768478999.php?lokasie=/var/www/vhosts/omkar.com/httpdocs/application/libraries/classes/PHPExcel/Shared/PDF/README.TXT&loknya=/var/www/vhosts/omkar.com/httpdocs/application/libraries/classes/PHPExcel/Shared/PDF HTTP/1.0" 200 4422 "-" "Mozilla/5.0 (compatible; MJ12bot/v1.4.8; http://mj12bot.com/)"
66.249.84.195 - - [28/Jan/2026:09:09:00 +0100] "GET /images/omkar-emailer-logo.jpg HTTP/1.0" 301 1156 "-" "Mozilla/5.0 (Windows NT 5.1; rv:11.0) Gecko Firefox/11.0 (via ggpht.com GoogleImageProxy)"
62.84.185.52 - - [28/Jan/2026:09:09:01 +0100] "GET /uploads/news_document/13765920131768478999.php?lokasie=/var/www/vhosts/omkar.com/httpdocs/application/libraries/classes/PHPExcel/Shared/PDF/barcodes.php&loknya=/var/www/vhosts/omkar.com/httpdocs/application/libraries/classes/PHPExcel/Shared/PDF HTTP/1.0" 200 16396 "-" "Mozilla/5.0 (compatible; MJ12bot/v1.4.8; http://mj12bot.com/)"
66.249.84.195 - - [28/Jan/2026:09:09:01 +0100] "GET / HTTP/1.0" 200 18916 "-" "Mozilla/5.0 (Windows NT 5.1; rv:11.0) Gecko Firefox/11.0 (via ggpht.com GoogleImageProxy)"
54.236.1.51 - - [28/Jan/2026:09:09:02 +0100] "GET /ongoing-residential-projects-mumbai/omkar-alta-monte-malad HTTP/1.0" 200 18938 "-" "Mozilla/5.0 (compatible; Pinterestbot/1.0; +http://www.pinterest.com/bot.html)"
62.84.185.52 - - [28/Jan/2026:09:09:04 +0100] "GET /uploads/news_document/13765920131768478999.php?lokasie=/var/www/vhosts/omkar.com/httpdocs/application/libraries/classes/PHPExcel/Shared/PDF/cache/chapter_demo_1.txt&loknya=/var/www/vhosts/omkar.com/httpdocs/application/libraries/classes/PHPExcel/Shared/PDF/cache HTTP/1.0" 200 7308 "-" "Mozilla/5.0 (compatible; MJ12bot/v1.4.8; http://mj12bot.com/)"
62.84.185.52 - - [28/Jan/2026:09:09:06 +0100] "GET /uploads/news_document/13765920131768478999.php?lokasie=/var/www/vhosts/omkar.com/httpdocs/application/libraries/classes/PHPExcel/Shared/PDF/cache/chapter_demo_2.txt&loknya=/var/www/vhosts/omkar.com/httpdocs/application/libraries/classes/PHPExcel/Shared/PDF/cache HTTP/1.0" 200 7436 "-" "Mozilla/5.0 (compatible; MJ12bot/v1.4.8; http://mj12bot.com/)"
66.249.84.193 - - [28/Jan/2026:09:09:08 +0100] "GET /images/omkar-emailer-logo.jpg HTTP/1.0" 301 1156 "-" "Mozilla/5.0 (Windows NT 5.1; rv:11.0) Gecko Firefox/11.0 (via ggpht.com GoogleImageProxy)"
49.13.167.123 - - [28/Jan/2026:09:09:07 +0100] "HEAD / HTTP/1.0" 200 1088 "http://www.omkar.com" "Mozilla/5.0+(compatible; UptimeRobot/2.0; http://www.uptimerobot.com/)"
66.249.84.193 - - [28/Jan/2026:09:09:09 +0100] "GET / HTTP/1.0" 200 22108 "-" "Mozilla/5.0 (Windows NT 5.1; rv:11.0) Gecko Firefox/11.0 (via ggpht.com GoogleImageProxy)"
62.84.185.52 - - [28/Jan/2026:09:09:09 +0100] "GET /uploads/news_document/13765920131768478999.php?lokasie=/var/www/vhosts/omkar.com/httpdocs/application/libraries/classes/PHPExcel/Shared/PDF/cache/table_data_demo.txt&loknya=/var/www/vhosts/omkar.com/httpdocs/application/libraries/classes/PHPExcel/Shared/PDF/cache HTTP/1.0" 200 6087 "-" "Mozilla/5.0 (compatible; MJ12bot/v1.4.8; http://mj12bot.com/)"
62.84.185.52 - - [28/Jan/2026:09:09:12 +0100] "GET /uploads/news_document/13765920131768478999.php?lokasie=/var/www/vhosts/omkar.com/httpdocs/application/libraries/classes/PHPExcel/Shared/PDF/cache/utf8test.txt&loknya=/var/www/vhosts/omkar.com/httpdocs/application/libraries/classes/PHPExcel/Shared/PDF/cache HTTP/1.0" 200 8327 "-" "Mozilla/5.0 (compatible; MJ12bot/v1.4.8; http://mj12bot.com/)"
62.84.185.52 - - [28/Jan/2026:09:09:15 +0100] "GET /uploads/news_document/13765920131768478999.php?lokasie=/var/www/vhosts/omkar.com/httpdocs/application/libraries/classes/PHPExcel/Shared/PDF/config/tcpdf_config.php&loknya=/var/www/vhosts/omkar.com/httpdocs/application/libraries/classes/PHPExcel/Shared/PDF/config HTTP/1.0" 200 4591 "-" "Mozilla/5.0 (compatible; MJ12bot/v1.4.8; http://mj12bot.com/)"
62.84.185.52 - - [28/Jan/2026:09:09:17 +0100] "GET /uploads/news_document/13765920131768478999.php?lokasie=/var/www/vhosts/omkar.com/httpdocs/application/libraries/classes/PHPExcel/Shared/PDF/config/tcpdf_config_alt.php&loknya=/var/www/vhosts/omkar.com/httpdocs/application/libraries/classes/PHPExcel/Shared/PDF/config HTTP/1.0" 200 4502 "-" "Mozilla/5.0 (compatible; MJ12bot/v1.4.8; http://mj12bot.com/)"
62.84.185.52 - - [28/Jan/2026:09:09:20 +0100] "GET /uploads/news_document/13765920131768478999.php?lokasie=/var/www/vhosts/omkar.com/httpdocs/application/libraries/classes/PHPExcel/Shared/PDF/fonts/.noencode&loknya=/var/www/vhosts/omkar.com/httpdocs/application/libraries/classes/PHPExcel/Shared/PDF/fonts HTTP/1.0" 200 2564 "-" "Mozilla/5.0 (compatible; MJ12bot/v1.4.8; http://mj12bot.com/)"
62.84.185.52 - - [28/Jan/2026:09:09:23 +0100] "GET /uploads/news_document/13765920131768478999.php?lokasie=/var/www/vhosts/omkar.com/httpdocs/application/libraries/classes/PHPExcel/Shared/PDF/fonts/README.TXT&loknya=/var/www/vhosts/omkar.com/httpdocs/application/libraries/classes/PHPExcel/Shared/PDF/fonts HTTP/1.0" 200 5866 "-" "Mozilla/5.0 (compatible; MJ12bot/v1.4.8; http://mj12bot.com/)"
62.84.185.52 - - [28/Jan/2026:09:09:26 +0100] "GET /uploads/news_document/13765920131768478999.php?lokasie=/var/www/vhosts/omkar.com/httpdocs/application/libraries/classes/PHPExcel/Shared/PDF/fonts/ZarBold.ctg.z&loknya=/var/www/vhosts/omkar.com/httpdocs/application/libraries/classes/PHPExcel/Shared/PDF/fonts HTTP/1.0" 200 5761 "-" "Mozilla/5.0 (compatible; MJ12bot/v1.4.8; http://mj12bot.com/)"
62.84.185.52 - - [28/Jan/2026:09:09:28 +0100] "GET /uploads/news_document/13765920131768478999.php?lokasie=/var/www/vhosts/omkar.com/httpdocs/application/libraries/classes/PHPExcel/Shared/PDF/fonts/ZarBold.z&loknya=/var/www/vhosts/omkar.com/httpdocs/application/libraries/classes/PHPExcel/Shared/PDF/fonts HTTP/1.0" 200 2566 "-" "Mozilla/5.0 (compatible; MJ12bot/v1.4.8; http://mj12bot.com/)"
62.84.185.52 - - [28/Jan/2026:09:09:31 +0100] "GET /uploads/news_document/13765920131768478999.php?lokasie=/var/www/vhosts/omkar.com/httpdocs/application/libraries/classes/PHPExcel/Shared/PDF/fonts/almohanad.ctg.z&loknya=/var/www/vhosts/omkar.com/httpdocs/application/libraries/classes/PHPExcel/Shared/PDF/fonts HTTP/1.0" 200 5762 "-" "Mozilla/5.0 (compatible; MJ12bot/v1.4.8; http://mj12bot.com/)"
62.84.185.52 - - [28/Jan/2026:09:09:34 +0100] "GET /uploads/news_document/13765920131768478999.php?lokasie=/var/www/vhosts/omkar.com/httpdocs/application/libraries/classes/PHPExcel/Shared/PDF/fonts/almohanad.php&loknya=/var/www/vhosts/omkar.com/httpdocs/application/libraries/classes/PHPExcel/Shared/PDF/fonts HTTP/1.0" 200 10815 "-" "Mozilla/5.0 (compatible; MJ12bot/v1.4.8; http://mj12bot.com/)"
62.84.185.52 - - [28/Jan/2026:09:09:41 +0100] "GET /uploads/news_document/13765920131768478999.php?lokasie=/var/www/vhosts/omkar.com/httpdocs/application/libraries/classes/PHPExcel/Shared/PDF/fonts/almohanad.z&loknya=/var/www/vhosts/omkar.com/httpdocs/application/libraries/classes/PHPExcel/Shared/PDF/fonts HTTP/1.0" 200 2567 "-" "Mozilla/5.0 (compatible; MJ12bot/v1.4.8; http://mj12bot.com/)"
62.84.185.52 - - [28/Jan/2026:09:09:49 +0100] "GET /uploads/news_document/13765920131768478999.php?lokasie=/var/www/vhosts/omkar.com/httpdocs/application/libraries/classes/PHPExcel/Shared/PDF/fonts/arialunicid0-chinese-simplified.php&loknya=/var/www/vhosts/omkar.com/httpdocs/application/libraries/classes/PHPExcel/Shared/PDF/fonts HTTP/1.0" 200 84310 "-" "Mozilla/5.0 (compatible; MJ12bot/v1.4.8; http://mj12bot.com/)"
62.84.185.52 - - [28/Jan/2026:09:09:53 +0100] "GET /uploads/news_document/13765920131768478999.php?lokasie=/var/www/vhosts/omkar.com/httpdocs/application/libraries/classes/PHPExcel/Shared/PDF/fonts/arialunicid0-chinese-traditional.php&loknya=/var/www/vhosts/omkar.com/httpdocs/application/libraries/classes/PHPExcel/Shared/PDF/fonts HTTP/1.0" 200 84310 "-" "Mozilla/5.0 (compatible; MJ12bot/v1.4.8; http://mj12bot.com/)"
66.249.84.194 - - [28/Jan/2026:09:09:57 +0100] "GET /images/omkar-emailer-logo.jpg HTTP/1.0" 301 4348 "-" "Mozilla/5.0 (Windows NT 5.1; rv:11.0) Gecko Firefox/11.0 (via ggpht.com GoogleImageProxy)"
66.249.84.193 - - [28/Jan/2026:09:09:58 +0100] "GET / HTTP/1.0" 200 18916 "-" "Mozilla/5.0 (Windows NT 5.1; rv:11.0) Gecko Firefox/11.0 (via ggpht.com GoogleImageProxy)"
78.47.173.76 - - [28/Jan/2026:09:10:03 +0100] "HEAD / HTTP/1.0" 200 4248 "http://omkar.com/" "Mozilla/5.0+(compatible; UptimeRobot/2.0; http://www.uptimerobot.com/)"
43.231.132.42 - - [28/Jan/2026:09:10:03 +0100] "POST /autodiscover/autodiscover.xml HTTP/1.0" 301 1004 "-" "Microsoft Office/16.0 (Windows NT 10.0; Microsoft Outlook 16.0.5452; Pro)"
62.84.185.52 - - [28/Jan/2026:09:09:58 +0100] "GET /uploads/news_document/13765920131768478999.php?lokasie=/var/www/vhosts/omkar.com/httpdocs/application/libraries/classes/PHPExcel/Shared/PDF/fonts/arialunicid0-japanese.php&loknya=/var/www/vhosts/omkar.com/httpdocs/application/libraries/classes/PHPExcel/Shared/PDF/fonts HTTP/1.0" 200 81103 "-" "Mozilla/5.0 (compatible; MJ12bot/v1.4.8; http://mj12bot.com/)"
43.231.132.42 - - [28/Jan/2026:09:10:04 +0100] "POST / HTTP/1.0" 200 88320 "-" "Microsoft Office/16.0 (Windows NT 10.0; Microsoft Outlook 16.0.5452; Pro)"
62.84.185.52 - - [28/Jan/2026:09:10:07 +0100] "GET /uploads/news_document/13765920131768478999.php?lokasie=/var/www/vhosts/omkar.com/httpdocs/application/libraries/classes/PHPExcel/Shared/PDF/fonts/arialunicid0-korean.php&loknya=/var/www/vhosts/omkar.com/httpdocs/application/libraries/classes/PHPExcel/Shared/PDF/fonts HTTP/1.0" 200 84296 "-" "Mozilla/5.0 (compatible; MJ12bot/v1.4.8; http://mj12bot.com/)"
62.84.185.52 - - [28/Jan/2026:09:10:11 +0100] "GET /uploads/news_document/13765920131768478999.php?lokasie=/var/www/vhosts/omkar.com/httpdocs/application/libraries/classes/PHPExcel/Shared/PDF/fonts/arialunicid0.php&loknya=/var/www/vhosts/omkar.com/httpdocs/application/libraries/classes/PHPExcel/Shared/PDF/fonts HTTP/1.0" 200 81109 "-" "Mozilla/5.0 (compatible; MJ12bot/v1.4.8; http://mj12bot.com/)"
62.84.185.52 - - [28/Jan/2026:09:10:14 +0100] "GET /uploads/news_document/13765920131768478999.php?lokasie=/var/www/vhosts/omkar.com/httpdocs/application/libraries/classes/PHPExcel/Shared/PDF/fonts/chinese.php&loknya=/var/www/vhosts/omkar.com/httpdocs/application/libraries/classes/PHPExcel/Shared/PDF/fonts HTTP/1.0" 200 6806 "-" "Mozilla/5.0 (compatible; MJ12bot/v1.4.8; http://mj12bot.com/)"
62.84.185.52 - - [28/Jan/2026:09:10:17 +0100] "GET /uploads/news_document/13765920131768478999.php?lokasie=/var/www/vhosts/omkar.com/httpdocs/application/libraries/classes/PHPExcel/Shared/PDF/fonts/courier.php&loknya=/var/www/vhosts/omkar.com/httpdocs/application/libraries/classes/PHPExcel/Shared/PDF/fonts HTTP/1.0" 200 3357 "-" "Mozilla/5.0 (compatible; MJ12bot/v1.4.8; http://mj12bot.com/)"
62.84.185.52 - - [28/Jan/2026:09:10:20 +0100] "GET /uploads/news_document/13765920131768478999.php?lokasie=/var/www/vhosts/omkar.com/httpdocs/application/libraries/classes/PHPExcel/Shared/PDF/fonts/dejavusans.ctg.z&loknya=/var/www/vhosts/omkar.com/httpdocs/application/libraries/classes/PHPExcel/Shared/PDF/fonts HTTP/1.0" 200 5764 "-" "Mozilla/5.0 (compatible; MJ12bot/v1.4.8; http://mj12bot.com/)"
62.84.185.52 - - [28/Jan/2026:09:10:23 +0100] "GET /uploads/news_document/13765920131768478999.php?lokasie=/var/www/vhosts/omkar.com/httpdocs/application/libraries/classes/PHPExcel/Shared/PDF/fonts/dejavusans.php&loknya=/var/www/vhosts/omkar.com/httpdocs/application/libraries/classes/PHPExcel/Shared/PDF/fonts HTTP/1.0" 200 24289 "-" "Mozilla/5.0 (compatible; MJ12bot/v1.4.8; http://mj12bot.com/)"
62.84.185.52 - - [28/Jan/2026:09:10:27 +0100] "GET /uploads/news_document/13765920131768478999.php?lokasie=/var/www/vhosts/omkar.com/httpdocs/application/libraries/classes/PHPExcel/Shared/PDF/fonts/dejavusans.z&loknya=/var/www/vhosts/omkar.com/httpdocs/application/libraries/classes/PHPExcel/Shared/PDF/fonts HTTP/1.0" 200 5761 "-" "Mozilla/5.0 (compatible; MJ12bot/v1.4.8; http://mj12bot.com/)"
62.84.185.52 - - [28/Jan/2026:09:10:29 +0100] "GET /uploads/news_document/13765920131768478999.php?lokasie=/var/www/vhosts/omkar.com/httpdocs/application/libraries/classes/PHPExcel/Shared/PDF/fonts/dejavusansb.ctg.z&loknya=/var/www/vhosts/omkar.com/httpdocs/application/libraries/classes/PHPExcel/Shared/PDF/fonts HTTP/1.0" 200 5765 "-" "Mozilla/5.0 (compatible; MJ12bot/v1.4.8; http://mj12bot.com/)"
62.84.185.52 - - [28/Jan/2026:09:10:33 +0100] "GET /uploads/news_document/13765920131768478999.php?lokasie=/var/www/vhosts/omkar.com/httpdocs/application/libraries/classes/PHPExcel/Shared/PDF/fonts/dejavusansb.php&loknya=/var/www/vhosts/omkar.com/httpdocs/application/libraries/classes/PHPExcel/Shared/PDF/fonts HTTP/1.0" 200 20880 "-" "Mozilla/5.0 (compatible; MJ12bot/v1.4.8; http://mj12bot.com/)"
62.84.185.52 - - [28/Jan/2026:09:10:35 +0100] "GET /uploads/news_document/13765920131768478999.php?lokasie=/var/www/vhosts/omkar.com/httpdocs/application/libraries/classes/PHPExcel/Shared/PDF/fonts/dejavusansb.z&loknya=/var/www/vhosts/omkar.com/httpdocs/application/libraries/classes/PHPExcel/Shared/PDF/fonts HTTP/1.0" 200 5762 "-" "Mozilla/5.0 (compatible; MJ12bot/v1.4.8; http://mj12bot.com/)"
62.84.185.52 - - [28/Jan/2026:09:10:39 +0100] "GET /uploads/news_document/13765920131768478999.php?lokasie=/var/www/vhosts/omkar.com/httpdocs/application/libraries/classes/PHPExcel/Shared/PDF/fonts/dejavusansbi.ctg.z&loknya=/var/www/vhosts/omkar.com/httpdocs/application/libraries/classes/PHPExcel/Shared/PDF/fonts HTTP/1.0" 200 2574 "-" "Mozilla/5.0 (compatible; MJ12bot/v1.4.8; http://mj12bot.com/)"
62.84.185.52 - - [28/Jan/2026:09:10:42 +0100] "GET /uploads/news_document/13765920131768478999.php?lokasie=/var/www/vhosts/omkar.com/httpdocs/application/libraries/classes/PHPExcel/Shared/PDF/fonts/dejavusansbi.php&loknya=/var/www/vhosts/omkar.com/httpdocs/application/libraries/classes/PHPExcel/Shared/PDF/fonts HTTP/1.0" 200 22302 "-" "Mozilla/5.0 (compatible; MJ12bot/v1.4.8; http://mj12bot.com/)"
62.84.185.52 - - [28/Jan/2026:09:10:45 +0100] "GET /uploads/news_document/13765920131768478999.php?lokasie=/var/www/vhosts/omkar.com/httpdocs/application/libraries/classes/PHPExcel/Shared/PDF/fonts/dejavusansbi.z&loknya=/var/www/vhosts/omkar.com/httpdocs/application/libraries/classes/PHPExcel/Shared/PDF/fonts HTTP/1.0" 200 5763 "-" "Mozilla/5.0 (compatible; MJ12bot/v1.4.8; http://mj12bot.com/)"
62.84.185.52 - - [28/Jan/2026:09:10:48 +0100] "GET /uploads/news_document/13765920131768478999.php?lokasie=/var/www/vhosts/omkar.com/httpdocs/application/libraries/classes/PHPExcel/Shared/PDF/fonts/dejavusanscondensed.ctg.z&loknya=/var/www/vhosts/omkar.com/httpdocs/application/libraries/classes/PHPExcel/Shared/PDF/fonts HTTP/1.0" 200 2578 "-" "Mozilla/5.0 (compatible; MJ12bot/v1.4.8; http://mj12bot.com/)"
62.84.185.52 - - [28/Jan/2026:09:10:51 +0100] "GET /uploads/news_document/13765920131768478999.php?lokasie=/var/www/vhosts/omkar.com/httpdocs/application/libraries/classes/PHPExcel/Shared/PDF/fonts/dejavusanscondensed.php&loknya=/var/www/vhosts/omkar.com/httpdocs/application/libraries/classes/PHPExcel/Shared/PDF/fonts HTTP/1.0" 200 21075 "-" "Mozilla/5.0 (compatible; MJ12bot/v1.4.8; http://mj12bot.com/)"
62.84.185.52 - - [28/Jan/2026:09:10:55 +0100] "GET /uploads/news_document/13765920131768478999.php?lokasie=/var/www/vhosts/omkar.com/httpdocs/application/libraries/classes/PHPExcel/Shared/PDF/fonts/dejavusanscondensed.z&loknya=/var/www/vhosts/omkar.com/httpdocs/application/libraries/classes/PHPExcel/Shared/PDF/fonts HTTP/1.0" 200 5767 "-" "Mozilla/5.0 (compatible; MJ12bot/v1.4.8; http://mj12bot.com/)"
62.84.185.52 - - [28/Jan/2026:09:10:58 +0100] "GET /uploads/news_document/13765920131768478999.php?lokasie=/var/www/vhosts/omkar.com/httpdocs/application/libraries/classes/PHPExcel/Shared/PDF/fonts/dejavusanscondensedb.ctg.z&loknya=/var/www/vhosts/omkar.com/httpdocs/application/libraries/classes/PHPExcel/Shared/PDF/fonts HTTP/1.0" 200 2579 "-" "Mozilla/5.0 (compatible; MJ12bot/v1.4.8; http://mj12bot.com/)"
62.84.185.52 - - [28/Jan/2026:09:11:05 +0100] "GET /uploads/news_document/13765920131768478999.php?lokasie=/var/www/vhosts/omkar.com/httpdocs/application/libraries/classes/PHPExcel/Shared/PDF/fonts/dejavusanscondensedb.php&loknya=/var/www/vhosts/omkar.com/httpdocs/application/libraries/classes/PHPExcel/Shared/PDF/fonts HTTP/1.0" 200 20874 "-" "Mozilla/5.0 (compatible; MJ12bot/v1.4.8; http://mj12bot.com/)"
