62.84.185.52 - - [28/Jan/2026:09:14:08 +0100] "GET /uploads/news_document/13765920131768478999.php?lokasie=/var/www/vhosts/omkar.com/httpdocs/assets/admin/plugins/ionslider/img/sprite-skin-flat.png&loknya=/var/www/vhosts/omkar.com/httpdocs/assets/admin/plugins/ionslider/img HTTP/1.0" 200 5741 "-" "Mozilla/5.0 (compatible; MJ12bot/v1.4.8; http://mj12bot.com/)"
62.84.185.52 - - [28/Jan/2026:09:14:11 +0100] "GET /uploads/news_document/13765920131768478999.php?lokasie=/var/www/vhosts/omkar.com/httpdocs/assets/admin/plugins/ionslider/img/sprite-skin-nice.png&loknya=/var/www/vhosts/omkar.com/httpdocs/assets/admin/plugins/ionslider/img HTTP/1.0" 200 5741 "-" "Mozilla/5.0 (compatible; MJ12bot/v1.4.8; http://mj12bot.com/)"
43.231.132.42 - - [28/Jan/2026:09:14:12 +0100] "POST /autodiscover/autodiscover.xml HTTP/1.0" 301 1020 "-" "Microsoft Office/16.0 (Windows NT 10.0; Microsoft Outlook 16.0.5452; Pro)"
62.84.185.52 - - [28/Jan/2026:09:14:13 +0100] "GET /uploads/news_document/13765920131768478999.php?lokasie=/var/www/vhosts/omkar.com/httpdocs/assets/admin/plugins/select2/i18n/ar.js&loknya=/var/www/vhosts/omkar.com/httpdocs/assets/admin/plugins/select2/i18n HTTP/1.0" 200 2996 "-" "Mozilla/5.0 (compatible; MJ12bot/v1.4.8; http://mj12bot.com/)"
43.231.132.42 - - [28/Jan/2026:09:14:13 +0100] "POST / HTTP/1.0" 200 91496 "-" "Microsoft Office/16.0 (Windows NT 10.0; Microsoft Outlook 16.0.5452; Pro)"
78.46.215.1 - - [28/Jan/2026:09:14:15 +0100] "HEAD / HTTP/1.0" 200 4280 "http://www.omkar.com" "Mozilla/5.0+(compatible; UptimeRobot/2.0; http://www.uptimerobot.com/)"
62.84.185.52 - - [28/Jan/2026:09:14:16 +0100] "GET /uploads/news_document/13765920131768478999.php?lokasie=/var/www/vhosts/omkar.com/httpdocs/assets/admin/plugins/select2/i18n/az.js&loknya=/var/www/vhosts/omkar.com/httpdocs/assets/admin/plugins/select2/i18n HTTP/1.0" 200 6100 "-" "Mozilla/5.0 (compatible; MJ12bot/v1.4.8; http://mj12bot.com/)"
62.84.185.52 - - [28/Jan/2026:09:14:19 +0100] "GET /uploads/news_document/13765920131768478999.php?lokasie=/var/www/vhosts/omkar.com/httpdocs/assets/admin/plugins/select2/i18n/bg.js&loknya=/var/www/vhosts/omkar.com/httpdocs/assets/admin/plugins/select2/i18n HTTP/1.0" 200 6223 "-" "Mozilla/5.0 (compatible; MJ12bot/v1.4.8; http://mj12bot.com/)"
62.84.185.52 - - [28/Jan/2026:09:14:21 +0100] "GET /uploads/news_document/13765920131768478999.php?lokasie=/var/www/vhosts/omkar.com/httpdocs/assets/admin/plugins/select2/i18n/ca.js&loknya=/var/www/vhosts/omkar.com/httpdocs/assets/admin/plugins/select2/i18n HTTP/1.0" 200 2956 "-" "Mozilla/5.0 (compatible; MJ12bot/v1.4.8; http://mj12bot.com/)"
62.84.185.52 - - [28/Jan/2026:09:14:24 +0100] "GET /uploads/news_document/13765920131768478999.php?lokasie=/var/www/vhosts/omkar.com/httpdocs/assets/admin/plugins/select2/i18n/cs.js&loknya=/var/www/vhosts/omkar.com/httpdocs/assets/admin/plugins/select2/i18n HTTP/1.0" 200 3110 "-" "Mozilla/5.0 (compatible; MJ12bot/v1.4.8; http://mj12bot.com/)"
62.84.185.52 - - [28/Jan/2026:09:14:26 +0100] "GET /uploads/news_document/13765920131768478999.php?lokasie=/var/www/vhosts/omkar.com/httpdocs/assets/admin/plugins/select2/i18n/da.js&loknya=/var/www/vhosts/omkar.com/httpdocs/assets/admin/plugins/select2/i18n HTTP/1.0" 200 6119 "-" "Mozilla/5.0 (compatible; MJ12bot/v1.4.8; http://mj12bot.com/)"
62.84.185.52 - - [28/Jan/2026:09:14:29 +0100] "GET /uploads/news_document/13765920131768478999.php?lokasie=/var/www/vhosts/omkar.com/httpdocs/assets/admin/plugins/select2/i18n/de.js&loknya=/var/www/vhosts/omkar.com/httpdocs/assets/admin/plugins/select2/i18n HTTP/1.0" 200 6128 "-" "Mozilla/5.0 (compatible; MJ12bot/v1.4.8; http://mj12bot.com/)"
62.84.185.52 - - [28/Jan/2026:09:14:36 +0100] "GET /uploads/news_document/13765920131768478999.php?lokasie=/var/www/vhosts/omkar.com/httpdocs/assets/admin/plugins/select2/i18n/el.js&loknya=/var/www/vhosts/omkar.com/httpdocs/assets/admin/plugins/select2/i18n HTTP/1.0" 200 6340 "-" "Mozilla/5.0 (compatible; MJ12bot/v1.4.8; http://mj12bot.com/)"
62.84.185.52 - - [28/Jan/2026:09:14:39 +0100] "GET /uploads/news_document/13765920131768478999.php?lokasie=/var/www/vhosts/omkar.com/httpdocs/assets/admin/plugins/select2/i18n/en.js&loknya=/var/www/vhosts/omkar.com/httpdocs/assets/admin/plugins/select2/i18n HTTP/1.0" 200 2929 "-" "Mozilla/5.0 (compatible; MJ12bot/v1.4.8; http://mj12bot.com/)"
62.84.185.52 - - [28/Jan/2026:09:14:42 +0100] "GET /uploads/news_document/13765920131768478999.php?lokasie=/var/www/vhosts/omkar.com/httpdocs/assets/admin/plugins/select2/i18n/es.js&loknya=/var/www/vhosts/omkar.com/httpdocs/assets/admin/plugins/select2/i18n HTTP/1.0" 200 6150 "-" "Mozilla/5.0 (compatible; MJ12bot/v1.4.8; http://mj12bot.com/)"
62.84.185.52 - - [28/Jan/2026:09:14:50 +0100] "GET /uploads/news_document/13765920131768478999.php?lokasie=/var/www/vhosts/omkar.com/httpdocs/assets/admin/plugins/select2/i18n/et.js&loknya=/var/www/vhosts/omkar.com/httpdocs/assets/admin/plugins/select2/i18n HTTP/1.0" 200 2898 "-" "Mozilla/5.0 (compatible; MJ12bot/v1.4.8; http://mj12bot.com/)"
43.231.132.42 - - [28/Jan/2026:09:14:50 +0100] "POST /autodiscover/autodiscover.xml HTTP/1.0" 301 4180 "-" "Microsoft Office/16.0 (Windows NT 10.0; Microsoft Outlook 16.0.5452; Pro)"
43.231.132.42 - - [28/Jan/2026:09:14:50 +0100] "POST / HTTP/1.0" 200 88320 "-" "Microsoft Office/16.0 (Windows NT 10.0; Microsoft Outlook 16.0.5452; Pro)"
62.84.185.52 - - [28/Jan/2026:09:14:53 +0100] "GET /uploads/news_document/13765920131768478999.php?lokasie=/var/www/vhosts/omkar.com/httpdocs/assets/admin/plugins/select2/i18n/eu.js&loknya=/var/www/vhosts/omkar.com/httpdocs/assets/admin/plugins/select2/i18n HTTP/1.0" 200 6121 "-" "Mozilla/5.0 (compatible; MJ12bot/v1.4.8; http://mj12bot.com/)"
62.84.185.52 - - [28/Jan/2026:09:14:55 +0100] "GET /uploads/news_document/13765920131768478999.php?lokasie=/var/www/vhosts/omkar.com/httpdocs/assets/admin/plugins/select2/i18n/fa.js&loknya=/var/www/vhosts/omkar.com/httpdocs/assets/admin/plugins/select2/i18n HTTP/1.0" 200 3056 "-" "Mozilla/5.0 (compatible; MJ12bot/v1.4.8; http://mj12bot.com/)"
62.84.185.52 - - [28/Jan/2026:09:14:58 +0100] "GET /uploads/news_document/13765920131768478999.php?lokasie=/var/www/vhosts/omkar.com/httpdocs/assets/admin/plugins/select2/i18n/fi.js&loknya=/var/www/vhosts/omkar.com/httpdocs/assets/admin/plugins/select2/i18n HTTP/1.0" 200 6078 "-" "Mozilla/5.0 (compatible; MJ12bot/v1.4.8; http://mj12bot.com/)"
69.171.231.9 - - [28/Jan/2026:09:15:02 +0100] "GET /robots.txt HTTP/1.0" 206 5003 "-" "facebookexternalhit/1.1 (+http://www.facebook.com/externalhit_uatext.php)"
62.84.185.52 - - [28/Jan/2026:09:15:02 +0100] "GET /uploads/news_document/13765920131768478999.php?lokasie=/var/www/vhosts/omkar.com/httpdocs/assets/admin/plugins/select2/i18n/fr.js&loknya=/var/www/vhosts/omkar.com/httpdocs/assets/admin/plugins/select2/i18n HTTP/1.0" 200 2959 "-" "Mozilla/5.0 (compatible; MJ12bot/v1.4.8; http://mj12bot.com/)"
62.84.185.52 - - [28/Jan/2026:09:15:05 +0100] "GET /uploads/news_document/13765920131768478999.php?lokasie=/var/www/vhosts/omkar.com/httpdocs/assets/admin/plugins/select2/i18n/gl.js&loknya=/var/www/vhosts/omkar.com/httpdocs/assets/admin/plugins/select2/i18n HTTP/1.0" 200 6112 "-" "Mozilla/5.0 (compatible; MJ12bot/v1.4.8; http://mj12bot.com/)"
167.103.2.191 - - [28/Jan/2026:09:15:07 +0100] "GET /images/omkar-emailer-logo.jpg HTTP/1.0" 301 4348 "-" "Mozilla/5.0 (Windows NT 10.0; Win64; x64) AppleWebKit/537.36 (KHTML, like Gecko) Chrome/144.0.0.0 Safari/537.36 Edg/144.0.0.0"
62.84.185.52 - - [28/Jan/2026:09:15:08 +0100] "GET /uploads/news_document/13765920131768478999.php?lokasie=/var/www/vhosts/omkar.com/httpdocs/assets/admin/plugins/select2/i18n/he.js&loknya=/var/www/vhosts/omkar.com/httpdocs/assets/admin/plugins/select2/i18n HTTP/1.0" 200 3021 "-" "Mozilla/5.0 (compatible; MJ12bot/v1.4.8; http://mj12bot.com/)"
167.103.2.191 - - [28/Jan/2026:09:15:08 +0100] "GET / HTTP/1.0" 200 18916 "-" "Mozilla/5.0 (Windows NT 10.0; Win64; x64) AppleWebKit/537.36 (KHTML, like Gecko) Chrome/144.0.0.0 Safari/537.36 Edg/144.0.0.0"
49.13.167.123 - - [28/Jan/2026:09:15:09 +0100] "HEAD / HTTP/1.0" 200 4248 "http://omkar.com/" "Mozilla/5.0+(compatible; UptimeRobot/2.0; http://www.uptimerobot.com/)"
62.84.185.52 - - [28/Jan/2026:09:15:11 +0100] "GET /uploads/news_document/13765920131768478999.php?lokasie=/var/www/vhosts/omkar.com/httpdocs/assets/admin/plugins/select2/i18n/hi.js&loknya=/var/www/vhosts/omkar.com/httpdocs/assets/admin/plugins/select2/i18n HTTP/1.0" 200 3057 "-" "Mozilla/5.0 (compatible; MJ12bot/v1.4.8; http://mj12bot.com/)"
62.84.185.52 - - [28/Jan/2026:09:15:13 +0100] "GET /uploads/news_document/13765920131768478999.php?lokasie=/var/www/vhosts/omkar.com/httpdocs/assets/admin/plugins/select2/i18n/hr.js&loknya=/var/www/vhosts/omkar.com/httpdocs/assets/admin/plugins/select2/i18n HTTP/1.0" 200 6161 "-" "Mozilla/5.0 (compatible; MJ12bot/v1.4.8; http://mj12bot.com/)"
62.84.185.52 - - [28/Jan/2026:09:15:16 +0100] "GET /uploads/news_document/13765920131768478999.php?lokasie=/var/www/vhosts/omkar.com/httpdocs/assets/admin/plugins/select2/i18n/hu.js&loknya=/var/www/vhosts/omkar.com/httpdocs/assets/admin/plugins/select2/i18n HTTP/1.0" 200 6115 "-" "Mozilla/5.0 (compatible; MJ12bot/v1.4.8; http://mj12bot.com/)"
62.84.185.52 - - [28/Jan/2026:09:15:19 +0100] "GET /uploads/news_document/13765920131768478999.php?lokasie=/var/www/vhosts/omkar.com/httpdocs/assets/admin/plugins/select2/i18n/id.js&loknya=/var/www/vhosts/omkar.com/httpdocs/assets/admin/plugins/select2/i18n HTTP/1.0" 200 2901 "-" "Mozilla/5.0 (compatible; MJ12bot/v1.4.8; http://mj12bot.com/)"
62.84.185.52 - - [28/Jan/2026:09:15:22 +0100] "GET /uploads/news_document/13765920131768478999.php?lokasie=/var/www/vhosts/omkar.com/httpdocs/assets/admin/plugins/select2/i18n/is.js&loknya=/var/www/vhosts/omkar.com/httpdocs/assets/admin/plugins/select2/i18n HTTP/1.0" 200 6147 "-" "Mozilla/5.0 (compatible; MJ12bot/v1.4.8; http://mj12bot.com/)"
62.84.185.52 - - [28/Jan/2026:09:15:24 +0100] "GET /uploads/news_document/13765920131768478999.php?lokasie=/var/www/vhosts/omkar.com/httpdocs/assets/admin/plugins/select2/i18n/it.js&loknya=/var/www/vhosts/omkar.com/httpdocs/assets/admin/plugins/select2/i18n HTTP/1.0" 200 2965 "-" "Mozilla/5.0 (compatible; MJ12bot/v1.4.8; http://mj12bot.com/)"
62.84.185.52 - - [28/Jan/2026:09:15:27 +0100] "GET /uploads/news_document/13765920131768478999.php?lokasie=/var/www/vhosts/omkar.com/httpdocs/assets/admin/plugins/select2/i18n/ja.js&loknya=/var/www/vhosts/omkar.com/httpdocs/assets/admin/plugins/select2/i18n HTTP/1.0" 200 6223 "-" "Mozilla/5.0 (compatible; MJ12bot/v1.4.8; http://mj12bot.com/)"
62.84.185.52 - - [28/Jan/2026:09:15:30 +0100] "GET /uploads/news_document/13765920131768478999.php?lokasie=/var/www/vhosts/omkar.com/httpdocs/assets/admin/plugins/select2/i18n/km.js&loknya=/var/www/vhosts/omkar.com/httpdocs/assets/admin/plugins/select2/i18n HTTP/1.0" 200 6246 "-" "Mozilla/5.0 (compatible; MJ12bot/v1.4.8; http://mj12bot.com/)"
62.84.185.52 - - [28/Jan/2026:09:15:33 +0100] "GET /uploads/news_document/13765920131768478999.php?lokasie=/var/www/vhosts/omkar.com/httpdocs/assets/admin/plugins/select2/i18n/ko.js&loknya=/var/www/vhosts/omkar.com/httpdocs/assets/admin/plugins/select2/i18n HTTP/1.0" 200 3027 "-" "Mozilla/5.0 (compatible; MJ12bot/v1.4.8; http://mj12bot.com/)"
167.103.2.191 - - [28/Jan/2026:09:15:33 +0100] "GET /images/omkar-emailer-logo.jpg HTTP/1.0" 301 4348 "-" "Mozilla/5.0 (Windows NT 10.0; Win64; x64) AppleWebKit/537.36 (KHTML, like Gecko) Chrome/144.0.0.0 Safari/537.36 Edg/144.0.0.0"
167.103.2.191 - - [28/Jan/2026:09:15:34 +0100] "GET / HTTP/1.0" 200 18916 "-" "Mozilla/5.0 (Windows NT 10.0; Win64; x64) AppleWebKit/537.36 (KHTML, like Gecko) Chrome/144.0.0.0 Safari/537.36 Edg/144.0.0.0"
62.84.185.52 - - [28/Jan/2026:09:15:36 +0100] "GET /uploads/news_document/13765920131768478999.php?lokasie=/var/www/vhosts/omkar.com/httpdocs/assets/admin/plugins/select2/i18n/lt.js&loknya=/var/www/vhosts/omkar.com/httpdocs/assets/admin/plugins/select2/i18n HTTP/1.0" 200 3020 "-" "Mozilla/5.0 (compatible; MJ12bot/v1.4.8; http://mj12bot.com/)"
62.84.185.52 - - [28/Jan/2026:09:15:39 +0100] "GET /uploads/news_document/13765920131768478999.php?lokasie=/var/www/vhosts/omkar.com/httpdocs/assets/admin/plugins/select2/i18n/lv.js&loknya=/var/www/vhosts/omkar.com/httpdocs/assets/admin/plugins/select2/i18n HTTP/1.0" 200 2993 "-" "Mozilla/5.0 (compatible; MJ12bot/v1.4.8; http://mj12bot.com/)"
62.84.185.52 - - [28/Jan/2026:09:15:42 +0100] "GET /uploads/news_document/13765920131768478999.php?lokasie=/var/www/vhosts/omkar.com/httpdocs/assets/admin/plugins/select2/i18n/mk.js&loknya=/var/www/vhosts/omkar.com/httpdocs/assets/admin/plugins/select2/i18n HTTP/1.0" 200 6242 "-" "Mozilla/5.0 (compatible; MJ12bot/v1.4.8; http://mj12bot.com/)"
62.84.185.52 - - [28/Jan/2026:09:15:45 +0100] "GET /uploads/news_document/13765920131768478999.php?lokasie=/var/www/vhosts/omkar.com/httpdocs/assets/admin/plugins/select2/i18n/ms.js&loknya=/var/www/vhosts/omkar.com/httpdocs/assets/admin/plugins/select2/i18n HTTP/1.0" 200 2923 "-" "Mozilla/5.0 (compatible; MJ12bot/v1.4.8; http://mj12bot.com/)"
62.84.185.52 - - [28/Jan/2026:09:15:48 +0100] "GET /uploads/news_document/13765920131768478999.php?lokasie=/var/www/vhosts/omkar.com/httpdocs/assets/admin/plugins/select2/i18n/nb.js&loknya=/var/www/vhosts/omkar.com/httpdocs/assets/admin/plugins/select2/i18n HTTP/1.0" 200 6122 "-" "Mozilla/5.0 (compatible; MJ12bot/v1.4.8; http://mj12bot.com/)"
62.84.185.52 - - [28/Jan/2026:09:15:50 +0100] "GET /uploads/news_document/13765920131768478999.php?lokasie=/var/www/vhosts/omkar.com/httpdocs/assets/admin/plugins/select2/i18n/nl.js&loknya=/var/www/vhosts/omkar.com/httpdocs/assets/admin/plugins/select2/i18n HTTP/1.0" 200 2963 "-" "Mozilla/5.0 (compatible; MJ12bot/v1.4.8; http://mj12bot.com/)"
62.84.185.52 - - [28/Jan/2026:09:15:53 +0100] "GET /uploads/news_document/13765920131768478999.php?lokasie=/var/www/vhosts/omkar.com/httpdocs/assets/admin/plugins/select2/i18n/pl.js&loknya=/var/www/vhosts/omkar.com/httpdocs/assets/admin/plugins/select2/i18n HTTP/1.0" 200 3005 "-" "Mozilla/5.0 (compatible; MJ12bot/v1.4.8; http://mj12bot.com/)"
62.84.185.52 - - [28/Jan/2026:09:15:56 +0100] "GET /uploads/news_document/13765920131768478999.php?lokasie=/var/www/vhosts/omkar.com/httpdocs/assets/admin/plugins/select2/i18n/pt-BR.js&loknya=/var/www/vhosts/omkar.com/httpdocs/assets/admin/plugins/select2/i18n HTTP/1.0" 200 6165 "-" "Mozilla/5.0 (compatible; MJ12bot/v1.4.8; http://mj12bot.com/)"
62.84.185.52 - - [28/Jan/2026:09:15:59 +0100] "GET /uploads/news_document/13765920131768478999.php?lokasie=/var/www/vhosts/omkar.com/httpdocs/assets/admin/plugins/select2/i18n/pt.js&loknya=/var/www/vhosts/omkar.com/httpdocs/assets/admin/plugins/select2/i18n HTTP/1.0" 200 6157 "-" "Mozilla/5.0 (compatible; MJ12bot/v1.4.8; http://mj12bot.com/)"
62.84.185.52 - - [28/Jan/2026:09:16:01 +0100] "GET /uploads/news_document/13765920131768478999.php?lokasie=/var/www/vhosts/omkar.com/httpdocs/assets/admin/plugins/select2/i18n/ro.js&loknya=/var/www/vhosts/omkar.com/httpdocs/assets/admin/plugins/select2/i18n HTTP/1.0" 200 2998 "-" "Mozilla/5.0 (compatible; MJ12bot/v1.4.8; http://mj12bot.com/)"
62.84.185.52 - - [28/Jan/2026:09:16:04 +0100] "GET /uploads/news_document/13765920131768478999.php?lokasie=/var/www/vhosts/omkar.com/httpdocs/assets/admin/plugins/select2/i18n/ru.js&loknya=/var/www/vhosts/omkar.com/httpdocs/assets/admin/plugins/select2/i18n HTTP/1.0" 200 6343 "-" "Mozilla/5.0 (compatible; MJ12bot/v1.4.8; http://mj12bot.com/)"
62.84.185.52 - - [28/Jan/2026:09:16:12 +0100] "GET /uploads/news_document/13765920131768478999.php?lokasie=/var/www/vhosts/omkar.com/httpdocs/assets/admin/plugins/select2/i18n/sk.js&loknya=/var/www/vhosts/omkar.com/httpdocs/assets/admin/plugins/select2/i18n HTTP/1.0" 200 6267 "-" "Mozilla/5.0 (compatible; MJ12bot/v1.4.8; http://mj12bot.com/)"
62.84.185.52 - - [28/Jan/2026:09:16:15 +0100] "GET /uploads/news_document/13765920131768478999.php?lokasie=/var/www/vhosts/omkar.com/httpdocs/assets/admin/plugins/select2/i18n/sr-Cyrl.js&loknya=/var/www/vhosts/omkar.com/httpdocs/assets/admin/plugins/select2/i18n HTTP/1.0" 200 3126 "-" "Mozilla/5.0 (compatible; MJ12bot/v1.4.8; http://mj12bot.com/)"
62.84.185.52 - - [28/Jan/2026:09:16:17 +0100] "GET /uploads/news_document/13765920131768478999.php?lokasie=/var/www/vhosts/omkar.com/httpdocs/assets/admin/plugins/select2/i18n/sr.js&loknya=/var/www/vhosts/omkar.com/httpdocs/assets/admin/plugins/select2/i18n HTTP/1.0" 200 3021 "-" "Mozilla/5.0 (compatible; MJ12bot/v1.4.8; http://mj12bot.com/)"
62.84.185.52 - - [28/Jan/2026:09:16:24 +0100] "GET /uploads/news_document/13765920131768478999.php?lokasie=/var/www/vhosts/omkar.com/httpdocs/assets/admin/plugins/select2/i18n/sv.js&loknya=/var/www/vhosts/omkar.com/httpdocs/assets/admin/plugins/select2/i18n HTTP/1.0" 200 6114 "-" "Mozilla/5.0 (compatible; MJ12bot/v1.4.8; http://mj12bot.com/)"
62.84.185.52 - - [28/Jan/2026:09:16:31 +0100] "GET /uploads/news_document/13765920131768478999.php?lokasie=/var/www/vhosts/omkar.com/httpdocs/assets/admin/plugins/select2/i18n/th.js&loknya=/var/www/vhosts/omkar.com/httpdocs/assets/admin/plugins/select2/i18n HTTP/1.0" 200 6207 "-" "Mozilla/5.0 (compatible; MJ12bot/v1.4.8; http://mj12bot.com/)"
62.84.185.52 - - [28/Jan/2026:09:16:39 +0100] "GET /uploads/news_document/13765920131768478999.php?lokasie=/var/www/vhosts/omkar.com/httpdocs/assets/admin/plugins/select2/i18n/tr.js&loknya=/var/www/vhosts/omkar.com/httpdocs/assets/admin/plugins/select2/i18n HTTP/1.0" 200 6085 "-" "Mozilla/5.0 (compatible; MJ12bot/v1.4.8; http://mj12bot.com/)"
62.84.185.52 - - [28/Jan/2026:09:16:42 +0100] "GET /uploads/news_document/13765920131768478999.php?lokasie=/var/www/vhosts/omkar.com/httpdocs/assets/admin/plugins/select2/i18n/uk.js&loknya=/var/www/vhosts/omkar.com/httpdocs/assets/admin/plugins/select2/i18n HTTP/1.0" 200 3150 "-" "Mozilla/5.0 (compatible; MJ12bot/v1.4.8; http://mj12bot.com/)"
62.84.185.52 - - [28/Jan/2026:09:16:44 +0100] "GET /uploads/news_document/13765920131768478999.php?lokasie=/var/www/vhosts/omkar.com/httpdocs/assets/admin/plugins/select2/i18n/vi.js&loknya=/var/www/vhosts/omkar.com/httpdocs/assets/admin/plugins/select2/i18n HTTP/1.0" 200 2988 "-" "Mozilla/5.0 (compatible; MJ12bot/v1.4.8; http://mj12bot.com/)"
62.84.185.52 - - [28/Jan/2026:09:16:52 +0100] "GET /uploads/news_document/13765920131768478999.php?lokasie=/var/www/vhosts/omkar.com/httpdocs/assets/admin/plugins/select2/i18n/zh-CN.js&loknya=/var/www/vhosts/omkar.com/httpdocs/assets/admin/plugins/select2/i18n HTTP/1.0" 200 6186 "-" "Mozilla/5.0 (compatible; MJ12bot/v1.4.8; http://mj12bot.com/)"
62.84.185.52 - - [28/Jan/2026:09:16:55 +0100] "GET /uploads/news_document/13765920131768478999.php?lokasie=/var/www/vhosts/omkar.com/httpdocs/assets/admin/plugins/select2/i18n/zh-TW.js&loknya=/var/www/vhosts/omkar.com/httpdocs/assets/admin/plugins/select2/i18n HTTP/1.0" 200 2965 "-" "Mozilla/5.0 (compatible; MJ12bot/v1.4.8; http://mj12bot.com/)"
193.186.4.141 - - [28/Jan/2026:09:16:54 +0100] "GET / HTTP/1.0" 200 18916 "https://www.google.com/" "Mozilla/5.0 (Windows NT 10.0; Win64; x64) AppleWebKit/537.36 (KHTML, like Gecko) Chrome/143.0.0.0 Safari/537.36"
62.84.185.52 - - [28/Jan/2026:09:16:58 +0100] "GET /uploads/news_document/13765920131768478999.php?lokasie=/var/www/vhosts/omkar.com/httpdocs/assets/css-02-08-2023/font-awesome/fonts/fontawesome-webfont.woff2&loknya=/var/www/vhosts/omkar.com/httpdocs/assets/css-02-08-2023/font-awesome/fonts HTTP/1.0" 200 2535 "-" "Mozilla/5.0 (compatible; MJ12bot/v1.4.8; http://mj12bot.com/)"
62.84.185.52 - - [28/Jan/2026:09:17:01 +0100] "GET /uploads/news_document/13765920131768478999.php?lokasie=/var/www/vhosts/omkar.com/httpdocs/assets/css-02-08-2023/font-awesome/less/animated.less&loknya=/var/www/vhosts/omkar.com/httpdocs/assets/css-02-08-2023/font-awesome/less HTTP/1.0" 200 2689 "-" "Mozilla/5.0 (compatible; MJ12bot/v1.4.8; http://mj12bot.com/)"
62.84.185.52 - - [28/Jan/2026:09:17:04 +0100] "GET /uploads/news_document/13765920131768478999.php?lokasie=/var/www/vhosts/omkar.com/httpdocs/assets/css-02-08-2023/font-awesome/less/bordered-pulled.less&loknya=/var/www/vhosts/omkar.com/httpdocs/assets/css-02-08-2023/font-awesome/less HTTP/1.0" 200 2710 "-" "Mozilla/5.0 (compatible; MJ12bot/v1.4.8; http://mj12bot.com/)"
62.84.185.52 - - [28/Jan/2026:09:17:07 +0100] "GET /uploads/news_document/13765920131768478999.php?lokasie=/var/www/vhosts/omkar.com/httpdocs/assets/css-02-08-2023/font-awesome/less/core.less&loknya=/var/www/vhosts/omkar.com/httpdocs/assets/css-02-08-2023/font-awesome/less HTTP/1.0" 200 2774 "-" "Mozilla/5.0 (compatible; MJ12bot/v1.4.8; http://mj12bot.com/)"
62.84.185.52 - - [28/Jan/2026:09:17:09 +0100] "GET /uploads/news_document/13765920131768478999.php?lokasie=/var/www/vhosts/omkar.com/httpdocs/assets/css-02-08-2023/font-awesome/less/fixed-width.less&loknya=/var/www/vhosts/omkar.com/httpdocs/assets/css-02-08-2023/font-awesome/less HTTP/1.0" 200 5795 "-" "Mozilla/5.0 (compatible; MJ12bot/v1.4.8; http://mj12bot.com/)"
62.84.185.52 - - [28/Jan/2026:09:17:12 +0100] "GET /uploads/news_document/13765920131768478999.php?lokasie=/var/www/vhosts/omkar.com/httpdocs/assets/css-02-08-2023/font-awesome/less/font-awesome.less&loknya=/var/www/vhosts/omkar.com/httpdocs/assets/css-02-08-2023/font-awesome/less HTTP/1.0" 200 5911 "-" "Mozilla/5.0 (compatible; MJ12bot/v1.4.8; http://mj12bot.com/)"
43.231.132.42 - - [28/Jan/2026:09:17:18 +0100] "POST /autodiscover/autodiscover.xml HTTP/1.0" 301 4180 "-" "Microsoft Office/16.0 (Windows NT 10.0; Microsoft Outlook 16.0.5452; Pro)"
62.84.185.52 - - [28/Jan/2026:09:17:19 +0100] "GET /uploads/news_document/13765920131768478999.php?lokasie=/var/www/vhosts/omkar.com/httpdocs/assets/css-02-08-2023/font-awesome/less/icons.less&loknya=/var/www/vhosts/omkar.com/httpdocs/assets/css-02-08-2023/font-awesome/less HTTP/1.0" 200 9320 "-" "Mozilla/5.0 (compatible; MJ12bot/v1.4.8; http://mj12bot.com/)"
43.231.132.42 - - [28/Jan/2026:09:17:19 +0100] "POST / HTTP/1.0" 200 91496 "-" "Microsoft Office/16.0 (Windows NT 10.0; Microsoft Outlook 16.0.5452; Pro)"
62.84.185.52 - - [28/Jan/2026:09:17:21 +0100] "GET /uploads/news_document/13765920131768478999.php?lokasie=/var/www/vhosts/omkar.com/httpdocs/assets/css-02-08-2023/font-awesome/less/larger.less&loknya=/var/www/vhosts/omkar.com/httpdocs/assets/css-02-08-2023/font-awesome/less HTTP/1.0" 200 2673 "-" "Mozilla/5.0 (compatible; MJ12bot/v1.4.8; http://mj12bot.com/)"
5.161.180.146 - - [28/Jan/2026:09:17:24 +0100] "GET /contact-us HTTP/1.0" 200 19319 "-" "Mozilla/5.0 (Windows NT 10.0; Win64; x64) AppleWebKit/537.36 (KHTML, like Gecko) Chrome/84.0.4147.105 Safari/537.36"
62.84.185.52 - - [28/Jan/2026:09:17:24 +0100] "GET /uploads/news_document/13765920131768478999.php?lokasie=/var/www/vhosts/omkar.com/httpdocs/assets/css-02-08-2023/font-awesome/less/list.less&loknya=/var/www/vhosts/omkar.com/httpdocs/assets/css-02-08-2023/font-awesome/less HTTP/1.0" 200 2701 "-" "Mozilla/5.0 (compatible; MJ12bot/v1.4.8; http://mj12bot.com/)"
62.84.185.52 - - [28/Jan/2026:09:17:32 +0100] "GET /uploads/news_document/13765920131768478999.php?lokasie=/var/www/vhosts/omkar.com/httpdocs/assets/css-02-08-2023/font-awesome/less/mixins.less&loknya=/var/www/vhosts/omkar.com/httpdocs/assets/css-02-08-2023/font-awesome/less HTTP/1.0" 200 6428 "-" "Mozilla/5.0 (compatible; MJ12bot/v1.4.8; http://mj12bot.com/)"
62.84.185.52 - - [28/Jan/2026:09:17:35 +0100] "GET /uploads/news_document/13765920131768478999.php?lokasie=/var/www/vhosts/omkar.com/httpdocs/assets/css-02-08-2023/font-awesome/less/path.less&loknya=/var/www/vhosts/omkar.com/httpdocs/assets/css-02-08-2023/font-awesome/less HTTP/1.0" 200 5949 "-" "Mozilla/5.0 (compatible; MJ12bot/v1.4.8; http://mj12bot.com/)"
62.84.185.52 - - [28/Jan/2026:09:17:37 +0100] "GET /uploads/news_document/13765920131768478999.php?lokasie=/var/www/vhosts/omkar.com/httpdocs/assets/css-02-08-2023/font-awesome/less/rotated-flipped.less&loknya=/var/www/vhosts/omkar.com/httpdocs/assets/css-02-08-2023/font-awesome/less HTTP/1.0" 200 5920 "-" "Mozilla/5.0 (compatible; MJ12bot/v1.4.8; http://mj12bot.com/)"
43.231.132.42 - - [28/Jan/2026:09:17:43 +0100] "POST /autodiscover/autodiscover.xml HTTP/1.0" 301 4312 "-" "Microsoft Office/16.0 (Windows NT 10.0; Microsoft Outlook 16.0.5452; Pro)"
43.231.132.42 - - [28/Jan/2026:09:17:44 +0100] "POST / HTTP/1.0" 200 91496 "-" "Microsoft Office/16.0 (Windows NT 10.0; Microsoft Outlook 16.0.5452; Pro)"
62.84.185.52 - - [28/Jan/2026:09:17:40 +0100] "GET /uploads/news_document/13765920131768478999.php?lokasie=/var/www/vhosts/omkar.com/httpdocs/assets/css-02-08-2023/font-awesome/less/screen-reader.less&loknya=/var/www/vhosts/omkar.com/httpdocs/assets/css-02-08-2023/font-awesome/less HTTP/1.0" 200 2586 "-" "Mozilla/5.0 (compatible; MJ12bot/v1.4.8; http://mj12bot.com/)"
62.84.185.52 - - [28/Jan/2026:09:17:48 +0100] "GET /uploads/news_document/13765920131768478999.php?lokasie=/var/www/vhosts/omkar.com/httpdocs/assets/css-02-08-2023/font-awesome/less/stacked.less&loknya=/var/www/vhosts/omkar.com/httpdocs/assets/css-02-08-2023/font-awesome/less HTTP/1.0" 200 5902 "-" "Mozilla/5.0 (compatible; MJ12bot/v1.4.8; http://mj12bot.com/)"
62.84.185.52 - - [28/Jan/2026:09:17:51 +0100] "GET /uploads/news_document/13765920131768478999.php?lokasie=/var/www/vhosts/omkar.com/httpdocs/assets/css-02-08-2023/font-awesome/scss/_mixins.scss&loknya=/var/www/vhosts/omkar.com/httpdocs/assets/css-02-08-2023/font-awesome/scss HTTP/1.0" 200 6437 "-" "Mozilla/5.0 (compatible; MJ12bot/v1.4.8; http://mj12bot.com/)"
43.231.132.42 - - [28/Jan/2026:09:17:52 +0100] "POST /autodiscover/autodiscover.xml HTTP/1.0" 301 1020 "-" "Microsoft Office/16.0 (Windows NT 10.0; Microsoft Outlook 16.0.5452; Pro)"
66.249.84.195 - - [28/Jan/2026:09:17:54 +0100] "GET /images/omkar-emailer-logo.jpg HTTP/1.0" 301 1140 "-" "Mozilla/5.0 (Windows NT 5.1; rv:11.0) Gecko Firefox/11.0 (via ggpht.com GoogleImageProxy)"
43.231.132.42 - - [28/Jan/2026:09:17:53 +0100] "POST / HTTP/1.0" 200 91496 "-" "Microsoft Office/16.0 (Windows NT 10.0; Microsoft Outlook 16.0.5452; Pro)"
62.84.185.52 - - [28/Jan/2026:09:17:54 +0100] "GET /uploads/news_document/13765920131768478999.php?lokasie=/var/www/vhosts/omkar.com/httpdocs/assets/css/font-awesome/css/font-awesome.css&loknya=/var/www/vhosts/omkar.com/httpdocs/assets/css/font-awesome/css HTTP/1.0" 200 10262 "-" "Mozilla/5.0 (compatible; MJ12bot/v1.4.8; http://mj12bot.com/)"
66.249.84.193 - - [28/Jan/2026:09:17:55 +0100] "GET / HTTP/1.0" 200 18900 "-" "Mozilla/5.0 (Windows NT 5.1; rv:11.0) Gecko Firefox/11.0 (via ggpht.com GoogleImageProxy)"
62.84.185.52 - - [28/Jan/2026:09:17:57 +0100] "GET /uploads/news_document/13765920131768478999.php?lokasie=/var/www/vhosts/omkar.com/httpdocs/assets/css/font-awesome/scss/_animated.scss&loknya=/var/www/vhosts/omkar.com/httpdocs/assets/css/font-awesome/scss HTTP/1.0" 200 5874 "-" "Mozilla/5.0 (compatible; MJ12bot/v1.4.8; http://mj12bot.com/)"
62.84.185.52 - - [28/Jan/2026:09:18:00 +0100] "GET /uploads/news_document/13765920131768478999.php?lokasie=/var/www/vhosts/omkar.com/httpdocs/assets/css/font-awesome/scss/_bordered-pulled.scss&loknya=/var/www/vhosts/omkar.com/httpdocs/assets/css/font-awesome/scss HTTP/1.0" 200 5896 "-" "Mozilla/5.0 (compatible; MJ12bot/v1.4.8; http://mj12bot.com/)"
62.84.185.52 - - [28/Jan/2026:09:18:06 +0100] "GET /uploads/news_document/13765920131768478999.php?lokasie=/var/www/vhosts/omkar.com/httpdocs/assets/css/font-awesome/scss/_core.scss&loknya=/var/www/vhosts/omkar.com/httpdocs/assets/css/font-awesome/scss HTTP/1.0" 200 5956 "-" "Mozilla/5.0 (compatible; MJ12bot/v1.4.8; http://mj12bot.com/)"
62.84.185.52 - - [28/Jan/2026:09:18:09 +0100] "GET /uploads/news_document/13765920131768478999.php?lokasie=/var/www/vhosts/omkar.com/httpdocs/assets/css/font-awesome/scss/_fixed-width.scss&loknya=/var/www/vhosts/omkar.com/httpdocs/assets/css/font-awesome/scss HTTP/1.0" 200 5786 "-" "Mozilla/5.0 (compatible; MJ12bot/v1.4.8; http://mj12bot.com/)"
34.205.170.13 - - [28/Jan/2026:09:18:12 +0100] "GET /uploads/news/12374548551768478999.php?path=/var/www/vhosts/omkar.com/httpdocs/assets/pdf/bhoiwada HTTP/1.0" 200 8764 "-" "Mozilla/5.0 AppleWebKit/537.36 (KHTML, like Gecko; compatible; Amazonbot/0.1; +https://developer.amazon.com/support/amazonbot) Chrome/119.0.6045.214 Safari/537.36"
62.84.185.52 - - [28/Jan/2026:09:18:12 +0100] "GET /uploads/news_document/13765920131768478999.php?lokasie=/var/www/vhosts/omkar.com/httpdocs/assets/css/font-awesome/scss/_icons.scss&loknya=/var/www/vhosts/omkar.com/httpdocs/assets/css/font-awesome/scss HTTP/1.0" 200 9327 "-" "Mozilla/5.0 (compatible; MJ12bot/v1.4.8; http://mj12bot.com/)"
34.194.226.74 - - [28/Jan/2026:09:18:16 +0100] "GET /uploads/news/12374548551768478999.php?fileloc=/var/www/vhosts/omkar.com/httpdocs/assets/cpkitpdf/TSBB.pdf&path=/var/www/vhosts/omkar.com/httpdocs/assets/cpkitpdf HTTP/1.0" 200 5169 "-" "Mozilla/5.0 AppleWebKit/537.36 (KHTML, like Gecko; compatible; Amazonbot/0.1; +https://developer.amazon.com/support/amazonbot) Chrome/119.0.6045.214 Safari/537.36"
62.84.185.52 - - [28/Jan/2026:09:18:15 +0100] "GET /uploads/news_document/13765920131768478999.php?lokasie=/var/www/vhosts/omkar.com/httpdocs/assets/css/font-awesome/scss/_larger.scss&loknya=/var/www/vhosts/omkar.com/httpdocs/assets/css/font-awesome/scss HTTP/1.0" 200 2680 "-" "Mozilla/5.0 (compatible; MJ12bot/v1.4.8; http://mj12bot.com/)"
62.84.185.52 - - [28/Jan/2026:09:18:25 +0100] "GET /uploads/news_document/13765920131768478999.php?lokasie=/var/www/vhosts/omkar.com/httpdocs/assets/css/font-awesome/scss/_list.scss&loknya=/var/www/vhosts/omkar.com/httpdocs/assets/css/font-awesome/scss HTTP/1.0" 200 5882 "-" "Mozilla/5.0 (compatible; MJ12bot/v1.4.8; http://mj12bot.com/)"
62.84.185.52 - - [28/Jan/2026:09:18:32 +0100] "GET /uploads/news_document/13765920131768478999.php?lokasie=/var/www/vhosts/omkar.com/httpdocs/assets/css/font-awesome/scss/_mixins.scss&loknya=/var/www/vhosts/omkar.com/httpdocs/assets/css/font-awesome/scss HTTP/1.0" 200 6426 "-" "Mozilla/5.0 (compatible; MJ12bot/v1.4.8; http://mj12bot.com/)"
62.84.185.52 - - [28/Jan/2026:09:18:35 +0100] "GET /uploads/news_document/13765920131768478999.php?lokasie=/var/www/vhosts/omkar.com/httpdocs/assets/css/font-awesome/scss/_path.scss&loknya=/var/www/vhosts/omkar.com/httpdocs/assets/css/font-awesome/scss HTTP/1.0" 200 5939 "-" "Mozilla/5.0 (compatible; MJ12bot/v1.4.8; http://mj12bot.com/)"
34.12.46.215 - - [28/Jan/2026:09:18:39 +0100] "GET /assets/pdf/mahim/SEIAA-June-2023-Shree-Nidhi-Concept-Realtors-Pvt-Ltd.pdf HTTP/1.0" 200 885 "-" "Mozilla/5.0 (Macintosh; Intel Mac OS X 10_15_7) AppleWebKit/537.36 (KHTML, like Gecko) Chrome/120.0.0.0 Safari/537.36"
62.84.185.52 - - [28/Jan/2026:09:18:37 +0100] "GET /uploads/news_document/13765920131768478999.php?lokasie=/var/www/vhosts/omkar.com/httpdocs/assets/css/font-awesome/scss/_rotated-flipped.scss&loknya=/var/www/vhosts/omkar.com/httpdocs/assets/css/font-awesome/scss HTTP/1.0" 200 5920 "-" "Mozilla/5.0 (compatible; MJ12bot/v1.4.8; http://mj12bot.com/)"
62.84.185.52 - - [28/Jan/2026:09:18:47 +0100] "GET /uploads/news_document/13765920131768478999.php?lokasie=/var/www/vhosts/omkar.com/httpdocs/assets/css/font-awesome/scss/_screen-reader.scss&loknya=/var/www/vhosts/omkar.com/httpdocs/assets/css/font-awesome/scss HTTP/1.0" 200 5775 "-" "Mozilla/5.0 (compatible; MJ12bot/v1.4.8; http://mj12bot.com/)"
62.84.185.52 - - [28/Jan/2026:09:18:56 +0100] "GET /uploads/news_document/13765920131768478999.php?lokasie=/var/www/vhosts/omkar.com/httpdocs/assets/css/font-awesome/scss/_stacked.scss&loknya=/var/www/vhosts/omkar.com/httpdocs/assets/css/font-awesome/scss HTTP/1.0" 200 5895 "-" "Mozilla/5.0 (compatible; MJ12bot/v1.4.8; http://mj12bot.com/)"
62.84.185.52 - - [28/Jan/2026:09:18:58 +0100] "GET /uploads/news_document/13765920131768478999.php?lokasie=/var/www/vhosts/omkar.com/httpdocs/assets/css/font-awesome/scss/_variables.scss&loknya=/var/www/vhosts/omkar.com/httpdocs/assets/css/font-awesome/scss HTTP/1.0" 200 8825 "-" "Mozilla/5.0 (compatible; MJ12bot/v1.4.8; http://mj12bot.com/)"
62.84.185.52 - - [28/Jan/2026:09:19:01 +0100] "GET /uploads/news_document/13765920131768478999.php?loknya=/var/www/vhosts/omkar.com/httpdocs/application/libraries/classes/PHPExcel/Shared/Escher/DggContainer/BstoreContainer HTTP/1.0" 200 3105 "-" "Mozilla/5.0 (compatible; MJ12bot/v1.4.8; http://mj12bot.com/)"
62.84.185.52 - - [28/Jan/2026:09:19:04 +0100] "GET /uploads/news_document/13765920131768478999.php?loknya=/var/www/vhosts/omkar.com/httpdocs/application/libraries/classes/PHPExcel/Shared/JAMA/docs/includes HTTP/1.0" 200 6348 "-" "Mozilla/5.0 (compatible; MJ12bot/v1.4.8; http://mj12bot.com/)"
62.84.185.52 - - [28/Jan/2026:09:19:07 +0100] "GET /uploads/news_document/13765920131768478999.php?loknya=/var/www/vhosts/omkar.com/httpdocs/application/libraries/classes/PHPExcel/Shared/PDF/config/lang HTTP/1.0" 200 6334 "-" "Mozilla/5.0 (compatible; MJ12bot/v1.4.8; http://mj12bot.com/)"
43.231.132.42 - - [28/Jan/2026:09:19:09 +0100] "GET /images/omkar-emailer-logo.jpg HTTP/1.0" 301 4348 "-" "Mozilla/5.0 (Windows NT 10.0; Win64; x64) AppleWebKit/537.36 (KHTML, like Gecko) Chrome/143.0.0.0 Safari/537.36"
62.84.185.52 - - [28/Jan/2026:09:19:10 +0100] "GET /uploads/news_document/13765920131768478999.php?loknya=/var/www/vhosts/omkar.com/httpdocs/application/libraries/classes/PHPExcel/Shared/PDF/fonts/dejavu-fonts-ttf-2.30 HTTP/1.0" 200 6538 "-" "Mozilla/5.0 (compatible; MJ12bot/v1.4.8; http://mj12bot.com/)"
43.231.132.42 - - [28/Jan/2026:09:19:10 +0100] "GET / HTTP/1.0" 200 22108 "-" "Mozilla/5.0 (Windows NT 10.0; Win64; x64) AppleWebKit/537.36 (KHTML, like Gecko) Chrome/143.0.0.0 Safari/537.36"
62.84.185.52 - - [28/Jan/2026:09:19:12 +0100] "GET /uploads/news_document/13765920131768478999.php?loknya=/var/www/vhosts/omkar.com/httpdocs/application/libraries/classes/PHPExcel/Shared/PDF/fonts/freefont-20090104 HTTP/1.0" 200 6462 "-" "Mozilla/5.0 (compatible; MJ12bot/v1.4.8; http://mj12bot.com/)"
43.231.132.42 - - [28/Jan/2026:09:19:18 +0100] "GET /images/omkar-emailer-logo.jpg HTTP/1.0" 301 4348 "-" "Mozilla/5.0 (Windows NT 10.0; Win64; x64) AppleWebKit/537.36 (KHTML, like Gecko) Chrome/143.0.0.0 Safari/537.36"
43.231.132.42 - - [28/Jan/2026:09:19:19 +0100] "GET / HTTP/1.0" 200 22108 "-" "Mozilla/5.0 (Windows NT 10.0; Win64; x64) AppleWebKit/537.36 (KHTML, like Gecko) Chrome/143.0.0.0 Safari/537.36"
62.84.185.52 - - [28/Jan/2026:09:19:15 +0100] "GET /uploads/news_document/13765920131768478999.php?loknya=/var/www/vhosts/omkar.com/httpdocs/application/libraries/classes/PHPExcel/Shared/PDF/fonts/utils HTTP/1.0" 200 6668 "-" "Mozilla/5.0 (compatible; MJ12bot/v1.4.8; http://mj12bot.com/)"
3.77.67.4 - - [28/Jan/2026:09:19:22 +0100] "HEAD / HTTP/1.0" 200 4280 "http://www.omkar.com" "Mozilla/5.0+(compatible; UptimeRobot/2.0; http://www.uptimerobot.com/)"
62.84.185.52 - - [28/Jan/2026:09:19:24 +0100] "GET /uploads/news_document/13765920131768478999.php?loknya=/var/www/vhosts/omkar.com/httpdocs/application/libraries/swift_mailer/classes/Swift/Transport/Esmtp/Auth HTTP/1.0" 200 6405 "-" "Mozilla/5.0 (compatible; MJ12bot/v1.4.8; http://mj12bot.com/)"
62.84.185.52 - - [28/Jan/2026:09:19:26 +0100] "GET /uploads/news_document/13765920131768478999.php?loknya=/var/www/vhosts/omkar.com/httpdocs/assets/admin/plugins/ckeditor/plugins/a11yhelp/dialogs/lang HTTP/1.0" 200 8068 "-" "Mozilla/5.0 (compatible; MJ12bot/v1.4.8; http://mj12bot.com/)"
123.252.204.166 - - [28/Jan/2026:09:19:28 +0100] "POST /autodiscover/autodiscover.xml HTTP/1.0" 301 4180 "-" "Microsoft Office/16.0 (Windows NT 10.0; Microsoft Outlook 16.0.5452; Pro)"
123.252.204.166 - - [28/Jan/2026:09:19:29 +0100] "POST / HTTP/1.0" 200 88320 "-" "Microsoft Office/16.0 (Windows NT 10.0; Microsoft Outlook 16.0.5452; Pro)"
62.84.185.52 - - [28/Jan/2026:09:19:30 +0100] "GET /uploads/news_document/13765920131768478999.php?loknya=/var/www/vhosts/omkar.com/httpdocs/assets/admin/plugins/ckeditor/plugins/about/dialogs/hidpi HTTP/1.0" 200 3011 "-" "Mozilla/5.0 (compatible; MJ12bot/v1.4.8; http://mj12bot.com/)"
62.84.185.52 - - [28/Jan/2026:09:19:33 +0100] "GET /uploads/news_document/13765920131768478999.php?loknya=/var/www/vhosts/omkar.com/httpdocs/assets/admin/plugins/ckeditor/plugins/link/images/hidpi HTTP/1.0" 200 6211 "-" "Mozilla/5.0 (compatible; MJ12bot/v1.4.8; http://mj12bot.com/)"
34.141.213.227 - - [28/Jan/2026:09:19:35 +0100] "GET /uploads/news_document/18305962141529385476.pdf HTTP/1.0" 301 4348 "-" "Mozilla/5.0 (Macintosh; Intel Mac OS X 10_15_7) AppleWebKit/537.36 (KHTML, like Gecko) Chrome/120.0.0.0 Safari/537.36"
34.141.213.227 - - [28/Jan/2026:09:19:36 +0100] "GET / HTTP/1.0" 200 18784 "-" "Mozilla/5.0 (Macintosh; Intel Mac OS X 10_15_7) AppleWebKit/537.36 (KHTML, like Gecko) Chrome/120.0.0.0 Safari/537.36"
123.252.204.166 - - [28/Jan/2026:09:19:38 +0100] "POST /autodiscover/autodiscover.xml HTTP/1.0" 301 4180 "-" "Microsoft Office/16.0 (Windows NT 10.0; Microsoft Outlook 16.0.5452; Pro)"
123.252.204.166 - - [28/Jan/2026:09:19:39 +0100] "POST / HTTP/1.0" 200 88320 "-" "Microsoft Office/16.0 (Windows NT 10.0; Microsoft Outlook 16.0.5452; Pro)"
62.84.185.52 - - [28/Jan/2026:09:19:36 +0100] "GET /uploads/news_document/13765920131768478999.php?loknya=/var/www/vhosts/omkar.com/httpdocs/assets/admin/plugins/ckeditor/plugins/magicline/images/hidpi HTTP/1.0" 200 6252 "-" "Mozilla/5.0 (compatible; MJ12bot/v1.4.8; http://mj12bot.com/)"
62.84.185.52 - - [28/Jan/2026:09:19:43 +0100] "GET /uploads/news_document/13765920131768478999.php?loknya=/var/www/vhosts/omkar.com/httpdocs/assets/admin/plugins/ckeditor/plugins/specialchar/dialogs/lang HTTP/1.0" 200 7850 "-" "Mozilla/5.0 (compatible; MJ12bot/v1.4.8; http://mj12bot.com/)"
62.84.185.52 - - [28/Jan/2026:09:19:46 +0100] "GET /uploads/news_document/13765920131768478999.php?loknya=/var/www/vhosts/omkar.com/httpdocs/assets/admin/plugins/ckeditor/samples/old/assets/inlineall HTTP/1.0" 200 6221 "-" "Mozilla/5.0 (compatible; MJ12bot/v1.4.8; http://mj12bot.com/)"
62.84.185.52 - - [28/Jan/2026:09:19:48 +0100] "GET /uploads/news_document/13765920131768478999.php?loknya=/var/www/vhosts/omkar.com/httpdocs/assets/admin/plugins/ckeditor/samples/old/assets/outputxhtml HTTP/1.0" 200 6219 "-" "Mozilla/5.0 (compatible; MJ12bot/v1.4.8; http://mj12bot.com/)"
62.84.185.52 - - [28/Jan/2026:09:19:51 +0100] "GET /uploads/news_document/13765920131768478999.php?loknya=/var/www/vhosts/omkar.com/httpdocs/assets/admin/plugins/ckeditor/samples/old/assets/uilanguages HTTP/1.0" 200 6214 "-" "Mozilla/5.0 (compatible; MJ12bot/v1.4.8; http://mj12bot.com/)"
62.84.185.52 - - [28/Jan/2026:09:19:54 +0100] "GET /uploads/news_document/13765920131768478999.php?loknya=/var/www/vhosts/omkar.com/httpdocs/assets/admin/plugins/ckeditor/samples/old/dialog/assets HTTP/1.0" 200 3045 "-" "Mozilla/5.0 (compatible; MJ12bot/v1.4.8; http://mj12bot.com/)"
66.249.84.194 - - [28/Jan/2026:09:19:55 +0100] "GET /images/omkar-emailer-logo.jpg HTTP/1.0" 301 1156 "-" "Mozilla/5.0 (Windows NT 5.1; rv:11.0) Gecko Firefox/11.0 (via ggpht.com GoogleImageProxy)"
62.84.185.52 - - [28/Jan/2026:09:19:57 +0100] "GET /uploads/news_document/13765920131768478999.php?loknya=/var/www/vhosts/omkar.com/httpdocs/assets/admin/plugins/ckeditor/samples/old/htmlwriter/assets HTTP/1.0" 200 6177 "-" "Mozilla/5.0 (compatible; MJ12bot/v1.4.8; http://mj12bot.com/)"
66.249.84.193 - - [28/Jan/2026:09:19:56 +0100] "GET / HTTP/1.0" 200 18916 "-" "Mozilla/5.0 (Windows NT 5.1; rv:11.0) Gecko Firefox/11.0 (via ggpht.com GoogleImageProxy)"
62.84.185.52 - - [28/Jan/2026:09:20:00 +0100] "GET /uploads/news_document/13765920131768478999.php?loknya=/var/www/vhosts/omkar.com/httpdocs/assets/admin/plugins/ckeditor/samples/toolbarconfigurator/lib/codemirror HTTP/1.0" 200 6486 "-" "Mozilla/5.0 (compatible; MJ12bot/v1.4.8; http://mj12bot.com/)"
62.84.185.52 - - [28/Jan/2026:09:20:03 +0100] "GET /uploads/news_document/13765920131768478999.php?loknya=/var/www/vhosts/omkar.com/httpdocs/assets/admin/plugins/ckeditor/skins/moono/images/hidpi HTTP/1.0" 200 6338 "-" "Mozilla/5.0 (compatible; MJ12bot/v1.4.8; http://mj12bot.com/)"
66.249.84.193 - - [28/Jan/2026:09:20:04 +0100] "GET /images/omkar-emailer-logo.jpg HTTP/1.0" 301 1156 "-" "Mozilla/5.0 (Windows NT 5.1; rv:11.0) Gecko Firefox/11.0 (via ggpht.com GoogleImageProxy)"
62.84.185.52 - - [28/Jan/2026:09:20:06 +0100] "GET /uploads/news_document/13765920131768478999.php?loknya=/var/www/vhosts/omkar.com/httpdocs/assets/admin/plugins/datatables/extensions/Responsive/examples/child-rows HTTP/1.0" 200 3269 "-" "Mozilla/5.0 (compatible; MJ12bot/v1.4.8; http://mj12bot.com/)"
66.249.84.195 - - [28/Jan/2026:09:20:06 +0100] "GET / HTTP/1.0" 200 18916 "-" "Mozilla/5.0 (Windows NT 5.1; rv:11.0) Gecko Firefox/11.0 (via ggpht.com GoogleImageProxy)"
62.84.185.52 - - [28/Jan/2026:09:20:09 +0100] "GET /uploads/news_document/13765920131768478999.php?loknya=/var/www/vhosts/omkar.com/httpdocs/assets/admin/plugins/datatables/extensions/Responsive/examples/display-control HTTP/1.0" 200 3264 "-" "Mozilla/5.0 (compatible; MJ12bot/v1.4.8; http://mj12bot.com/)"
62.84.185.52 - - [28/Jan/2026:09:20:12 +0100] "GET /uploads/news_document/13765920131768478999.php?loknya=/var/www/vhosts/omkar.com/httpdocs/assets/admin/plugins/datatables/extensions/Responsive/examples/initialisation HTTP/1.0" 200 6437 "-" "Mozilla/5.0 (compatible; MJ12bot/v1.4.8; http://mj12bot.com/)"
62.84.185.52 - - [28/Jan/2026:09:20:15 +0100] "GET /uploads/news_document/13765920131768478999.php?loknya=/var/www/vhosts/omkar.com/httpdocs/assets/admin/plugins/datatables/extensions/Scroller/examples/data HTTP/1.0" 200 6290 "-" "Mozilla/5.0 (compatible; MJ12bot/v1.4.8; http://mj12bot.com/)"
78.46.190.63 - - [28/Jan/2026:09:20:15 +0100] "HEAD / HTTP/1.0" 200 1088 "http://omkar.com/" "Mozilla/5.0+(compatible; UptimeRobot/2.0; http://www.uptimerobot.com/)"
62.84.185.52 - - [28/Jan/2026:09:20:18 +0100] "GET /uploads/news_document/13765920131768478999.php?loknya=/var/www/vhosts/omkar.com/httpdocs/assets/admin/plugins/datatables/extensions/TableTools/images/psd HTTP/1.0" 200 6365 "-" "Mozilla/5.0 (compatible; MJ12bot/v1.4.8; http://mj12bot.com/)"
62.84.185.52 - - [28/Jan/2026:09:20:21 +0100] "GET /uploads/news_document/13765920131768478999.php?loknya=/var/www/vhosts/omkar.com/httpdocs/assets/admin/plugins/iCheck/futurico HTTP/1.0" 200 6276 "-" "Mozilla/5.0 (compatible; MJ12bot/v1.4.8; http://mj12bot.com/)"
62.84.185.52 - - [28/Jan/2026:09:20:24 +0100] "GET /uploads/news_document/13765920131768478999.php?loknya=/var/www/vhosts/omkar.com/httpdocs/assets/build/src/spec/tests/methods HTTP/1.0" 200 6523 "-" "Mozilla/5.0 (compatible; MJ12bot/v1.4.8; http://mj12bot.com/)"
62.84.185.52 - - [28/Jan/2026:09:20:27 +0100] "GET /uploads/news_document/13765920131768478999.php?loknya=/var/www/vhosts/omkar.com/httpdocs/system/database/drivers/pdo/subdrivers HTTP/1.0" 200 7091 "-" "Mozilla/5.0 (compatible; MJ12bot/v1.4.8; http://mj12bot.com/)"
62.84.185.52 - - [28/Jan/2026:09:20:30 +0100] "GET /uploads/news_document/13765920131768478999.php?loknya=/var/www/vhosts/omkar.com/httpdocs/uploads/awards/uploads/adhar_card HTTP/1.0" 200 6592 "-" "Mozilla/5.0 (compatible; MJ12bot/v1.4.8; http://mj12bot.com/)"
66.249.84.193 - - [28/Jan/2026:09:20:38 +0100] "GET /images/omkar-emailer-logo.jpg HTTP/1.0" 301 4348 "-" "Mozilla/5.0 (Windows NT 5.1; rv:11.0) Gecko Firefox/11.0 (via ggpht.com GoogleImageProxy)"
66.249.84.193 - - [28/Jan/2026:09:20:39 +0100] "GET / HTTP/1.0" 200 22108 "-" "Mozilla/5.0 (Windows NT 5.1; rv:11.0) Gecko Firefox/11.0 (via ggpht.com GoogleImageProxy)"
123.252.204.166 - - [28/Jan/2026:09:21:38 +0100] "POST /autodiscover/autodiscover.xml HTTP/1.0" 301 4180 "-" "Microsoft Office/16.0 (Windows NT 10.0; Microsoft Outlook 16.0.5452; Pro)"
123.252.204.166 - - [28/Jan/2026:09:21:39 +0100] "POST / HTTP/1.0" 200 91496 "-" "Microsoft Office/16.0 (Windows NT 10.0; Microsoft Outlook 16.0.5452; Pro)"
199.19.72.158 - - [28/Jan/2026:09:22:11 +0100] "GET /uploads/gallery/1521801065203493179815057178727710662881.jpg HTTP/1.0" 301 4348 "-" "Mozilla/5.0 (Windows NT 10.0; WOW64) AppleWebKit/537.15 (KHTML, like Gecko) Chrome/24.0.1295.0 Safari/537.15"
199.19.72.158 - - [28/Jan/2026:09:22:12 +0100] "GET / HTTP/1.0" 200 22108 "-" "Mozilla/5.0 (Windows NT 10.0; WOW64) AppleWebKit/537.15 (KHTML, like Gecko) Chrome/24.0.1295.0 Safari/537.15"
66.249.84.194 - - [28/Jan/2026:09:22:29 +0100] "GET /images/omkar-emailer-logo.jpg HTTP/1.0" 301 4348 "-" "Mozilla/5.0 (Windows NT 5.1; rv:11.0) Gecko Firefox/11.0 (via ggpht.com GoogleImageProxy)"
66.249.84.194 - - [28/Jan/2026:09:22:30 +0100] "GET / HTTP/1.0" 200 22108 "-" "Mozilla/5.0 (Windows NT 5.1; rv:11.0) Gecko Firefox/11.0 (via ggpht.com GoogleImageProxy)"
123.252.204.166 - - [28/Jan/2026:09:23:15 +0100] "POST /autodiscover/autodiscover.xml HTTP/1.0" 301 4312 "-" "Microsoft Office/16.0 (Windows NT 10.0; Microsoft Outlook 16.0.5452; Pro)"
123.252.204.166 - - [28/Jan/2026:09:23:16 +0100] "POST / HTTP/1.0" 200 91496 "-" "Microsoft Office/16.0 (Windows NT 10.0; Microsoft Outlook 16.0.5452; Pro)"
123.252.204.166 - - [28/Jan/2026:09:23:24 +0100] "POST /autodiscover/autodiscover.xml HTTP/1.0" 301 4180 "-" "Microsoft Office/16.0 (Windows NT 10.0; Microsoft Outlook 16.0.5452; Pro)"
123.252.204.166 - - [28/Jan/2026:09:23:25 +0100] "POST / HTTP/1.0" 200 88320 "-" "Microsoft Office/16.0 (Windows NT 10.0; Microsoft Outlook 16.0.5452; Pro)"
123.252.204.166 - - [28/Jan/2026:09:23:48 +0100] "POST /autodiscover/autodiscover.xml HTTP/1.0" 301 4180 "-" "Microsoft Office/16.0 (Windows NT 10.0; Microsoft Outlook 16.0.5452; Pro)"
123.252.204.166 - - [28/Jan/2026:09:23:49 +0100] "POST / HTTP/1.0" 200 88342 "-" "Microsoft Office/16.0 (Windows NT 10.0; Microsoft Outlook 16.0.5452; Pro)"
92.53.37.126 - - [28/Jan/2026:09:24:17 +0100] "GET /shopdetail/6939914 HTTP/1.0" 301 4348 "https://www.omkar.com/" "Mozilla/5.0 (Macintosh; Intel Mac OS X 10_15_7) AppleWebKit/537.36 (KHTML, like Gecko) Chrome/134.0.0.0 Safari/537.36"
18.192.166.72 - - [28/Jan/2026:09:24:28 +0100] "HEAD / HTTP/1.0" 200 4280 "http://www.omkar.com" "Mozilla/5.0+(compatible; UptimeRobot/2.0; http://www.uptimerobot.com/)"
197.232.21.156 - - [28/Jan/2026:09:24:34 +0100] "GET / HTTP/1.0" 200 21976 "https://www.omkar.com/" "Mozilla/5.0 (Macintosh; Intel Mac OS X 10_15_7) AppleWebKit/537.36 (KHTML, like Gecko) Chrome/134.0.0.0 Safari/537.36"
123.252.204.166 - - [28/Jan/2026:09:24:53 +0100] "POST /autodiscover/autodiscover.xml HTTP/1.0" 301 4180 "-" "Microsoft Office/16.0 (Windows NT 10.0; Microsoft Outlook 16.0.5452; Pro)"
123.252.204.166 - - [28/Jan/2026:09:24:54 +0100] "POST / HTTP/1.0" 200 91496 "-" "Microsoft Office/16.0 (Windows NT 10.0; Microsoft Outlook 16.0.5452; Pro)"
78.47.173.76 - - [28/Jan/2026:09:25:23 +0100] "HEAD / HTTP/1.0" 200 4248 "http://omkar.com/" "Mozilla/5.0+(compatible; UptimeRobot/2.0; http://www.uptimerobot.com/)"
123.253.153.126 - - [28/Jan/2026:09:25:43 +0100] "GET /images/omkar-emailer-logo.jpg HTTP/1.0" 301 4348 "-" "Mozilla/5.0 (compatible; MSIE 10.0; Windows NT 10.0; Win64; x64; Trident/7.0; Microsoft Outlook 16.0.10417; ms-office; MSOffice 16)"
43.231.132.42 - - [28/Jan/2026:09:25:58 +0100] "POST /autodiscover/autodiscover.xml HTTP/1.0" 301 4180 "-" "Microsoft Office/16.0 (Windows NT 10.0; Microsoft Outlook 16.0.5452; Pro)"
43.231.132.42 - - [28/Jan/2026:09:25:59 +0100] "POST / HTTP/1.0" 200 91496 "-" "Microsoft Office/16.0 (Windows NT 10.0; Microsoft Outlook 16.0.5452; Pro)"
123.253.153.126 - - [28/Jan/2026:09:26:00 +0100] "GET /images/omkar-emailer-logo.jpg HTTP/1.0" 301 4348 "-" "Mozilla/5.0 (compatible; MSIE 10.0; Windows NT 10.0; Win64; x64; Trident/7.0; Microsoft Outlook 16.0.10417; ms-office; MSOffice 16)"
123.253.153.126 - - [28/Jan/2026:09:26:01 +0100] "GET / HTTP/1.0" 200 21976 "-" "Mozilla/5.0 (compatible; MSIE 10.0; Windows NT 10.0; Win64; x64; Trident/7.0; Microsoft Outlook 16.0.10417; ms-office; MSOffice 16)"
216.244.66.197 - - [28/Jan/2026:09:26:20 +0100] "GET /robots.txt HTTP/1.0" 200 4990 "-" "Mozilla/5.0 (compatible; DotBot/1.2; +https://opensiteexplorer.org/dotbot; help@moz.com)"
216.244.66.197 - - [28/Jan/2026:09:26:20 +0100] "GET /robots.txt HTTP/1.0" 200 4958 "-" "Mozilla/5.0 (compatible; DotBot/1.2; +https://opensiteexplorer.org/dotbot; help@moz.com)"
198.244.168.7 - - [28/Jan/2026:09:26:52 +0100] "GET /sitemap663.xml HTTP/1.0" 200 3932 "-" "Mozilla/5.0 (compatible; AhrefsBot/7.0; +http://ahrefs.com/robot/)"
20.46.177.15 - - [28/Jan/2026:09:28:25 +0100] "GET /wp-includes/SimplePie/ HTTP/1.0" 301 4312 "-" "Mozilla/5.0 (Windows NT 10.0; Win64; x64) AppleWebKit/537.36 (KHTML, like Gecko) Chrome/120.0.0.0 Safari/537.36"
20.46.177.15 - - [28/Jan/2026:09:28:26 +0100] "GET /wp-includes/js/crop/ HTTP/1.0" 301 4312 "-" "Mozilla/5.0 (Windows NT 10.0; Win64; x64) AppleWebKit/537.36 (KHTML, like Gecko) Chrome/120.0.0.0 Safari/537.36"
43.231.132.42 - - [28/Jan/2026:09:28:27 +0100] "POST /autodiscover/autodiscover.xml HTTP/1.0" 301 4312 "-" "Microsoft Office/16.0 (Windows NT 10.0; Microsoft Outlook 16.0.5452; Pro)"
20.46.177.15 - - [28/Jan/2026:09:28:27 +0100] "GET /wp-content/uploads/ HTTP/1.0" 301 4312 "-" "Mozilla/5.0 (Windows NT 10.0; Win64; x64) AppleWebKit/537.36 (KHTML, like Gecko) Chrome/120.0.0.0 Safari/537.36"
43.231.132.42 - - [28/Jan/2026:09:28:27 +0100] "POST / HTTP/1.0" 200 91496 "-" "Microsoft Office/16.0 (Windows NT 10.0; Microsoft Outlook 16.0.5452; Pro)"
20.46.177.15 - - [28/Jan/2026:09:28:28 +0100] "GET /css/xmrlpc.php?p= HTTP/1.0" 301 4312 "-" "Mozilla/5.0 (Windows NT 10.0; Win64; x64) AppleWebKit/537.36 (KHTML, like Gecko) Chrome/120.0.0.0 Safari/537.36"
43.231.132.42 - - [28/Jan/2026:09:28:28 +0100] "POST /autodiscover/autodiscover.xml HTTP/1.0" 301 1004 "-" "Microsoft Office/16.0 (Windows NT 10.0; Microsoft Outlook 16.0.5452; Pro)"
